--
-- Host: localhost    Database: cartonmi_seagull
-- ------------------------------------------------------


--
-- Table structure for table `web_article`
--

CREATE TABLE `web_article` (
  `article_id` int(11) NOT NULL DEFAULT '0',
  `article_type_id` int(2) NOT NULL DEFAULT '0',
  `date_start` int(11) NOT NULL DEFAULT '0',
  `date_end` int(11) NOT NULL DEFAULT '0',
  `article_icon` varchar(255) NOT NULL DEFAULT '',
  `skip_default_lang` smallint(1) NOT NULL DEFAULT '0',
  `publish` smallint(1) NOT NULL DEFAULT '0',
  `never_expired` smallint(1) NOT NULL DEFAULT '0',
  `user_id` int(11) NOT NULL DEFAULT '0',
  PRIMARY KEY (`article_id`)
) ENGINE=MyISAM DEFAULT CHARSET=utf8;

--
-- Dumping data for table `web_article`
--

INSERT INTO `web_article` (`article_id`, `article_type_id`, `date_start`, `date_end`, `article_icon`, `skip_default_lang`, `publish`, `never_expired`, `user_id`) VALUES (4,1,1227092400,1229684400,'',0,1,1,1),(9,2,1247647608,1250239608,'',0,1,1,1),(6,2,1228107420,1230699420,'',0,1,1,1),(7,2,1228107660,1230699660,'',0,1,1,1),(8,2,1231298760,1233890760,'',0,1,1,1),(10,2,1247649001,1250241001,'',0,1,1,1);

--
-- Table structure for table `web_article_images`
--

CREATE TABLE `web_article_images` (
  `image_id` int(11) NOT NULL DEFAULT '0',
  `article_id` int(11) NOT NULL DEFAULT '0',
  `image_name` varchar(255) NOT NULL DEFAULT '',
  `image_path` varchar(255) NOT NULL DEFAULT '',
  `oldfilename` varchar(255) NOT NULL DEFAULT '',
  PRIMARY KEY (`image_id`)
) ENGINE=MyISAM DEFAULT CHARSET=utf8;

--
-- Dumping data for table `web_article_images`
--

INSERT INTO `web_article_images` (`image_id`, `article_id`, `image_name`, `image_path`, `oldfilename`) VALUES (23,6,'fa6fe4feb7be920b9563aa8dd8adb523.jpg','images/Image/','9.jpg'),(22,6,'0723b067d48bdbfbeda2174ae37aaaa8.jpg','images/Image/','7.jpg'),(21,6,'c8fefad5d6f89805c6a83dc357d0fe8a.jpg','images/Image/','6.jpg'),(12,6,'6009965717528bc528d3a842637ca073.jpg','images/Image/','4.jpg'),(13,6,'84cd89d54e21f9ba4636448552418742.jpg','images/Image/','3.jpg'),(14,6,'15d75a9dc340be4b6fe1fd9477b8bba8.jpg','images/Image/','5.jpg'),(15,6,'d5ae5018a80a312f549e7ea1a084537d.jpg','images/Image/','2 copy.jpg'),(16,6,'3b8f1f2e872376d6f885834091ab112e.jpg','images/Image/','1.jpg'),(17,7,'775fa20efc1d69bf9ec8cf1ead190019.jpg','images/Image/','1.jpg'),(18,7,'3977b9749d50c8beee43432e3d149d73.jpg','images/Image/','2.jpg'),(19,7,'21fce3eac58f54fbcae094e2f059bef3.jpg','images/Image/','4.jpg'),(20,7,'dca0b1bc390edd59a5402eea1dd73420.jpg','images/Image/','5.jpg'),(24,8,'081284588805dd94685740ac7bd5edc9.jpg','images/Image/','TECHCO.jpg'),(25,8,'c836bc6cfe8e4391c0a57ceff2a2d4cf.jpg','images/Image/','LONGSHINE.jpg'),(26,9,'1db838080e76e4f78c764cc3d6ef7c92.jpg','images/Image/','1.jpg'),(27,9,'2f225f2a57f19c024171d2c9472a0115.jpg','images/Image/','2.jpg'),(28,10,'7fbf7711bb01348d304c2b1ab0712e92.jpg','images/Image/','1.jpg'),(29,10,'0873f51ac6f7ee49fbf58828b43ccf7f.jpg','images/Image/','3.jpg'),(30,10,'6edd264d83512945c8fee8c91a656f17.jpg','images/Image/','4.jpg'),(31,10,'8ec82604be6cd96c48cbd864ba4e85d0.jpg','images/Image/','5.jpg'),(32,10,'6fade2c8c2dda34daffafe36e177c4da.jpg','images/Image/','6.jpg');

--
-- Table structure for table `web_article_images_seq`
--

CREATE TABLE `web_article_images_seq` (
  `id` int(10) unsigned NOT NULL AUTO_INCREMENT,
  PRIMARY KEY (`id`)
) ENGINE=MyISAM AUTO_INCREMENT=33 DEFAULT CHARSET=utf8;

--
-- Dumping data for table `web_article_images_seq`
--

INSERT INTO `web_article_images_seq` (`id`) VALUES (32);

--
-- Table structure for table `web_article_message`
--

CREATE TABLE `web_article_message` (
  `article_message_id` int(11) NOT NULL DEFAULT '0',
  `web_lang_id` int(2) NOT NULL DEFAULT '0',
  `article_id` int(11) NOT NULL DEFAULT '0',
  `title` varchar(255) NOT NULL DEFAULT '',
  `message` mediumtext NOT NULL,
  `extra_field1` varchar(255) DEFAULT NULL,
  `extra_field2` varchar(255) DEFAULT NULL,
  `extra_field3` varchar(255) DEFAULT NULL,
  `extra_field4` varchar(255) DEFAULT NULL,
  `extra_field5` varchar(255) DEFAULT NULL,
  PRIMARY KEY (`article_message_id`)
) ENGINE=MyISAM DEFAULT CHARSET=utf8;

--
-- Dumping data for table `web_article_message`
--

INSERT INTO `web_article_message` (`article_message_id`, `web_lang_id`, `article_id`, `title`, `message`, `extra_field1`, `extra_field2`, `extra_field3`, `extra_field4`, `extra_field5`) VALUES (4,1,4,'SETTING UP YOUR MICROSCOPE','<p>\r\n<meta content=\"text/html; charset=utf-8\" http-equiv=\"Content-Type\">\r\n<meta content=\"Word.Document\" name=\"ProgId\">\r\n<meta content=\"Microsoft Word 11\" name=\"Generator\">\r\n<meta content=\"Microsoft Word 11\" name=\"Originator\"><!--[if gte mso 9]><xml>\r\n<w:WordDocument>\r\n<w:View>Normal</w:View>\r\n<w:Zoom>0</w:Zoom>\r\n<w:PunctuationKerning />\r\n<w:ValidateAgainstSchemas />\r\n<w:SaveIfXMLInvalid>false</w:SaveIfXMLInvalid>\r\n<w:IgnoreMixedContent>false</w:IgnoreMixedContent>\r\n<w:AlwaysShowPlaceholderText>false</w:AlwaysShowPlaceholderText>\r\n<w:Compatibility>\r\n<w:BreakWrappedTables />\r\n<w:SnapToGridInCell />\r\n<w:ApplyBreakingRules />\r\n<w:WrapTextWithPunct />\r\n<w:UseAsianBreakRules />\r\n<w:DontGrowAutofit />\r\n</w:Compatibility>\r\n<w:BrowserLevel>MicrosoftInternetExplorer4</w:BrowserLevel>\r\n</w:WordDocument>\r\n</xml><![endif]--><!--[if gte mso 9]><xml>\r\n<w:LatentStyles DefLockedState=\"false\" LatentStyleCount=\"156\">\r\n</w:LatentStyles>\r\n</xml><![endif]--><style type=\"text/css\">\r\n<!--\r\n /* Font Definitions */\r\n @font-face\r\n	{font-family:\"Angsana New\";\r\n	panose-1:2 2 6 3 5 4 5 2 3 4;\r\n	mso-font-charset:0;\r\n	mso-generic-font-family:roman;\r\n	mso-font-pitch:variable;\r\n	mso-font-signature:16777219 0 0 0 65537 0;}\r\n /* Style Definitions */\r\n p.MsoNormal, li.MsoNormal, div.MsoNormal\r\n	{mso-style-parent:\"\";\r\n	margin:0cm;\r\n	margin-bottom:.0001pt;\r\n	mso-pagination:widow-orphan;\r\n	font-size:12.0pt;\r\n	mso-bidi-font-size:14.0pt;\r\n	font-family:\"Times New Roman\";\r\n	mso-fareast-font-family:\"Times New Roman\";\r\n	mso-bidi-font-family:\"Angsana New\";}\r\n@page Section1\r\n	{size:612.0pt 792.0pt;\r\n	margin:72.0pt 90.0pt 72.0pt 90.0pt;\r\n	mso-header-margin:36.0pt;\r\n	mso-footer-margin:36.0pt;\r\n	mso-paper-source:0;}\r\ndiv.Section1\r\n	{page:Section1;}\r\n-->\r\n</style><!--[if gte mso 10]>\r\n<style>\r\n/* Style Definitions */\r\ntable.MsoNormalTable\r\n{mso-style-name:\"Table Normal\";\r\nmso-tstyle-rowband-size:0;\r\nmso-tstyle-colband-size:0;\r\nmso-style-noshow:yes;\r\nmso-style-parent:\"\";\r\nmso-padding-alt:0cm 5.4pt 0cm 5.4pt;\r\nmso-para-margin:0cm;\r\nmso-para-margin-bottom:.0001pt;\r\nmso-pagination:widow-orphan;\r\nfont-size:10.0pt;\r\nfont-family:\"Times New Roman\";\r\nmso-bidi-font-family:\"Times New Roman\";\r\nmso-ansi-language:#0400;\r\nmso-fareast-language:#0400;\r\nmso-bidi-language:#0400;}\r\n</style>\r\n<![endif]-->                     </meta>\r\n</meta>\r\n</meta>\r\n</meta>\r\n</p>\r\n<p>1. Place the stand on a level, stable surface. The stand is easiest to use when the stand is situated with the stage towards you.</p>\r\n<p>&nbsp;</p>\r\n<p>2. Loosen the body locking thumb screw provided on the side of the body holder, and insert microscope body into the body holder vertically. The body can turn full 3600 inside the holder. This permits observation from any direction. Tighten the thumb screw to fix the body in any position you desire.</p>\r\n<p>&nbsp;</p>\r\n<p>3. Unpack the rubber eye guards and put them onto the eyepieces, being careful not to touch the lenses.The rubber eye guards are common to both the eyepieces.</p>\r\n<p>&nbsp;</p>\r\n<p>4. Place the specimen you want to view in the center of the stage and illuminate it if necessary.</p>\r\n<p>&nbsp;</p>\r\n<p>&nbsp;</p>\r\n<p style=\"text-align: justify;\" class=\"MsoTitle\"><span style=\"font-size: 16pt; font-family: &quot;Cordia New&quot;; color: black; font-weight: normal;\">&nbsp;<o:p></o:p></span></p>','Instruction Manual Model DSZ series',NULL,NULL,NULL,NULL),(6,1,6,'CUSTOMER TRAINING','<p>\r\n<meta http-equiv=\"Content-Type\" content=\"text/html; charset=utf-8\">\r\n<meta name=\"ProgId\" content=\"Word.Document\">\r\n<meta name=\"Generator\" content=\"Microsoft Word 11\">\r\n<meta name=\"Originator\" content=\"Microsoft Word 11\">\r\n<link rel=\"File-List\" href=\"file:///C:\\DOCUME~1\\User\\LOCALS~1\\Temp\\msohtml1\\01\\clip_filelist.xml\" /><!--[if gte mso 9]><xml>\r\n<w:WordDocument>\r\n<w:View>Normal</w:View>\r\n<w:Zoom>0</w:Zoom>\r\n<w:PunctuationKerning />\r\n<w:ValidateAgainstSchemas />\r\n<w:SaveIfXMLInvalid>false</w:SaveIfXMLInvalid>\r\n<w:IgnoreMixedContent>false</w:IgnoreMixedContent>\r\n<w:AlwaysShowPlaceholderText>false</w:AlwaysShowPlaceholderText>\r\n<w:Compatibility>\r\n<w:BreakWrappedTables />\r\n<w:SnapToGridInCell />\r\n<w:ApplyBreakingRules />\r\n<w:WrapTextWithPunct />\r\n<w:UseAsianBreakRules />\r\n<w:DontGrowAutofit />\r\n</w:Compatibility>\r\n<w:BrowserLevel>MicrosoftInternetExplorer4</w:BrowserLevel>\r\n</w:WordDocument>\r\n</xml><![endif]--><!--[if gte mso 9]><xml>\r\n<w:LatentStyles DefLockedState=\"false\" LatentStyleCount=\"156\">\r\n</w:LatentStyles>\r\n</xml><![endif]--><style type=\"text/css\">\r\n<!--\r\n /* Font Definitions */\r\n @font-face\r\n	{font-family:\"Angsana New\";\r\n	panose-1:2 2 6 3 5 4 5 2 3 4;\r\n	mso-font-charset:0;\r\n	mso-generic-font-family:roman;\r\n	mso-font-pitch:variable;\r\n	mso-font-signature:16777219 0 0 0 65537 0;}\r\n /* Style Definitions */\r\n p.MsoNormal, li.MsoNormal, div.MsoNormal\r\n	{mso-style-parent:\"\";\r\n	margin:0cm;\r\n	margin-bottom:.0001pt;\r\n	mso-pagination:widow-orphan;\r\n	font-size:12.0pt;\r\n	mso-bidi-font-size:14.0pt;\r\n	font-family:\"Times New Roman\";\r\n	mso-fareast-font-family:\"Times New Roman\";\r\n	mso-bidi-font-family:\"Angsana New\";}\r\n@page Section1\r\n	{size:595.3pt 841.9pt;\r\n	margin:72.0pt 90.0pt 72.0pt 90.0pt;\r\n	mso-header-margin:35.4pt;\r\n	mso-footer-margin:35.4pt;\r\n	mso-paper-source:0;}\r\ndiv.Section1\r\n	{page:Section1;}\r\n-->\r\n</style><!--[if gte mso 10]>\r\n<style>\r\n/* Style Definitions */\r\ntable.MsoNormalTable\r\n{mso-style-name:\"Table Normal\";\r\nmso-tstyle-rowband-size:0;\r\nmso-tstyle-colband-size:0;\r\nmso-style-noshow:yes;\r\nmso-style-parent:\"\";\r\nmso-padding-alt:0cm 5.4pt 0cm 5.4pt;\r\nmso-para-margin:0cm;\r\nmso-para-margin-bottom:.0001pt;\r\nmso-pagination:widow-orphan;\r\nfont-size:10.0pt;\r\nfont-family:\"Times New Roman\";\r\nmso-bidi-font-family:\"Times New Roman\";\r\nmso-ansi-language:#0400;\r\nmso-fareast-language:#0400;\r\nmso-bidi-language:#0400;}\r\n</style>\r\n<![endif]-->         </meta>\r\n</meta>\r\n</meta>\r\n</meta>\r\n</p>\r\n<p class=\"MsoNormal\">&nbsp;</p>\r\n<p class=\"MsoNormal\">On<span style=\"\">&nbsp; </span>Jun 12-13, 2008</p>\r\n<p class=\"MsoNormal\">&nbsp;</p>\r\n<p class=\"MsoNormal\">Carton settle our training course 2 subject for</p>\r\n<ul>\r\n    <li>&nbsp;</li>\r\n    <li>&nbsp;&nbsp;&nbsp;&nbsp; Photomicrography</li>\r\n    <li>&nbsp;&nbsp;&nbsp;&nbsp; Maintenance of microscope</li>\r\n    <li>&nbsp;</li>\r\n</ul>\r\n<p class=\"MsoNormal\">The objective is to increase the effectiveness for all our value customer in using Carton Products and prepare basic maintenance by them seklves.</p>\r\n<p class=\"MsoNormal\">Our great customers from 9 companies to intend and attentiveness at Carton factory in Navanakorn</p>\r\n<p>&nbsp;</p>',NULL,NULL,NULL,NULL,NULL),(7,1,7,'VISIT WORLD JEWELRY','<p class=\"MsoNormal\">On Nov. 20, 2008. The magnagment team of Carton group of company <o:p></o:p></p>\r\n<p class=\"MsoNormal\">&nbsp;</p>\r\n<p class=\"MsoNormal\">Mr. Masahiro Tsujimura<span style=\"\">&nbsp;&nbsp;&nbsp;&nbsp;&nbsp; </span>Vice sharman, Carton group of company<o:p></o:p></p>\r\n<p class=\"MsoNormal\">Mr. Yasuo Ishii<span style=\"\">&nbsp;&nbsp;&nbsp;&nbsp;&nbsp;&nbsp;&nbsp;&nbsp;&nbsp;&nbsp;&nbsp;&nbsp;&nbsp;&nbsp;&nbsp;&nbsp;&nbsp;&nbsp;&nbsp; </span>President of Carton optical industries, Ltd.<o:p></o:p></p>\r\n<p class=\"MsoNormal\">Mr. Masaru okubo<span style=\"\">&nbsp;&nbsp;&nbsp;&nbsp;&nbsp;&nbsp;&nbsp;&nbsp;&nbsp;&nbsp;&nbsp;&nbsp; &nbsp; </span>Adviser of Carton optical industries, Ltd.<o:p></o:p></p>\r\n<p class=\"MsoNormal\">Mr. Takanori Uehara<span style=\"\">&nbsp;&nbsp;&nbsp;&nbsp;&nbsp;&nbsp;&nbsp;&nbsp;&nbsp;&nbsp; </span>Adviser of Carton optical (<st1:country-region w:st=\"on\"><st1:place w:st=\"on\">Siam</st1:place></st1:country-region>) Co., Ltd.<o:p></o:p></p>\r\n<p class=\"MsoNormal\">Ms. Bussararat Peemanee<span style=\"\">&nbsp;&nbsp; </span>Md. of Carton optical (<st1:country-region w:st=\"on\"><st1:place w:st=\"on\">Siam</st1:place></st1:country-region>) Co., Ltd. and Carton trading Co., Ltd.<o:p></o:p></p>\r\n<p class=\"MsoNormal\">&nbsp;</p>\r\n<p class=\"MsoNormal\"><o:p></o:p>has been visited an authorized distributor shop of &quot;World jewelry tool Co., Ltd.&quot; at BIS building Silom Rd., Mr. Mehboob Alam and Ms. Monthip Komrich, the managment of WJT to recieved with warm wishes. After that all of them&nbsp; went to come across with our valued customer, &quot;Pinky Gem Export Co., Ltd.&quot; at factory locate in Silom, Bangrak to visit with thankfulness and see the production lines. Which using Carton Stereo Microscope.</p>',NULL,NULL,NULL,NULL,NULL),(8,1,8,'DISTRIBUTOR NEW YEAR 2009 GREETING','<p>Ms.Bussararat Peemanee Managing Director of Carton Optical (Siam) and Carton Trading Co.,Ltd. With sales team went to greeting and give thanks for good support throughtout this year from our top sales distribution in Industrial Domestic Market.<br />\r\n&quot;Techco (thailand) Co.,Ltd.&quot; - Mr.Purit C.<br />\r\n&quot;Longshine (thailand) Co.,Ltd.&quot; - Mr.Sitthiporn thanyanit and Mr.Chaiyaporn thanyanit.<br />\r\nWere welcome with goodwills.</p>',NULL,NULL,NULL,NULL,NULL),(9,1,9,'Nepcon Thailand 2009','<p>During 25-29 June 2009. Carton group join with our dealer. Longshine (Thailand) Co.,Ltd. To present our new technology with photomicrography</p>','','','','',''),(10,1,10,'Great Customer \"MINEBEA\" Training','<p>On Jul 10, 2009</p>\r\n<p>Our great customer &quot;Minebea (Thailand) Co.,Ltd.&quot; Bangpa-in branch sent the person responsible to take caurse about microscope maintenance and microscope adjustable technic at Carton factory, Navanakorn.</p>','','','','','');

--
-- Table structure for table `web_article_message_seq`
--

CREATE TABLE `web_article_message_seq` (
  `id` int(10) unsigned NOT NULL AUTO_INCREMENT,
  PRIMARY KEY (`id`)
) ENGINE=MyISAM AUTO_INCREMENT=11 DEFAULT CHARSET=utf8;

--
-- Dumping data for table `web_article_message_seq`
--

INSERT INTO `web_article_message_seq` (`id`) VALUES (10);

--
-- Table structure for table `web_article_role`
--

CREATE TABLE `web_article_role` (
  `article_id` int(11) NOT NULL DEFAULT '0',
  `role_id` int(11) NOT NULL DEFAULT '0'
) ENGINE=MyISAM DEFAULT CHARSET=utf8;

--
-- Dumping data for table `web_article_role`
--

INSERT INTO `web_article_role` (`article_id`, `role_id`) VALUES (4,2),(4,1),(4,0),(9,2),(9,1),(9,0),(6,2),(6,1),(6,0),(7,2),(7,1),(7,0),(8,2),(8,1),(8,0),(10,0),(10,1),(10,2);

--
-- Table structure for table `web_article_seq`
--

CREATE TABLE `web_article_seq` (
  `id` int(10) unsigned NOT NULL AUTO_INCREMENT,
  PRIMARY KEY (`id`)
) ENGINE=MyISAM AUTO_INCREMENT=11 DEFAULT CHARSET=utf8;

--
-- Dumping data for table `web_article_seq`
--

INSERT INTO `web_article_seq` (`id`) VALUES (10);

--
-- Table structure for table `web_article_type`
--

CREATE TABLE `web_article_type` (
  `article_type_id` int(2) NOT NULL DEFAULT '0',
  `type_icon` varchar(255) NOT NULL DEFAULT '',
  PRIMARY KEY (`article_type_id`)
) ENGINE=MyISAM DEFAULT CHARSET=utf8;

--
-- Dumping data for table `web_article_type`
--

INSERT INTO `web_article_type` (`article_type_id`, `type_icon`) VALUES (2,''),(1,'');

--
-- Table structure for table `web_article_type_message`
--

CREATE TABLE `web_article_type_message` (
  `article_type_message_id` int(11) NOT NULL DEFAULT '0',
  `article_type_id` int(2) NOT NULL DEFAULT '0',
  `web_lang_id` int(2) NOT NULL DEFAULT '0',
  `type_name` varchar(128) NOT NULL DEFAULT '',
  `description` varchar(255) NOT NULL DEFAULT '',
  PRIMARY KEY (`article_type_message_id`)
) ENGINE=MyISAM DEFAULT CHARSET=utf8;

--
-- Dumping data for table `web_article_type_message`
--

INSERT INTO `web_article_type_message` (`article_type_message_id`, `article_type_id`, `web_lang_id`, `type_name`, `description`) VALUES (2,2,1,'NewsAndEvent',''),(1,1,1,'Tips','');

--
-- Table structure for table `web_article_type_message_seq`
--

CREATE TABLE `web_article_type_message_seq` (
  `id` int(10) unsigned NOT NULL AUTO_INCREMENT,
  PRIMARY KEY (`id`)
) ENGINE=MyISAM AUTO_INCREMENT=4 DEFAULT CHARSET=utf8;

--
-- Dumping data for table `web_article_type_message_seq`
--

INSERT INTO `web_article_type_message_seq` (`id`) VALUES (2);

--
-- Table structure for table `web_article_type_role`
--

CREATE TABLE `web_article_type_role` (
  `article_type_id` int(2) NOT NULL DEFAULT '0',
  `role_id` int(11) NOT NULL DEFAULT '0'
) ENGINE=MyISAM DEFAULT CHARSET=utf8;

--
-- Dumping data for table `web_article_type_role`
--

INSERT INTO `web_article_type_role` (`article_type_id`, `role_id`) VALUES (2,0),(2,1),(2,2),(1,0),(1,1),(1,2);

--
-- Table structure for table `web_article_type_seq`
--

CREATE TABLE `web_article_type_seq` (
  `id` int(10) unsigned NOT NULL AUTO_INCREMENT,
  PRIMARY KEY (`id`)
) ENGINE=MyISAM AUTO_INCREMENT=4 DEFAULT CHARSET=utf8;

--
-- Dumping data for table `web_article_type_seq`
--

INSERT INTO `web_article_type_seq` (`id`) VALUES (2);

--
-- Table structure for table `web_block`
--

CREATE TABLE `web_block` (
  `block_id` int(11) NOT NULL DEFAULT '0',
  `name` varchar(64) DEFAULT NULL,
  `title` varchar(32) DEFAULT NULL,
  `title_class` varchar(32) DEFAULT NULL,
  `body_class` varchar(32) DEFAULT NULL,
  `blk_order` smallint(6) DEFAULT NULL,
  `position` varchar(16) DEFAULT NULL,
  `is_enabled` smallint(6) DEFAULT NULL,
  `is_cached` smallint(6) DEFAULT NULL,
  `params` longtext,
  PRIMARY KEY (`block_id`)
) ENGINE=MyISAM DEFAULT CHARSET=utf8;

--
-- Dumping data for table `web_block`
--

INSERT INTO `web_block` (`block_id`, `name`, `title`, `title_class`, `body_class`, `blk_order`, `position`, `is_enabled`, `is_cached`, `params`) VALUES (1,'Navigation_Block_Navigation','Admin menu','','',1,'AdminNav',1,0,'a:9:{s:15:\"startParentNode\";s:1:\"4\";s:10:\"startLevel\";s:1:\"0\";s:14:\"levelsToRender\";s:1:\"0\";s:9:\"collapsed\";s:1:\"1\";s:10:\"showAlways\";s:1:\"1\";s:12:\"cacheEnabled\";s:1:\"1\";s:11:\"breadcrumbs\";s:1:\"0\";s:8:\"renderer\";s:14:\"SimpleRenderer\";s:8:\"template\";s:0:\"\";}'),(2,'Navigation_Block_Navigation','User menu','','',1,'MainNav',1,0,'a:9:{s:15:\"startParentNode\";s:1:\"2\";s:10:\"startLevel\";s:1:\"0\";s:14:\"levelsToRender\";s:1:\"0\";s:9:\"collapsed\";s:1:\"1\";s:10:\"showAlways\";s:1:\"1\";s:12:\"cacheEnabled\";s:1:\"1\";s:11:\"breadcrumbs\";s:1:\"0\";s:8:\"renderer\";s:14:\"SimpleRenderer\";s:8:\"template\";s:0:\"\";}'),(3,'User_Block_Login2','Login','','',5,'Left',1,0,'a:2:{s:13:\"loginTemplate\";s:15:\"blockLogin.html\";s:14:\"logoutTemplate\";s:16:\"blockLogout.html\";}'),(4,'Default_Block_LangSwitcher2','Language switcher',NULL,NULL,1,'BodyTop',0,1,'N;');

--
-- Table structure for table `web_block_assignment`
--

CREATE TABLE `web_block_assignment` (
  `block_id` int(11) NOT NULL DEFAULT '0',
  `section_id` int(11) NOT NULL DEFAULT '0',
  PRIMARY KEY (`block_id`,`section_id`),
  KEY `web_block_assignment_fk` (`block_id`),
  KEY `web_block_assignment_fk2` (`section_id`)
) ENGINE=MyISAM DEFAULT CHARSET=utf8;

--
-- Dumping data for table `web_block_assignment`
--

INSERT INTO `web_block_assignment` (`block_id`, `section_id`) VALUES (1,0),(2,0),(3,0),(4,0);

--
-- Table structure for table `web_block_assignment_seq`
--

CREATE TABLE `web_block_assignment_seq` (
  `id` int(10) unsigned NOT NULL AUTO_INCREMENT,
  PRIMARY KEY (`id`)
) ENGINE=MyISAM AUTO_INCREMENT=6 DEFAULT CHARSET=utf8;

--
-- Dumping data for table `web_block_assignment_seq`
--

INSERT INTO `web_block_assignment_seq` (`id`) VALUES (4);

--
-- Table structure for table `web_block_role`
--

CREATE TABLE `web_block_role` (
  `block_id` int(11) NOT NULL DEFAULT '0',
  `role_id` int(11) NOT NULL DEFAULT '0'
) ENGINE=MyISAM DEFAULT CHARSET=utf8;

--
-- Dumping data for table `web_block_role`
--

INSERT INTO `web_block_role` (`block_id`, `role_id`) VALUES (1,1),(2,-2),(3,-2),(4,-2);

--
-- Table structure for table `web_block_seq`
--

CREATE TABLE `web_block_seq` (
  `id` int(10) unsigned NOT NULL AUTO_INCREMENT,
  PRIMARY KEY (`id`)
) ENGINE=MyISAM AUTO_INCREMENT=6 DEFAULT CHARSET=utf8;

--
-- Dumping data for table `web_block_seq`
--

INSERT INTO `web_block_seq` (`id`) VALUES (4);

--
-- Table structure for table `web_example`
--

CREATE TABLE `web_example` (
  `usr_id` int(2) NOT NULL DEFAULT '0',
  `name` varchar(20) NOT NULL DEFAULT '',
  `email` varchar(50) NOT NULL DEFAULT '',
  PRIMARY KEY (`usr_id`)
) ENGINE=MyISAM DEFAULT CHARSET=utf8;

--
-- Dumping data for table `web_example`
--


--
-- Table structure for table `web_formmail_log`
--

CREATE TABLE `web_formmail_log` (
  `mail_id` int(11) NOT NULL DEFAULT '0',
  `subject` varchar(255) NOT NULL DEFAULT '',
  `message` mediumtext NOT NULL,
  `date` int(11) NOT NULL DEFAULT '0',
  PRIMARY KEY (`mail_id`)
) ENGINE=MyISAM DEFAULT CHARSET=utf8;

--
-- Dumping data for table `web_formmail_log`
--



--
-- Table structure for table `web_formmail_log_seq`
--

CREATE TABLE `web_formmail_log_seq` (
  `id` int(10) unsigned NOT NULL AUTO_INCREMENT,
  PRIMARY KEY (`id`)
) ENGINE=MyISAM AUTO_INCREMENT=767 DEFAULT CHARSET=utf8;

--
-- Dumping data for table `web_formmail_log_seq`
--

INSERT INTO `web_formmail_log_seq` (`id`) VALUES (766);

--
-- Table structure for table `web_log_table`
--

CREATE TABLE `web_log_table` (
  `id` int(11) NOT NULL DEFAULT '0',
  `logtime` timestamp NOT NULL DEFAULT CURRENT_TIMESTAMP ON UPDATE CURRENT_TIMESTAMP,
  `ident` varchar(16) NOT NULL DEFAULT '',
  `priority` int(11) NOT NULL DEFAULT '0',
  `message` varchar(200) DEFAULT NULL,
  PRIMARY KEY (`id`)
) ENGINE=MyISAM DEFAULT CHARSET=utf8;

--
-- Dumping data for table `web_log_table`
--


--
-- Table structure for table `web_login`
--

CREATE TABLE `web_login` (
  `login_id` int(11) NOT NULL DEFAULT '0',
  `usr_id` int(11) DEFAULT NULL,
  `date_time` datetime DEFAULT NULL,
  `remote_ip` varchar(16) DEFAULT NULL,
  PRIMARY KEY (`login_id`),
  KEY `web_usr_login_fk` (`usr_id`)
) ENGINE=MyISAM DEFAULT CHARSET=utf8;

--
-- Dumping data for table `web_login`
--

INSERT INTO `web_login` (`login_id`, `usr_id`, `date_time`, `remote_ip`) VALUES (1,1,'2008-11-14 05:10:15','58.137.81.9'),(2,1,'2008-11-14 06:17:37','58.137.81.9'),(3,1,'2008-11-14 06:19:14','58.137.81.9'),(4,1,'2008-11-14 06:20:23','58.137.81.9'),(5,1,'2008-11-14 06:34:46','58.137.81.9'),(6,1,'2008-11-14 06:49:08','58.137.81.9'),(7,1,'2008-11-14 07:09:31','58.137.81.9'),(8,1,'2008-11-14 07:13:10','58.137.81.9'),(9,1,'2008-11-14 08:02:28','58.137.81.9'),(10,1,'2008-11-17 03:57:33','58.137.81.9'),(11,1,'2008-11-17 04:17:43','58.137.81.9'),(12,1,'2008-11-17 05:17:11','58.137.81.9'),(13,1,'2008-11-17 08:24:31','58.137.81.9'),(14,1,'2008-11-17 09:48:59','58.137.81.9'),(15,1,'2008-11-17 10:30:43','58.137.81.9'),(16,1,'2008-11-17 11:50:44','58.137.81.9'),(17,1,'2008-11-17 11:58:16','58.137.81.9'),(18,1,'2008-11-17 12:00:35','58.137.81.9'),(19,1,'2008-11-17 12:03:15','58.137.81.9'),(20,1,'2008-11-17 12:14:42','58.137.81.9'),(21,1,'2008-11-18 02:08:18','58.137.81.9'),(22,1,'2008-11-18 03:23:29','58.137.81.9'),(23,1,'2008-11-18 03:44:38','58.137.81.9'),(24,1,'2008-11-18 03:44:55','58.137.81.9'),(25,1,'2008-11-18 03:45:04','58.137.81.9'),(26,1,'2008-11-18 03:45:33','58.137.81.9'),(27,1,'2008-11-18 03:45:54','58.137.81.9'),(28,1,'2008-11-18 03:46:18','58.137.81.9'),(29,1,'2008-11-18 03:46:51','58.137.81.9'),(30,1,'2008-11-18 03:54:15','58.137.81.9'),(31,1,'2008-11-18 04:24:03','58.137.81.9'),(32,1,'2008-11-18 05:01:18','58.137.81.9'),(33,1,'2008-11-18 05:02:41','58.137.81.9'),(34,1,'2008-11-18 06:02:12','58.137.81.9'),(35,1,'2008-11-18 06:43:31','58.137.81.9'),(36,1,'2008-11-18 08:16:50','58.137.81.9'),(37,1,'2008-11-18 10:31:36','58.137.81.9'),(38,1,'2008-11-18 11:17:12','58.137.81.9'),(39,1,'2008-11-18 11:28:16','58.137.81.9'),(40,1,'2008-11-18 12:00:40','58.137.81.9'),(41,1,'2008-11-18 12:09:47','58.137.81.9'),(42,1,'2008-11-18 12:14:48','58.137.81.9'),(43,1,'2008-11-19 02:54:04','58.137.81.9'),(44,1,'2008-11-19 03:21:35','58.137.81.9'),(45,1,'2008-11-19 05:09:53','58.137.81.9'),(46,1,'2008-11-19 08:52:46','58.137.81.9'),(47,1,'2008-11-19 08:56:10','58.137.81.9'),(48,1,'2008-11-19 09:37:09','58.137.81.9'),(49,1,'2008-11-19 11:56:17','58.137.81.9'),(50,1,'2008-11-20 03:40:45','58.137.81.9'),(51,1,'2008-11-20 06:40:20','58.137.81.9'),(52,1,'2008-11-20 08:08:32','58.137.81.9'),(53,1,'2008-11-20 09:00:26','58.137.81.9'),(54,1,'2008-11-20 09:33:43','124.121.191.252'),(55,1,'2008-11-20 09:35:50','124.121.191.252'),(56,1,'2008-11-20 10:41:22','58.137.81.9'),(57,1,'2008-11-20 10:43:55','58.137.81.9'),(58,1,'2008-11-21 03:03:40','124.121.188.178'),(59,1,'2008-11-24 10:50:23','58.137.81.9'),(60,1,'2008-11-24 10:53:06','58.137.81.9'),(61,1,'2008-11-24 10:53:47','58.137.81.9'),(62,1,'2008-11-24 10:56:27','58.137.81.9'),(63,1,'2008-11-25 08:18:00','58.137.81.9'),(64,1,'2008-11-25 08:40:37','58.137.81.9'),(65,1,'2008-11-25 08:41:22','58.137.81.9'),(66,1,'2008-11-25 08:53:44','58.137.81.9'),(67,1,'2008-11-25 08:53:47','58.137.81.9'),(68,1,'2008-11-25 08:54:35','58.137.81.9'),(69,1,'2008-11-25 09:44:45','58.137.81.9'),(70,1,'2008-11-25 09:45:37','58.137.81.9'),(71,1,'2008-11-25 09:46:34','58.137.81.9'),(72,1,'2008-11-25 09:48:18','58.137.81.9'),(73,1,'2008-11-25 10:16:41','58.137.81.9'),(74,1,'2008-11-26 06:53:17','124.121.195.199'),(75,1,'2008-11-26 07:16:58','124.121.195.199'),(76,1,'2008-11-26 07:18:45','124.121.195.199'),(77,1,'2008-11-26 07:19:28','124.121.195.199'),(78,1,'2008-11-26 07:23:29','124.121.195.199'),(79,1,'2008-11-26 07:31:48','124.121.195.199'),(80,1,'2008-11-26 07:32:48','124.121.195.199'),(81,1,'2008-11-26 07:33:15','124.121.195.199'),(82,1,'2008-11-26 07:34:27','124.121.195.199'),(83,1,'2008-11-26 07:34:54','124.121.195.199'),(84,1,'2008-11-26 07:35:24','124.121.195.199'),(85,1,'2008-11-26 07:36:10','124.121.195.199'),(86,1,'2008-11-26 07:36:36','124.121.195.199'),(87,1,'2008-11-26 07:41:54','124.121.195.199'),(88,1,'2008-11-26 08:09:22','124.121.195.199'),(89,1,'2008-11-26 08:10:12','124.121.195.199'),(90,1,'2008-11-26 08:14:48','124.121.195.199'),(91,1,'2008-11-26 08:16:39','124.121.195.199'),(92,1,'2008-11-27 01:58:15','124.121.192.190'),(93,1,'2008-11-27 06:14:38','124.121.192.190'),(94,1,'2008-11-27 06:24:01','58.137.81.9'),(95,1,'2008-11-27 06:27:04','58.137.81.9'),(96,1,'2008-11-28 07:09:37','58.137.81.9'),(97,1,'2008-11-28 09:47:06','58.137.81.9'),(98,1,'2008-11-28 09:47:14','58.137.81.9'),(99,1,'2008-12-01 02:47:11','124.121.189.221'),(100,1,'2008-12-01 03:34:15','58.137.81.9'),(101,1,'2008-12-01 03:37:30','58.137.81.9'),(102,1,'2008-12-01 04:09:20','124.121.189.221'),(103,1,'2008-12-01 04:57:41','124.121.189.221'),(104,1,'2008-12-01 05:34:55','124.121.189.221'),(105,1,'2008-12-01 06:01:07','124.121.189.221'),(106,1,'2008-12-01 09:22:20','124.121.189.221'),(107,1,'2008-12-02 06:41:37','58.137.81.9'),(108,1,'2008-12-02 08:36:31','58.137.81.9'),(109,1,'2008-12-03 02:20:38','124.121.186.148'),(110,1,'2008-12-04 01:41:25','124.121.188.230'),(111,1,'2008-12-04 03:25:49','124.121.188.230'),(112,1,'2008-12-04 08:14:48','124.121.188.230'),(113,1,'2008-12-04 09:29:46','124.121.188.230'),(114,1,'2008-12-08 01:59:34','124.121.191.109'),(115,1,'2008-12-08 02:35:21','124.121.191.109'),(116,1,'2008-12-08 03:54:14','124.121.191.109'),(117,1,'2008-12-08 06:12:05','124.121.191.109'),(118,1,'2008-12-08 07:06:47','124.121.189.232'),(119,1,'2008-12-09 03:44:35','124.121.200.121'),(120,1,'2008-12-09 04:32:13','124.121.200.121'),(121,1,'2008-12-09 06:38:16','124.121.200.121'),(122,1,'2008-12-10 03:34:19','124.121.183.145'),(123,1,'2008-12-10 04:15:49','124.121.183.145'),(124,1,'2008-12-11 01:28:20','124.121.182.125'),(125,1,'2008-12-11 02:28:56','124.121.182.125'),(126,1,'2008-12-11 04:00:54','124.121.182.125'),(127,1,'2008-12-16 02:10:38','58.137.81.9'),(128,1,'2009-01-05 04:40:41','124.121.184.127'),(129,1,'2009-01-05 07:11:37','124.121.184.127'),(130,1,'2009-01-05 07:43:28','124.121.184.127'),(131,1,'2009-01-05 07:43:37','124.121.184.127'),(132,1,'2009-01-05 08:09:35','124.121.184.127'),(133,1,'2009-01-05 08:22:39','124.121.184.127'),(134,1,'2009-01-06 01:47:14','124.121.182.171'),(135,1,'2009-01-06 02:51:05','124.121.182.171'),(136,1,'2009-01-06 04:20:50','124.121.182.171'),(137,1,'2009-01-07 03:01:42','124.122.226.54'),(138,1,'2009-01-07 04:23:13','58.137.81.9'),(139,1,'2009-01-09 02:55:52','124.121.195.151'),(140,1,'2009-01-09 04:04:14','124.121.195.151'),(141,1,'2009-01-09 04:04:20','124.121.195.151'),(142,1,'2009-01-09 06:13:52','124.121.195.151'),(143,1,'2009-01-09 08:04:56','124.121.238.4'),(144,1,'2009-01-15 01:25:41','124.121.185.235'),(145,1,'2009-01-15 04:56:30','124.121.185.235'),(146,1,'2009-01-19 08:38:16','124.121.185.135'),(147,1,'2009-01-20 02:21:02','124.121.185.135'),(148,1,'2009-01-20 02:23:40','124.121.185.135'),(149,1,'2009-01-21 02:02:32','124.121.194.170'),(150,1,'2009-04-01 08:15:57','124.121.235.52'),(151,1,'2009-04-01 08:42:15','124.121.235.52'),(152,1,'2009-07-14 02:46:41','124.121.47.251'),(153,1,'2009-07-14 03:05:21','124.121.47.251'),(154,1,'2009-07-14 03:15:46','124.121.47.251'),(155,1,'2009-07-14 03:59:01','124.121.47.251'),(156,1,'2009-07-15 00:59:13','124.121.49.112'),(157,1,'2009-07-15 08:46:36','124.121.49.112'),(158,1,'2009-07-21 02:57:11','124.121.45.97'),(159,1,'2009-08-06 01:04:55','124.121.180.246'),(160,1,'2009-08-10 04:31:55','124.122.60.57'),(161,1,'2009-08-10 09:48:37','124.122.30.19'),(162,1,'2009-08-11 01:06:18','124.122.30.19'),(163,1,'2009-08-17 04:07:47','124.122.15.86'),(164,1,'2009-08-17 04:35:48','124.122.15.86'),(165,1,'2009-08-17 04:36:01','124.122.15.86'),(166,1,'2009-08-19 04:02:46','124.122.237.140'),(167,1,'2009-08-19 07:45:04','124.122.30.148'),(168,1,'2009-09-30 03:03:04','124.122.227.37'),(169,1,'2009-10-01 03:16:59','124.121.188.170'),(170,1,'2009-10-14 09:00:56','124.121.187.42'),(171,1,'2010-06-14 09:23:05','124.122.225.46'),(172,1,'2010-06-14 09:34:50','124.122.225.46'),(173,1,'2010-06-15 03:05:59','124.121.180.146'),(174,1,'2010-07-16 07:52:38','124.121.199.144'),(175,1,'2011-01-05 07:36:57','124.121.196.71'),(176,1,'2011-01-05 08:04:22','124.121.196.71'),(177,1,'2011-01-10 03:51:43','124.121.194.35'),(178,1,'2011-05-21 02:15:38','124.121.200.100'),(179,1,'2011-05-21 02:34:30','124.121.200.100'),(180,1,'2011-05-21 02:34:42','124.121.200.100'),(181,1,'2011-05-21 04:00:16','124.121.200.100'),(182,1,'2011-05-21 05:59:55','124.121.200.100'),(183,1,'2011-05-21 07:20:04','124.121.200.100'),(184,1,'2011-05-21 09:20:46','124.121.200.100'),(185,1,'2012-09-27 01:58:44','124.121.196.88'),(186,1,'2013-04-27 03:46:34','124.122.15.161'),(187,1,'2016-03-26 04:26:22','171.97.95.196'),(188,1,'2016-03-26 04:30:06','171.97.95.196'),(189,1,'2016-03-26 07:25:51','124.122.50.138'),(190,1,'2016-05-30 04:17:06','171.97.229.124'),(191,1,'2016-08-05 04:29:59','183.89.43.82'),(192,1,'2016-08-05 04:30:33','183.89.43.82'),(193,1,'2016-08-05 04:33:26','183.89.43.82'),(194,1,'2016-08-05 04:37:23','183.89.43.82'),(195,1,'2016-08-05 04:37:35','183.89.43.82'),(196,1,'2016-08-05 04:49:15','183.89.43.82'),(197,1,'2016-08-06 01:15:54','183.89.43.82'),(198,1,'2016-08-06 01:16:39','183.89.43.82'),(199,1,'2016-08-06 01:26:02','183.89.43.82'),(200,1,'2016-08-23 07:03:21','183.89.45.15'),(201,1,'2016-08-23 07:04:31','183.89.45.15'),(202,3,'2017-11-14 07:35:18','203.78.98.10'),(203,3,'2017-11-14 07:35:30','203.78.98.10'),(204,3,'2017-11-14 07:36:37','203.78.98.10'),(205,3,'2017-11-14 07:36:45','203.78.98.10'),(206,3,'2017-11-14 07:37:06','203.78.98.10'),(207,3,'2017-11-14 07:37:53','203.78.98.10'),(208,3,'2017-11-14 07:39:35','203.78.98.10'),(209,3,'2017-11-14 07:41:32','203.78.98.10'),(210,3,'2017-11-14 07:43:10','203.78.98.10'),(211,3,'2017-11-14 07:48:09','203.78.98.10'),(212,3,'2017-11-14 07:48:19','203.78.98.10');

--
-- Table structure for table `web_login_seq`
--

CREATE TABLE `web_login_seq` (
  `id` int(10) unsigned NOT NULL AUTO_INCREMENT,
  PRIMARY KEY (`id`)
) ENGINE=MyISAM AUTO_INCREMENT=213 DEFAULT CHARSET=utf8;

--
-- Dumping data for table `web_login_seq`
--

INSERT INTO `web_login_seq` (`id`) VALUES (212);

--
-- Table structure for table `web_module`
--

CREATE TABLE `web_module` (
  `module_id` int(11) NOT NULL DEFAULT '0',
  `is_configurable` smallint(1) DEFAULT NULL,
  `name` varchar(255) DEFAULT NULL,
  `title` varchar(255) DEFAULT NULL,
  `description` text,
  `admin_uri` varchar(255) DEFAULT NULL,
  `icon` varchar(255) DEFAULT NULL,
  `maintainers` text,
  `version` varchar(8) DEFAULT NULL,
  `license` varchar(16) DEFAULT NULL,
  `state` varchar(8) DEFAULT NULL,
  PRIMARY KEY (`module_id`)
) ENGINE=MyISAM DEFAULT CHARSET=utf8;

--
-- Dumping data for table `web_module`
--

INSERT INTO `web_module` (`module_id`, `is_configurable`, `name`, `title`, `description`, `admin_uri`, `icon`, `maintainers`, `version`, `license`, `state`) VALUES (1,1,'block','Blocks','Use the \'Blocks\' module to configure the contents of the blocks in the left and right hand columns, or anywhere in a page.','block/block','48/module_block.png','Andrey Podshivalov',NULL,'BSD','stable'),(2,1,'default','Default','The \'Default\' module includes functionality that is needed in every install, for example, configuration and interface language manangement, and module management.','default/maintenance','48/module_default.png','Demian Turner',NULL,'BSD','stable'),(3,1,'user','Users and Security','The \'Users and Security\' module allows you to manage all your users, administer the roles they belong to, change their passwords, setup permissions and alter the global default preferences.','user/user','48/module_user.png','Demian Turner',NULL,'BSD','stable'),(4,1,'navigation','Navigation','The \'Navigation\' module is what you use to build your site navigation, it creates menus that you can customise in terms of look and feel, and allows you to link to any site resource.','navigation/page','navigation.png','Andrey Podshivalov',NULL,'BSD','beta'),(5,1,'main','Main','Main Module','','48/module_default.png','RV Global Soft Teams','20070816','RV Global Soft','Stable'),(6,1,'articleweb','Article','Generated by ModuleGenerationMgr','','48/module_default.png','Alouicious Bird',NULL,NULL,NULL),(7,1,'newsevent','News and Event','News and Event Module for Carton Web','','48/module_default.png','RV Global Soft Teams','20081001','RV Global Soft','Stable'),(8,1,'tips','Tips','Tips Module for Carton Web','','48/module_default.png','RV Global Soft Teams','20081001','RV Global Soft','Stable'),(9,1,'stereomicroscope','StereoMicroscope','Generated by ModuleGenerationMgr','','48/module_default.png','Alouicious Bird',NULL,'NULL','NULL'),(10,1,'productweb','Product','Generated by ModuleGenerationMgr','','48/module_default.png','Alouicious Bird',NULL,'NULL','NULL'),(11,1,'subcontractor','Subcontractor','Generated by ModuleGenerationMgr','','48/module_default.png','Alouicious Bird',NULL,'NULL','NULL');

--
-- Table structure for table `web_module_seq`
--

CREATE TABLE `web_module_seq` (
  `id` int(10) unsigned NOT NULL AUTO_INCREMENT,
  PRIMARY KEY (`id`)
) ENGINE=MyISAM AUTO_INCREMENT=13 DEFAULT CHARSET=utf8;

--
-- Dumping data for table `web_module_seq`
--

INSERT INTO `web_module_seq` (`id`) VALUES (11);

--
-- Table structure for table `web_org_preference`
--

CREATE TABLE `web_org_preference` (
  `org_preference_id` int(11) NOT NULL DEFAULT '0',
  `organisation_id` int(11) NOT NULL DEFAULT '0',
  `preference_id` int(11) NOT NULL DEFAULT '0',
  `value` varchar(128) DEFAULT NULL,
  PRIMARY KEY (`org_preference_id`),
  KEY `web_organisation_org_preference_fk` (`organisation_id`),
  KEY `web_preference_org_preference_fk` (`preference_id`)
) ENGINE=MyISAM DEFAULT CHARSET=utf8;

--
-- Dumping data for table `web_org_preference`
--


--
-- Table structure for table `web_organisation`
--

CREATE TABLE `web_organisation` (
  `organisation_id` int(11) NOT NULL DEFAULT '0',
  `parent_id` int(11) NOT NULL DEFAULT '0',
  `root_id` int(11) NOT NULL DEFAULT '0',
  `left_id` int(11) NOT NULL DEFAULT '0',
  `right_id` int(11) NOT NULL DEFAULT '0',
  `order_id` int(11) NOT NULL DEFAULT '0',
  `level_id` int(11) NOT NULL DEFAULT '0',
  `role_id` int(11) NOT NULL DEFAULT '0',
  `organisation_type_id` int(11) NOT NULL DEFAULT '0',
  `name` varchar(128) DEFAULT NULL,
  `description` text,
  `addr_1` varchar(128) NOT NULL DEFAULT '',
  `addr_2` varchar(128) DEFAULT NULL,
  `addr_3` varchar(128) DEFAULT NULL,
  `city` varchar(32) NOT NULL DEFAULT '',
  `region` varchar(32) DEFAULT NULL,
  `country` varchar(2) DEFAULT NULL,
  `post_code` varchar(16) DEFAULT NULL,
  `telephone` varchar(32) DEFAULT NULL,
  `website` varchar(128) DEFAULT NULL,
  `email` varchar(128) DEFAULT NULL,
  `date_created` datetime DEFAULT NULL,
  `created_by` int(11) DEFAULT NULL,
  `last_updated` datetime DEFAULT NULL,
  `updated_by` int(11) DEFAULT NULL,
  PRIMARY KEY (`organisation_id`)
) ENGINE=MyISAM DEFAULT CHARSET=utf8;

--
-- Dumping data for table `web_organisation`
--


--
-- Table structure for table `web_organisation_type`
--

CREATE TABLE `web_organisation_type` (
  `organisation_type_id` int(11) NOT NULL DEFAULT '0',
  `name` varchar(64) DEFAULT NULL,
  PRIMARY KEY (`organisation_type_id`)
) ENGINE=MyISAM DEFAULT CHARSET=utf8;

--
-- Dumping data for table `web_organisation_type`
--


--
-- Table structure for table `web_permission`
--

CREATE TABLE `web_permission` (
  `permission_id` int(11) NOT NULL DEFAULT '0',
  `name` varchar(255) DEFAULT NULL,
  `description` text,
  `module_id` int(11) NOT NULL DEFAULT '0',
  PRIMARY KEY (`permission_id`),
  UNIQUE KEY `name` (`name`)
) ENGINE=MyISAM DEFAULT CHARSET=utf8;

--
-- Dumping data for table `web_permission`
--

INSERT INTO `web_permission` (`permission_id`, `name`, `description`, `module_id`) VALUES (1,'blockmgr','Permission to use block manager',1),(2,'blockmgr_cmd_add','Permission to add new block',1),(3,'blockmgr_cmd_edit','Permission to edit existing block',1),(4,'blockmgr_cmd_delete','Permission to remove block',1),(5,'blockmgr_cmd_reorder','Permission to reorder blocks',1),(6,'blockmgr_cmd_list','Permission to view block listing',1),(7,'blockmgr_cmd_insert','Permission to view block listing',1),(8,'blockmgr_cmd_update','Permission to view block listing',1),(9,'modulemgr','',2),(10,'modulemgr_cmd_add','',2),(11,'modulemgr_cmd_insert','',2),(12,'modulemgr_cmd_delete','',2),(13,'modulemgr_cmd_list','',2),(14,'modulemgr_cmd_overview','',2),(15,'modulemgr_cmd_edit','',2),(16,'modulemgr_cmd_update','',2),(17,'configmgr','',2),(18,'configmgr_cmd_edit','Permission to view and edit config settings',2),(19,'configmgr_cmd_update','Permission to update config values',2),(20,'defaultmgr','',2),(21,'defaultmgr_cmd_list','',2),(22,'bugmgr','',2),(23,'bugmgr_cmd_list',NULL,2),(24,'bugmgr_cmd_send',NULL,2),(25,'maintenancemgr_cmd_edit','',2),(26,'maintenancemgr_cmd_update','',2),(27,'maintenancemgr_cmd_append','',2),(28,'maintenancemgr_cmd_dbgen','',2),(29,'maintenancemgr_cmd_clearCache','',2),(30,'maintenancemgr_cmd_list','',2),(31,'maintenancemgr','',2),(32,'maintenancemgr_cmd_verify','',2),(33,'maintenancemgr_cmd_checkAllModules','',2),(34,'maintenancemgr_cmd_rebuildSequences','',2),(35,'maintenancemgr_cmd_createModule','',2),(36,'maintenancemgr_cmd_checkLatestVersion','',2),(37,'pearmgr','',2),(38,'pearmgr_cmd_list','',2),(39,'pearmgr_cmd_doRequest','',2),(40,'rolemgr_cmd_duplicate','',3),(41,'activateemailmgr_cmd_view','',3),(42,'activateemailmgr_cmd_activate','',3),(43,'accountmgr_cmd_edit','',3),(44,'accountmgr_cmd_update','',3),(45,'accountmgr_cmd_viewProfile','',3),(46,'accountmgr_cmd_summary','',3),(47,'loginmgr_cmd_login','',3),(48,'loginmgr_cmd_list','',3),(49,'orgmgr_cmd_add','',3),(50,'orgmgr_cmd_insert','',3),(51,'orgmgr_cmd_edit','',3),(52,'orgmgr_cmd_update','',3),(53,'orgmgr_cmd_delete','',3),(54,'orgmgr_cmd_list','',3),(55,'passwordmgr_cmd_retrieve','',3),(56,'passwordmgr_cmd_forgot','',3),(57,'userpasswordmgr','',3),(58,'userpasswordmgr_cmd_edit','',3),(59,'userpasswordmgr_cmd_update','',3),(60,'permissionmgr_cmd_add','',3),(61,'permissionmgr_cmd_insert','',3),(62,'permissionmgr_cmd_edit','',3),(63,'permissionmgr_cmd_update','',3),(64,'permissionmgr_cmd_delete','',3),(65,'permissionmgr_cmd_list','',3),(66,'preferencemgr_cmd_add','',3),(67,'preferencemgr_cmd_insert','',3),(68,'preferencemgr_cmd_edit','',3),(69,'preferencemgr_cmd_update','',3),(70,'preferencemgr_cmd_delete','',3),(71,'preferencemgr_cmd_list','',3),(72,'profilemgr_cmd_view','',3),(73,'registermgr_cmd_add','',3),(74,'registermgr_cmd_insert','',3),(75,'rolemgr_cmd_add','',3),(76,'rolemgr_cmd_insert','',3),(77,'rolemgr_cmd_edit','',3),(78,'rolemgr_cmd_update','',3),(79,'rolemgr_cmd_delete','',3),(80,'rolemgr_cmd_list','',3),(81,'rolemgr_cmd_editPerms','',3),(82,'rolemgr_cmd_updatePerms','',3),(83,'usermgr_cmd_add','',3),(84,'usermgr_cmd_insert','',3),(85,'usermgr_cmd_edit','',3),(86,'usermgr_cmd_update','',3),(87,'usermgr_cmd_delete','',3),(88,'usermgr_cmd_list','',3),(89,'usermgr_cmd_requestPasswordReset','',3),(90,'usermgr_cmd_resetPassword','',3),(91,'usermgr_cmd_editPerms','',3),(92,'usermgr_cmd_updatePerms','',3),(93,'userpreferencemgr_cmd_editAll','',3),(94,'userpreferencemgr_cmd_updateAll','',3),(95,'accountmgr','',3),(96,'loginmgr','',3),(97,'loginmgr_cmd_logout','',3),(98,'orgmgr','',3),(99,'orgpreferencemgr','',3),(100,'orgpreferencemgr_cmd_editAll','',3),(101,'orgpreferencemgr_cmd_updateAll','',3),(102,'passwordmgr','',3),(103,'permissionmgr','',3),(104,'permissionmgr_cmd_scanNew','',3),(105,'permissionmgr_cmd_insertNew','',3),(106,'permissionmgr_cmd_scanOrphaned','',3),(107,'permissionmgr_cmd_deleteOrphaned','',3),(108,'preferencemgr','',3),(109,'profilemgr','',3),(110,'registermgr','',3),(111,'rolemgr','',3),(112,'userimportmgr','',3),(113,'userimportmgr_cmd_list','',3),(114,'userimportmgr_cmd_insertImportedUsers','',3),(115,'usermgr','',3),(116,'usermgr_cmd_syncToRole','',3),(117,'userpreferencemgr','',3),(118,'orgtypemgr',NULL,3),(119,'orgtypemgr_cmd_add',NULL,3),(120,'orgtypemgr_cmd_insert',NULL,3),(121,'orgtypemgr_cmd_edit',NULL,3),(122,'orgtypemgr_cmd_update',NULL,3),(123,'orgtypemgr_cmd_delete',NULL,3),(124,'orgtypemgr_cmd_list',NULL,3),(125,'usermgr_cmd_requestChangeUserStatus',NULL,3),(126,'usermgr_cmd_changeUserStatus',NULL,3),(127,'usermgr_cmd_viewLogin',NULL,3),(128,'usermgr_cmd_truncateLoginTbl',NULL,3),(129,'usersearchmgr',NULL,3),(130,'usersearchmgr_cmd_add',NULL,3),(131,'usersearchmgr_cmd_search',NULL,3),(132,'navstylemgr','',4),(133,'navstylemgr_cmd_changeStyle','',4),(134,'navstylemgr_cmd_list','',4),(135,'sectionmgr','',4),(136,'sectionmgr_cmd_add','',4),(137,'sectionmgr_cmd_insert','',4),(138,'sectionmgr_cmd_edit','',4),(139,'sectionmgr_cmd_update','',4),(140,'sectionmgr_cmd_delete','',4),(141,'sectionmgr_cmd_reorder','',4),(142,'sectionmgr_cmd_list','',4),(143,'adminarticlewebmgr','',6),(144,'adminarticlewebmgr_cmd_view','',6),(145,'adminarticlewebmgr_cmd_addview','',6),(146,'adminarticlewebmgr_cmd_add','',6),(147,'adminarticlewebmgr_cmd_editview','',6),(148,'adminarticlewebmgr_cmd_edit','',6),(149,'adminarticlewebmgr_cmd_delete','',6),(150,'adminarticletypewebmgr','',6),(151,'adminarticletypewebmgr_cmd_view','',6),(152,'adminarticletypewebmgr_cmd_addview','',6),(153,'adminarticletypewebmgr_cmd_add','',6),(154,'adminarticletypewebmgr_cmd_editview','',6),(155,'adminarticletypewebmgr_cmd_edit','',6),(156,'adminarticletypewebmgr_cmd_delete','',6),(157,'articleviewwebmgr','',6),(158,'articleviewwebmgr_cmd_viewarticle','',6),(159,'articleviewwebmgr_cmd_viewarticletype','',6),(160,'articleviewwebmgr_cmd_viewarticlealltype','',6),(161,'adminnewseventmgr','',7),(162,'adminnewseventmgr_cmd_view','',7),(163,'adminnewseventmgr_cmd_addview','',7),(164,'adminnewseventmgr_cmd_add','',7),(165,'adminnewseventmgr_cmd_editview','',7),(166,'adminnewseventmgr_cmd_edit','',7),(167,'adminnewseventmgr_cmd_delete','',7),(168,'adminnewseventtypemgr','',7),(169,'adminnewseventtypemgr_cmd_view','',7),(170,'adminnewseventtypemgr_cmd_addview','',7),(171,'adminnewseventtypemgr_cmd_add','',7),(172,'adminnewseventtypemgr_cmd_editview','',7),(173,'adminnewseventtypemgr_cmd_edit','',7),(174,'adminnewseventtypemgr_cmd_delete','',7),(175,'newseventviewmgr','',7),(176,'newseventviewmgr_cmd_viewarticle','',7),(177,'newseventviewmgr_cmd_viewarticletype','',7),(178,'newseventviewmgr_cmd_viewarticlealltype','',7),(179,'admintipsmgr','',8),(180,'admintipsmgr_cmd_view','',8),(181,'admintipsmgr_cmd_addview','',8),(182,'admintipsmgr_cmd_add','',8),(183,'admintipsmgr_cmd_editview','',8),(184,'admintipsmgr_cmd_edit','',8),(185,'admintipsmgr_cmd_delete','',8),(186,'admintipstypemgr','',8),(187,'admintipstypemgr_cmd_view','',8),(188,'admintipstypemgr_cmd_addview','',8),(189,'admintipstypemgr_cmd_add','',8),(190,'admintipstypemgr_cmd_editview','',8),(191,'admintipstypemgr_cmd_edit','',8),(192,'admintipstypemgr_cmd_delete','',8),(193,'tipsviewmgr','',8),(194,'tipsviewmgr_cmd_viewarticle','',8),(195,'tipsviewmgr_cmd_viewarticletype','',8),(196,'tipsviewmgr_cmd_viewarticlealltype','',8),(197,'adminstereomicroscopemgr','',9),(198,'adminstereomicroscopemgr_cmd_view','',9),(199,'adminstereomicroscopemgr_cmd_addview','',9),(200,'adminstereomicroscopemgr_cmd_add','',9),(201,'adminstereomicroscopemgr_cmd_editview','',9),(202,'adminstereomicroscopemgr_cmd_edit','',9),(203,'adminstereomicroscopemgr_cmd_delete','',9),(204,'adminstereomicroscopetypemgr','',9),(205,'adminstereomicroscopetypemgr_cmd_view','',9),(206,'adminstereomicroscopetypemgr_cmd_addview','',9),(207,'adminstereomicroscopetypemgr_cmd_add','',9),(208,'adminstereomicroscopetypemgr_cmd_editview','',9),(209,'adminstereomicroscopetypemgr_cmd_edit','',9),(210,'adminstereomicroscopetypemgr_cmd_delete','',9),(211,'stereomicroscopeViewmgr','',9),(212,'stereomicroscopeViewmgr_cmd_viewarticle','',9),(213,'stereomicroscopeViewmgr_cmd_viewarticletype','',9),(214,'stereomicroscopeViewmgr_cmd_viewarticlealltype','',9),(215,'adminproductmgr','',10),(216,'adminproductmgr_cmd_view','',10),(217,'adminproductmgr_cmd_addview','',10),(218,'adminproductmgr_cmd_add','',10),(219,'adminproductmgr_cmd_editview','',10),(220,'adminproductmgr_cmd_edit','',10),(221,'adminproductmgr_cmd_delete','',10),(222,'adminproducttypemgr','',10),(223,'adminproducttypemgr_cmd_view','',10),(224,'adminproducttypemgr_cmd_addview','',10),(225,'adminproducttypemgr_cmd_add','',10),(226,'adminproducttypemgr_cmd_editview','',10),(227,'adminproducttypemgr_cmd_edit','',10),(228,'adminproducttypemgr_cmd_delete','',10),(229,'prductviewmgr','',10),(230,'prductviewmgr_cmd_viewarticle','',10),(231,'prductviewmgr_cmd_viewarticletype','',10),(232,'prductviewmgr_cmd_viewarticlealltype','',10),(233,'adminsubcontractormgr','',11),(234,'adminsubcontractormgr_cmd_view','',11),(235,'adminsubcontractormgr_cmd_addview','',11),(236,'adminsubcontractormgr_cmd_add','',11),(237,'adminsubcontractormgr_cmd_editview','',11),(238,'adminsubcontractormgr_cmd_edit','',11),(239,'adminsubcontractormgr_cmd_delete','',11),(240,'adminsubcontractortypemgr','',11),(241,'adminsubcontractortypemgr_cmd_view','',11),(242,'adminsubcontractortypemgr_cmd_addview','',11),(243,'adminsubcontractortypemgr_cmd_add','',11),(244,'adminsubcontractortypemgr_cmd_editview','',11),(245,'adminsubcontractortypemgr_cmd_edit','',11),(246,'adminsubcontractortypemgr_cmd_delete','',11),(247,'subcontractorViewmgr','',11),(248,'subcontractorViewmgr_cmd_viewarticle','',11),(249,'subcontractorViewmgr_cmd_viewarticletype','',11),(250,'subcontractorViewmgr_cmd_viewarticlealltype','',11);

--
-- Table structure for table `web_permission_seq`
--

CREATE TABLE `web_permission_seq` (
  `id` int(10) unsigned NOT NULL AUTO_INCREMENT,
  PRIMARY KEY (`id`)
) ENGINE=MyISAM AUTO_INCREMENT=252 DEFAULT CHARSET=utf8;

--
-- Dumping data for table `web_permission_seq`
--

INSERT INTO `web_permission_seq` (`id`) VALUES (250);

--
-- Table structure for table `web_preference`
--

CREATE TABLE `web_preference` (
  `preference_id` int(11) NOT NULL DEFAULT '0',
  `name` varchar(128) DEFAULT NULL,
  `default_value` varchar(128) DEFAULT NULL,
  PRIMARY KEY (`preference_id`)
) ENGINE=MyISAM DEFAULT CHARSET=utf8;

--
-- Dumping data for table `web_preference`
--

INSERT INTO `web_preference` (`preference_id`, `name`, `default_value`) VALUES (1,'sessionTimeout','1800'),(2,'timezone','Asia/Bangkok'),(3,'theme','rvtheme'),(4,'dateFormat','UK'),(5,'language','en-utf-8'),(6,'resPerPage','30'),(7,'showExecutionTimes','0'),(8,'locale','th_TH.utf8');

--
-- Table structure for table `web_preference_seq`
--

CREATE TABLE `web_preference_seq` (
  `id` int(10) unsigned NOT NULL AUTO_INCREMENT,
  PRIMARY KEY (`id`)
) ENGINE=MyISAM AUTO_INCREMENT=10 DEFAULT CHARSET=utf8;

--
-- Dumping data for table `web_preference_seq`
--

INSERT INTO `web_preference_seq` (`id`) VALUES (8);

--
-- Table structure for table `web_product`
--

CREATE TABLE `web_product` (
  `article_id` int(11) NOT NULL DEFAULT '0',
  `article_type_id` int(2) NOT NULL DEFAULT '0',
  `date_start` int(11) NOT NULL DEFAULT '0',
  `date_end` int(11) NOT NULL DEFAULT '0',
  `article_icon` varchar(255) NOT NULL DEFAULT '',
  `skip_default_lang` smallint(1) NOT NULL DEFAULT '0',
  `publish` smallint(1) NOT NULL DEFAULT '0',
  `never_expired` smallint(1) NOT NULL DEFAULT '0',
  `user_id` int(11) NOT NULL DEFAULT '0',
  PRIMARY KEY (`article_id`)
) ENGINE=MyISAM DEFAULT CHARSET=utf8;

--
-- Dumping data for table `web_product`
--

INSERT INTO `web_product` (`article_id`, `article_type_id`, `date_start`, `date_end`, `article_icon`, `skip_default_lang`, `publish`, `never_expired`, `user_id`) VALUES (2,15,-60,-60,'',0,1,1,1),(37,6,1228355709,1230947709,'',0,1,1,1),(22,6,-60,-60,'',0,1,1,1),(36,6,1228355280,1230947280,'',0,1,1,1),(23,6,-60,-60,'',0,1,1,1),(34,6,1228274500,1230866500,'',0,1,1,1),(35,6,1228354860,1230946860,'',0,1,1,1),(32,6,1228272300,1230864300,'',0,1,1,1),(31,6,1228270800,1230862800,'',0,1,1,1),(16,5,-60,-60,'',0,1,1,1),(17,5,-60,-60,'',0,1,1,1),(18,5,-60,-60,'',0,1,1,1),(19,5,-60,-60,'',0,1,1,1),(20,5,-60,-60,'',0,1,1,1),(21,5,-60,-60,'',0,1,1,1),(24,6,-1,-1,'',0,1,1,1),(25,6,-1,-1,'',0,1,1,1),(26,6,-1,-1,'',0,1,1,1),(27,6,-1,-1,'',0,1,1,1),(28,6,-60,-60,'',0,1,1,1),(39,6,1228358254,1230950254,'',0,1,1,1),(38,6,1228355880,1230947880,'',0,1,1,1),(40,6,1228358405,1230950405,'',0,1,1,1),(41,6,1228361168,1230953168,'',0,1,1,1),(42,6,1228361220,1230953220,'',0,1,1,1),(43,6,1228362100,1230954100,'',0,1,1,1),(44,6,1228363320,1230955320,'',0,1,1,1),(45,6,1228364488,1230956488,'',0,1,1,1),(46,6,1228364955,1230956955,'',0,1,1,1),(47,6,1228365531,1230957531,'',0,1,1,1),(48,6,1228366483,1230958483,'',0,1,1,1),(49,6,1228366842,1230958842,'',0,1,1,1),(50,6,1228378496,1230970496,'',0,1,1,1),(51,6,1228378872,1230970872,'',0,1,1,1),(52,6,1228379400,1230971400,'',0,1,1,1),(107,2,1276572000,1279164000,'',0,1,1,1),(106,2,1276508100,1279100100,'',0,1,1,1),(55,2,1228704644,1231296644,'',0,1,1,1),(59,2,1228716720,1231308720,'',0,1,1,1),(61,2,1228721520,1231313520,'',0,1,1,1),(125,21,1348714800,1351306800,'',0,1,1,1),(63,2,1228723560,1231315560,'',0,1,1,1),(124,21,1348714513,1351306513,'',0,1,1,1),(65,2,1228725480,1231317480,'',0,1,1,1),(66,1,1228804680,1231396680,'',0,1,1,1),(67,3,1228880081,1231472081,'',0,1,1,1),(68,4,1228882606,1231474606,'',0,1,1,1),(69,4,1228884540,1231476540,'',0,1,1,1),(70,4,1228885500,1231477500,'',0,1,1,1),(71,3,1228958880,1231550880,'',0,1,1,1),(72,3,1228960559,1231552559,'',0,1,1,1),(73,3,1228962480,1231554480,'',0,1,1,1),(74,3,1228968000,1231560000,'',0,1,1,1),(75,3,1228969320,1231561320,'',0,1,1,1),(76,4,1228969756,1231561756,'',0,1,1,1),(101,18,1249878840,1252470840,'',0,1,1,1),(78,4,1231130455,1233722455,'',0,1,1,1),(79,4,1231139460,1233731460,'',0,1,1,1),(80,4,1231210271,1233802271,'',0,1,1,1),(81,4,1231210462,1233802462,'',0,1,1,1),(82,4,1231211312,1233803312,'',0,1,1,1),(83,4,1231213259,1233805259,'',0,1,1,1),(84,4,1231215655,1233807655,'',0,1,1,1),(85,4,1231217247,1233809247,'',0,1,1,1),(99,17,1247542275,1250134275,'',0,1,1,1),(98,17,1247542026,1250134026,'',0,1,1,1),(89,1,1231470360,1234062360,'',0,1,1,1),(90,1,1231473840,1234065840,'',0,1,1,1),(91,4,1231481640,1234073640,'',0,1,1,1),(92,3,1231484100,1234076100,'',0,1,1,1),(93,3,1232503320,1235095320,'',0,1,1,1),(94,3,1232504040,1235096040,'',0,1,1,1),(95,3,1232504589,1235096589,'',0,1,1,1),(96,3,1232505111,1235097111,'',0,1,1,1),(97,17,1247541822,1250133822,'',0,1,1,1),(102,18,1250654580,1253246580,'',0,1,1,1),(103,2,1250667900,1253259900,'',0,1,1,1),(121,18,1305966000,1308558000,'',0,1,1,1),(120,4,1305965220,1308557220,'',0,1,1,1),(108,2,1294213140,1296805140,'',0,1,1,1),(109,18,1305945740,1308537740,'',0,1,1,1),(110,4,1305950435,1308542435,'',0,1,1,1),(111,18,1305951180,1308543180,'',0,1,1,1),(112,20,1305957717,1308549717,'',0,1,1,1),(113,20,1305958253,1308550253,'',0,1,1,1),(114,20,1305959760,1308551760,'',0,1,1,1),(115,21,1305960360,1308552360,'',0,1,1,1),(118,21,1305963360,1308555360,'',0,1,1,1),(119,21,1305964440,1308556440,'',0,1,1,1),(122,18,1305966409,1308558409,'',0,1,1,1),(123,18,1305969670,1308561670,'',0,1,1,1);

--
-- Table structure for table `web_product_group_status`
--

CREATE TABLE `web_product_group_status` (
  `article_type_id` int(11) NOT NULL DEFAULT '0',
  `status` smallint(1) NOT NULL DEFAULT '0',
  `date_create` int(11) NOT NULL DEFAULT '0'
) ENGINE=MyISAM DEFAULT CHARSET=utf8;

--
-- Dumping data for table `web_product_group_status`
--

INSERT INTO `web_product_group_status` (`article_type_id`, `status`, `date_create`) VALUES (5,1,1226910551),(6,1,1226910577),(8,1,1226913195),(9,1,1226913500),(10,1,1226913572),(12,1,1226920056),(13,1,1226920120),(14,1,1226920171),(15,1,1226920228),(16,1,1226920279),(17,1,1247540038),(18,1,1247541552),(20,1,1305953283),(21,1,1305960212);

--
-- Table structure for table `web_product_images`
--

CREATE TABLE `web_product_images` (
  `image_id` int(11) NOT NULL DEFAULT '0',
  `article_id` int(11) NOT NULL DEFAULT '0',
  `image_name` varchar(255) NOT NULL DEFAULT '',
  `image_path` varchar(255) NOT NULL DEFAULT '',
  `oldfilename` varchar(255) NOT NULL DEFAULT '',
  PRIMARY KEY (`image_id`)
) ENGINE=MyISAM DEFAULT CHARSET=utf8;

--
-- Dumping data for table `web_product_images`
--

INSERT INTO `web_product_images` (`image_id`, `article_id`, `image_name`, `image_path`, `oldfilename`) VALUES (20,2,'7430a557d0b8f6a9e91a3090ef308263.jpg','images/subcontractor/','Aluminium-Part.jpg'),(44,23,'6d7638d9f3ef10dd0555514ff2960d45.jpg','images/stereomicroscope/','DSZ-44PFM-IFH220.jpg'),(40,19,'2e5b1529152aa56aac8bbe394b71118a.jpg','images/stereomicroscope/','12BRTL.jpg'),(38,17,'d0f0ec103bf70ca912ad7606dc7656bf.jpg','images/stereomicroscope/','13PFM-IFH .jpg'),(67,22,'87f06515c380d463d539dd46d3d653b9.jpg','images/stereomicroscope/','DSZ-44PFM-X.jpg'),(50,31,'60605bfec508cd1712550c71a85ae1b0.jpg','images/stereomicroscope/','SPZ-50PFM-X.jpg'),(39,18,'2f0b307acce60c0d2d32eaef8a900923.jpg','images/stereomicroscope/','12brt.jpg'),(51,32,'f208e20fa6164a6504a66e7458f4b7cd.jpg','images/stereomicroscope/','SPZ-50PFM-IFH.jpg'),(34,16,'d9561d0cde81cfd94385ffa1a9e4cda5.jpg','images/stereomicroscope/','1.jpg'),(41,20,'16bfad376f08103811c7ff5956af5fa1.jpg','images/stereomicroscope/','NSWT 13PFM-IFH220.jpg'),(42,21,'98ae4fc5ffb80cf854e169bb1f8a9cb0.jpg','images/stereomicroscope/','NSWT-13PIHF.jpg'),(45,24,'671f94a99390903cfd966ff04872c036.jpg','images/stereomicroscope/','DSZ-44BRT-IFH220.jpg'),(46,25,'87e5943772eed676562f4830b48e8101.jpg','images/stereomicroscope/','DSZ-44PITF.jpg'),(47,26,'7d58e706ec7ec2cf866544d59416147a.jpg','images/stereomicroscope/','DSZ-44PIHF.jpg'),(48,27,'7f1fe4ffecfdb5391b27f3e22e02e5b0.jpg','images/stereomicroscope/','DSZ-44SBF-S.jpg'),(66,28,'f0c58dd04b58159daa203aeb9aec49ee.jpg','images/stereomicroscope/','DSZT-44PFM-X.jpg'),(55,35,'cd050550db90b3b06295927aa5f0cf26.jpg','images/stereomicroscope/','SPZ-50PITF-M.jpg'),(53,34,'327f8e56558a9ae5436469288116510a.jpg','images/stereomicroscope/','SPZ50SBF M.jpg'),(56,36,'3827f6d4c407379baa34f0f51392700f.jpg','images/stereomicroscope/','SPZ50UN.jpg'),(57,37,'08f6cea2a84134e55063a780703ceac8.jpg','images/stereomicroscope/','SPZT50PFM.jpg'),(58,38,'a21d234de9fc2c60d07ab2052878580f.jpg','images/stereomicroscope/','SPZT-50PIHF-M.jpg'),(59,39,'d51ccc136fd8d4aa31a9e316f8fb304f.jpg','images/stereomicroscope/','SPZT50SBF_SM.jpg'),(60,40,'f2ad132f59b0761d063bbb92c9404f18.jpg','images/stereomicroscope/','SPZT50UNF_SM.jpg'),(61,41,'bb6cce7bd591c6f4b3b134cbf15d85de.jpg','images/stereomicroscope/','DSZT-44PFM-IFH220.jpg'),(62,42,'0bf9a6d71cab086d857257872c9072e8.jpg','images/stereomicroscope/','DSZT-44BRT-IFH.jpg'),(63,43,'fcad1f81158094481d2444ab937c71c5.jpg','images/stereomicroscope/','DSZT-44PITF.jpg'),(68,44,'794df3f1e20268d60bb72a5965eb9353.jpg','images/stereomicroscope/','DSZ-70PFM-X.jpg'),(69,45,'b16deb5b4e9c2e7ea053d4d19fba02a3.jpg','images/stereomicroscope/','DSZ-70PFM-IFL.jpg'),(70,46,'c631d8d3842c31c4560935de7fe3963f.jpg','images/stereomicroscope/','DSZ-70BRT-IFL.jpg'),(71,47,'427d4215d422cf3399af4cf22b059075.jpg','images/stereomicroscope/','DSZ-70SBF-SL.jpg'),(72,48,'b47b9219edf4ff1b514962b1cc26b8b1.jpg','images/stereomicroscope/','DSZ-70PIHF-L.jpg'),(73,49,'c63dec135b8ee6681af7a1e3b4218d2f.jpg','images/stereomicroscope/','DSZT-70PFM-X.jpg'),(74,50,'521a437390b4ebde9f26219b4f6a677f.jpg','images/stereomicroscope/','DSZT-70PFM-IFL.jpg'),(75,51,'9c625c547fa2df1c6252c83c3a21fb1a.jpg','images/stereomicroscope/','DSZT-70BRT-IFL.jpg'),(76,52,'e28cfa463ff8340c60428947f014b13e.jpg','images/stereomicroscope/','DSZT-70SBF-SL.jpg'),(155,107,'f6601babc1923e38ac32cbcb78b09135.jpg','images/Image/','CN-T10.jpg'),(154,106,'495ffe54830966e0c0c5cd8af1a0729d.jpg','images/Image/','CN-B10.jpg'),(79,55,'3a4b22bb4132855e20f583c391d6541a.jpg','images/Image/','8 MS.jpg'),(83,59,'b6d24c040016a566aeb507ff1d2d20be.jpg','images/Image/','CST-15.jpg'),(85,61,'b3ad65719e58af644ced5164b113407b.jpg','images/Image/','CS-B15.jpg'),(175,125,'c90fcf3cfba6a0fc47507760c870cda0.jpg','images/stereomicroscope/','CSD-MS-T.jpg'),(87,63,'9972d57588812cb31acf1cf2c4a31886.jpg','images/Image/','CS-M15.jpg'),(174,124,'40258d1c99de6df49d602409f99c0091.jpg','images/stereomicroscope/','CSD-MG-T.jpg'),(173,65,'584a29c7c2ace63c264f006fa8f00c27.jpg','images/Image/','NDL-6 LED.jpg'),(90,66,'971757dce04ee813c47d55bd5d0b4230.jpg','images/Image/','JH.jpg'),(91,67,'6fcb90c2a9347dc8669e43f1bcb3085d.jpg','images/Image/','SHOP MICROSCOPE M1754.jpg'),(92,68,'c051d1daeea0c39a6f1cc5cc75336494.jpg','images/Image/','M300R.jpg'),(93,69,'faa69f0d9df8800560c1db3449b4aa59.jpg','images/Image/','M300-E.jpg'),(95,70,'55329e349124f688996e90a61cb6821a.jpg','images/Image/','M300-C.jpg'),(97,71,'e4b6d12da012ea87f8cc5d2fe48a275a.jpg','images/Image/','M888.jpg'),(98,72,'2a38c57d6c24c8b30a1a281a9a8cde20.jpg','images/Image/','R7519.jpg'),(100,73,'a987b7e6fdde2da63b741acf26f2b995.jpg','images/Image/','M1210, M1207.jpg'),(101,74,'e7ac85508c9bb2667a96ff8a96666284.jpg','images/Image/','SWING OUT.jpg'),(103,76,'d154e194d28995030689cfbb6d56eeda.JPG','images/Image/','AUXILIARY 1.6.JPG'),(104,75,'5e3435677abca21f76f8ada94d5e81f8.jpg','images/Image/','M1240.jpg'),(142,101,'1b8f0e2e55e779d6720d6153846f8d1d.gif','images/stereomicroscope/','XR9503E  2.gif'),(109,78,'f8f7d31a89a31802f9b616e5db433f55.jpg','images/Image/','MIC 56.jpg'),(115,79,'6c1fd5084e3abb9a929f69554cb15645.jpg','images/Image/','HDR61.jpg'),(116,80,'1681f662b504523db2542713a31c7b65.jpg','images/Image/','L-150AR60.jpg'),(117,81,'9b2f24f46694f2f417edb065b71143e6.jpg','images/Image/','L-150AB.jpg'),(118,82,'8041d066c2d8c1d78d03952701b828e0.jpg','images/Image/','ANNULAR  8W.jpg'),(119,83,'a402333236ca5fba7bf981b0789efdd6.jpg','images/Image/','TV-A45.jpg'),(120,84,'65ea10ea9c4f7c95ba9e6a1fb7a9594e.jpg','images/Image/','T-MICRO + T-MOUNT.jpg'),(121,85,'acf203272074fbebadf0ea8d03f32545.jpg','images/Image/','XR9501.jpg'),(136,99,'9a2860dee786470c204c8d4b56f76e86.jpg','images/stereomicroscope/','MZL_745PF_Z1014E.jpg'),(135,98,'c7a9fbedecb14beaf2cbb1e0c608d228.jpg','images/stereomicroscope/','M1234+PIHF+HOLDER+TV+SONY 540.jpg'),(157,89,'60eb1bd683409399e46efa649f1c433a.jpg','images/Image/','DSZ-44JV.jpg'),(127,90,'9f7aebfc1a2d0d9439d76177cc0c77c3.jpg','images/Image/','NSW 1x PXX, DSZ-44PXX.jpg'),(128,91,'0e93dda0b87b3d82ae3ae348f404dc1c.jpg','images/Image/','DFSW + SCALE.jpg'),(129,92,'86e6013438702c1c3865d72b5d4d6968.jpg','images/Image/','DSZT-44PFM-IFH220+Z1014E SET.jpg'),(130,93,'b78624d529ddb428f73b1acf80a7febd.jpg','images/Image/','Magnifier 8064D.jpg'),(131,94,'938642b2598a171572ae7770a2ec3a65.jpg','images/Image/','Magnifier 8066D.jpg'),(132,95,'e3a1edb5e87fe28a48c3c8d96da970ca.jpg','images/Image/','Magnifier 8066BEC.jpg'),(133,96,'4d82b2b21619839c5239321965cc3773.jpg','images/Image/','Magnifier 8069BEC.jpg'),(134,97,'0f704901b7982f1f1bf26120d1cd7873.jpg','images/stereomicroscope/','DSZT-44PFM-X+HDR61+MD130.jpg'),(143,102,'25413e32a07eb629ac4384d2495c8926.gif','images/stereomicroscope/','Mighty Scope.gif'),(144,103,'a2f61dc7a3b040111cb99887d0e94fc3.gif','images/Image/','PHADE CONTRAST.gif'),(170,121,'90082b6f887a8cbfc8f4a2d9b5267895.jpg','images/stereomicroscope/','DSZV-44CTPFM-X-LL WITH LED.jpg'),(169,120,'bea53cc818eac82aff7ddc616f5e3846.jpg','images/Image/','UN-S200 With Flu 9W.jpg'),(156,108,'262296d813a13c51ba57c112a72d865b.jpg','images/Image/','CSD-DL-P.jpg'),(158,109,'b34e4270a68c7da365fe3fee13d1a85a.jpg','images/stereomicroscope/','PFM-LED.jpg'),(159,110,'58caed5593d9817cbbe8c05f9d3b3b91.jpg','images/Image/','LED ILLUMINATOR.jpg'),(160,111,'2d6f5f2c5f29357ee8b60beaa35728d1.jpg','images/stereomicroscope/','DSZV-44CT-PFM-LED.jpg'),(161,112,'8afd792410ee03a1df11e38b34574f0d.jpg','images/stereomicroscope/','BH-13PFM-IFH.jpg'),(162,113,'0910a2860b29c9354ed0b7c5a7534198.jpg','images/stereomicroscope/','BH-13PFM-LED.jpg'),(163,114,'606542fc2326a058787b70747dbee0da.jpg','images/stereomicroscope/','BH-13BRF-IFH220.jpg'),(164,115,'3fe5f4b647d36b582826141c1a7e97c3.jpg','images/stereomicroscope/','NIM 100.jpg'),(167,118,'68e62355895984c9dfb267d80b5802e9.jpg','images/stereomicroscope/','CSD-MS-T.jpg'),(168,119,'d4972233670006f1de091c417b3eefea.jpg','images/stereomicroscope/','CSD-MG-T.jpg'),(171,122,'47a425ab0949ca10778e63f8c8544282.jpg','images/stereomicroscope/','TV LOUPE 7-50x PFM-X WITH LED.jpg'),(172,123,'84f9916e940884570a308680f144be97.jpg','images/stereomicroscope/','MICRO MEASURE.jpg');

--
-- Table structure for table `web_product_images_seq`
--

CREATE TABLE `web_product_images_seq` (
  `id` int(10) unsigned NOT NULL AUTO_INCREMENT,
  PRIMARY KEY (`id`)
) ENGINE=MyISAM AUTO_INCREMENT=176 DEFAULT CHARSET=utf8;

--
-- Dumping data for table `web_product_images_seq`
--

INSERT INTO `web_product_images_seq` (`id`) VALUES (175);

--
-- Table structure for table `web_product_message`
--

CREATE TABLE `web_product_message` (
  `article_message_id` int(11) NOT NULL DEFAULT '0',
  `web_lang_id` int(2) NOT NULL DEFAULT '0',
  `article_id` int(11) NOT NULL DEFAULT '0',
  `title` varchar(255) NOT NULL DEFAULT '',
  `message` mediumtext NOT NULL,
  `extra_field1` varchar(255) DEFAULT NULL,
  `extra_field2` varchar(255) DEFAULT NULL,
  `extra_field3` varchar(255) DEFAULT NULL,
  `extra_field4` varchar(255) DEFAULT NULL,
  `extra_field5` varchar(255) DEFAULT NULL,
  PRIMARY KEY (`article_message_id`)
) ENGINE=MyISAM DEFAULT CHARSET=utf8;

--
-- Dumping data for table `web_product_message`
--

INSERT INTO `web_product_message` (`article_message_id`, `web_lang_id`, `article_id`, `title`, `message`, `extra_field1`, `extra_field2`, `extra_field3`, `extra_field4`, `extra_field5`) VALUES (2,1,2,'Aluminium  Part','<p>ASSEMBLING (การประกอบชิ้นงาน) ASSEMBLING (การประกอบชิ้นงาน) ASSEMBLING (การประกอบชิ้นงาน)</p>','Aluminium Part-001',NULL,'','',''),(22,1,22,'DSZ-44 series features a zoom magnification of 10x to 44x (zoom ratio 4.4:1) with standard eye-pieces 10x.  A wide range of magnification from 2.5x to 140.8x is available with optional lenses.','<meta name=\"verify-v1\" content=\"4pdAy7LC7RQBIsg+jb1uliyNUsNi0hwxcM4R1jXhZzY=\" /> \r\n<p><strong>Large stage is equipped for convenience of work.<br />\r\nThe stand is suitable for use of the existing or optional illuminator.</strong></p>','DSZ- 44PFM -X','10','','',''),(32,1,32,'SPZ-50 series offers an outstandingly large zoom ratio 7.50:1 and the total zoom magnification from 6.7x to 50x with standard eyepiece DHW10x. The SPZ-50\'s having the high eye point of 17mm creates comfortable us even for operators with eye-glasses.','<p><strong>Large stage is equipped for convenience of work.<br />\r\nA long life and low temperature 9W fluorescent lamp is used for the built-in incident light.</strong></p>','SPZ-50PFM-IFM','19','','',''),(31,1,31,'SPZ-50 series offers an outstandingly large zoom ratio 7.50:1 and the total zoom magnification from 6.7x to 50x with standard eyepiece DHW10x. The SPZ-50\'s having the high eye point of 17mm. creates comfortable us even for operators with eye-glasses.','<p><strong>Large stage is equipped for convenience of work. <br />\r\nThe stand is suitable for use of existing or optional illuminator.</strong></p>','SPZ-50PFM-X','19','','',''),(16,1,16,'NSW series features a dual magnification of 6x & 20x, 10x & 20x, 10x & 30x or 20x & 40x, and a fixed magnification of 10x or 20x, with standard eyepieces 10x. A wide variety of stand and illuminators are available to suit many different applications.','<p><strong>Large stage is equipped for convenience of work.<br />\r\nThe stand is suitable for use of the existing or optional illuminator.</strong></p>','NSW-620, 12, 13, 24 PFM-X','17','','',''),(17,1,17,'NSW series features a dual magnification of 6x & 20x, 10x & 20x, 10x & 30x or 20x & 40x, and a fixed magnification of 10x or 20x, with standard eyepieces 10x. A wide variety of stand and illuminators are available to suit many different applications.','<p><strong>Large stage is equipped for convenience of work.<br />\r\nA long life and low temperature 9W fluorescent lamp is used for the built-in incident light.</strong></p>','NSW-620, 12, 13, 24 PFM-IFH220','17','','',''),(18,1,18,'NSW series features a dual magnification of 6x & 20x, 10x & 20x, 10x & 30x or 20x & 40x, and a fixed magnification of 10x or 20x, with standard eyepieces 10x. A wide variety of stand and illuminators are available to suit many different applications.','<p><strong>Transmitted &amp; incident lights are built in the stand.<br />\r\nThe incident light is composed of 9W fluorescent lamp having a long life and a low temperature.</strong></p>','NSW-620, 12, 13, 24 BRT-IFH220','17','','',''),(19,1,19,'NSW series features a dual magnification of 6x & 20x, 10x & 20x, 10x & 30x or 20x & 40x, and a fixed magnification of 10x or 20x, with standard eyepieces 10x. A wide variety of stand and illuminators are available to suit many different applications.','<p><strong>Transmitted &amp; incident lights composed of Tungsten lamps are built in the stand. <br />\r\nA low voltage lamp 6V 12W is used for the incident light of the stand type E to make whitish light.</strong></p>','NSW-620, 12, 13, 24 BRT-IHV OR ILV','17','','',''),(20,1,20,'NSWT series is also available for TV microscopy and photomicrography. It features the same as the NSW series.','<p><strong>Large stage is equipped for convenience of work.<br />\r\nA long life and low temperature 9W fluorescent lamp is used for the built-in incident light.</strong></p>','NSWT-620, 12, 13, 24 PFM-X','18','','',''),(21,1,21,'NSWT series is also available for TV microscopy and photomicrography. It features the same as the NSW series.','<p><strong>Large stage with brightness Adjustable (dimmer).</strong></p>','NSWT-620, 12, 13, 24 PIHF','18','','',''),(23,1,23,'DSZ-44 series features a zoom magnification of 10x to 44x (zoom ratio 4.4:1) with standard eye-pieces 10x.  A wide range of magnification from 2.5x to 140.8x is available with optional lenses.','<p><strong>Large stage is equipped for convenience of work.<br />\r\nA long life and low temperature 9W fluorescent lamp is used for the built-in incident light.</strong></p>','DSZ- 44PFM-IFH','10','','',''),(24,1,24,'The DSZ-44 series features a zoom magnification of 10x to 44x (zoom ratio 4.4:1) with standard eye-pieces 1Ox. A wide range of magnification from 2.5x to 140.8x is available with optional lenses.','<p><strong>Transmitted &amp; incident lights are built in the stand.<br />\r\nThe incident light is composed of 9W fluorescent lamp having a long life and a low temperature.</strong></p>','DSZ - 44BRT - IFH','10','','',''),(25,1,25,'The DSZ-44 series features a zoom magnification of 10x to 44x (zoom ratio 4.4:1) with standard eye-pieces 1Ox. A wide range of magnification from 2.5x to 140.8x is available with optional lenses.','<p><strong>Transmitted &amp; incident lights are built in the stand.<br />\r\nThe incident light is composed of 9W fluorescent lamp having a long life and<br />\r\na low temperature.</strong></p>','DSZ - 44 PITF','10','','',''),(26,1,26,'The DSZ-44 series features a zoom magnification of 10x to 44x (zoom ratio 4.4:1) with standard eye-pieces 1Ox. A wide range of magnification from 2.5x to 140.8x is available with optional lenses.','<p><strong>Large stage with brightness Adjustable (dimmer).</strong></p>','DSZ - 44PIHF','10','','',''),(27,1,27,'The DSZ-44 series features a zoom magnification of 10x to 44x (zoom ratio 4.4:1) with standard eye-pieces 1Ox. A wide range of magnification from 2.5x to 140.8x is available with optional lenses.','<p><strong>Small stage (144mm width) is equipped for placement on narrow space.<br />\r\nA long life and low temperature 9W fluorescent lamp is used for the built-in incident light.</strong></p>','DSZ - 44SBF - S','10','','',''),(28,1,28,'DSZT-44 series is provided with trinocular body for TV microscopy and photomicrography.\r\nIt features the same zoom magnification of 10x to 44x as the DSZ-44 series.','<p><strong>Large stage is equipped for convenience of work.<br />\r\nThe stand is suitable for use of the existing or optional illuminator.</strong></p>','DSZT- 44PFM-X','10','','',''),(35,1,35,'SPZ-50 series offers an outstandingly large zoom ratio 7.50:1 and the total zoom magnification from 6.7x to 50x with standard eyepiece DHW10x. The SPZ-50\'s having the high eye point of 17mm creates comfortable us even for operators with eye-glasses.','<p><strong>Transmitted &amp; incident lights are built in the stand.</strong></p>','SPZ-50PITF-M','19','','',''),(36,1,36,'SPZ-50 series offers an outstandingly large zoom ratio 7.50:1 and the total zoom magnification from 6.7x to 50x with standard eyepiece DHW10x. The SPZ-50\'s having the high eye point of 17mm creates comfortable us even for operators with eye-glasses.','<p><strong>Universal boom stand is equipped for large specimen.  </strong></p>','SPZ-50UN','19','','',''),(34,1,34,'SPZ-50 series offers an outstandingly large zoom ratio 7.50:1 and the total zoom magnification from 6.7x to 50x with standard eyepiece DHW10x. The SPZ-50\'s having the high eye point of 17mm creates comfortable us even for operators with eye-glasses.','<p><strong>Small stage (144 mm. width) is equipped for placement on narrow space. <br />\r\nA long life and low temperature 9W fluorescent lamp is used for the built-in incident light.</strong></p>','SPZ-50SBF-M','19','','',''),(37,1,37,'SPZT~50 series is same as the SPZ-50 except for trinocular type. It has a vertical tube for the purpose of TV monitoring and photomicrography. The image on the monitor or camera is focusable with the dioptor adjustment ring provided on the vertical tube a','<p><strong>Large stage is equipped for convenience of work.<br />\r\nA long life and low temperature 9W fluorescent lamp is used for the built-in incident light.</strong></p>','SPZT-50PFM-IFM','19','','',''),(38,1,38,'SPZT~50 series is same as the SPZ-50 except for trinocular type. It has a vertical tube for the purpose of TV monitoring and photomicrography. The image on the monitor or camera is focusable with the dioptor adjustment ring provided on the vertical tube a','<p><strong>Large stage with brightness Adjustable (dimmer).</strong></p>','SPZT-50PIHF-M','19','','',''),(39,1,39,'SPZT~50 series is same as the SPZ-50 except for trinocular type. It has a vertical tube for the purpose of TV monitoring and photomicrography. The image on the monitor or camera is focusable with the dioptor adjustment ring provided on the vertical tube a','<p><strong>Small stage (144 mm. width) is equipped for placement on narrow space. <br />\r\nA long life and low temperature 9W fluorescent lamp is used for the built-in incident light.</strong></p>','SPZT-50SBF-SM','19','','',''),(40,1,40,'SPZT~50 series is same as the SPZ-50 except for trinocular type. It has a vertical tube for the purpose of TV monitoring and photomicrography. The image on the monitor or camera is focusable with the dioptor adjustment ring provided on the vertical tube a','<p><strong>Universal boom stand is equipped for large specimen. <br />\r\nA long life and low temperature 9W fluorescent lamp is used for the built-in incident light.</strong></p>','SPZT-50UNF-SM','19','','',''),(41,1,41,'DSZT-44 series is provided with trinocular body for TV microscopy and photomicrography.\r\nIt features the same zoom magnification of 10x to 44x as the DSZ-44 series.','<p><strong>Large stage is equipped for convenience of work.<br />\r\nA long life and low temperature 9W fluorescent lamp is used for the built-in incident light.</strong><br />\r\n&nbsp;</p>','DSZT-44PFM-IFH','10','','',''),(42,1,42,'DSZT-44 series is provided with trinocular body for TV microscopy and photomicrography.\r\nIt features the same zoom magnification of 10x to 44x as the DSZ-44 series.','<p><strong>Transmitted &amp; incident lights are built in the stand.<br />\r\nThe incident light is composed of 9W fluorescent lamp having a long life and a low temperature.</strong></p>','DSZT-44BRT-IFH','10','','',''),(43,1,43,'DSZT-44 series is provided with trinocular body for TV microscopy and photomicrography.\r\nIt features the same zoom magnification of 10x to 44x as the DSZ-44 series.','<p><strong>Transmitted &amp; incident lights are built in the stand.</strong></p>','DSZT-44PITF','10','','',''),(44,1,44,'DSZ-70 series offer a high power range and they feature a zoom magnification of 20x to 70x (zoom ratio 3.5:1) with standard eyepieces 10x. A wide range of magnification from 5x to 224x are also available with optional lenses.','<p><strong>Large stage is equipped for convenience of work. <br />\r\nThe stand is suitable for use of existing or optional illuminator.</strong></p>','DSZ-70PFM-X','20','','',''),(45,1,45,'DSZ-70 series offer a high power range and they feature a zoom magnification of 20x to 70x (zoom ratio 3.5:1) with standard eyepieces 10x. A wide range of magnification from 5x to 224x are also available with optional lenses.','<p><strong>Large stage is equipped for convenience of work.<br />\r\nA long life and low temperature 9W fluorescent lamp is used for the built-in incident light.</strong></p>','DSZ-70PFM-IFL','20','','',''),(46,1,46,'DSZ-70 series offer a high power range and they feature a zoom magnification of 20x to 70x (zoom ratio 3.5:1) with standard eyepieces 10x. A wide range of magnification from 5x to 224x are also available with optional lenses.','<p><strong>Transmitted &amp; incident lights are built in the stand.<br />\r\nThe incident light is composed of 9W fluorescent lamp having a long life and a low temperature.</strong></p>','DSZ-70BRT-IFL','20','','',''),(47,1,47,'DSZ-70 series offer a high power range and they feature a zoom magnification of 20x to 70x (zoom ratio 3.5:1) with standard eyepieces 10x. A wide range of magnification from 5x to 224x are also available with optional lenses.','<p><strong>Small stage (144 mm. width) is equipped for placement on narrow space. <br />\r\nA long life and low temperature 9W fluorescent lamp is used for the built-in incident light.</strong></p>','DSZ-70SBF-SL','20','','',''),(48,1,48,'DSZ-70 series offer a high power range and they feature a zoom magnification of 20x to 70x (zoom ratio 3.5:1) with standard eyepieces 10x. A wide range of magnification from 5x to 224x are also available with optional lenses.','<p><strong>Large stage with brightness Adjustable (dimmer).</strong></p>','DSZ-70PIHF-L','20','','',''),(49,1,49,'DSZT-70 series is also available for TV microscopy and photomicrography.\r\nIt features the same zoom magnification of 20x to 70x as the DSZ-70 series.','<p><strong>Large stage is equipped for convenience of work. <br />\r\nThe stand is suitable for use of existing or optional illuminator.</strong></p>','DSZT-70PFM-X','20','','',''),(50,1,50,'DSZT-70 series is also available for TV microscopy and photomicrography.\r\nIt features the same zoom magnification of 20x to 70x as the DSZ-70 series.','<p><strong>Large stage is equipped for convenience of work.<br />\r\nA long life and low temperature 9W fluorescent lamp is used for the built-in incident light.</strong></p>','DSZT-70PFM-IFL','20','','',''),(51,1,51,'DSZT-70 series is also available for TV microscopy and photomicrography.\r\nIt features the same zoom magnification of 20x to 70x as the DSZ-70 series.','<p><strong>Transmitted &amp; incident lights are built in the stand.<br />\r\nThe incident light is composed of 9W fluorescent lamp having a long life and a low temperature.</strong></p>','DSZT-70BRT-IFL','20','','',''),(52,1,52,'DSZT-70 series is also available for TV microscopy and photomicrography.\r\nIt features the same zoom magnification of 20x to 70x as the DSZ-70 series.','<p><strong>Small stage (144 mm. width) is equipped for placement on narrow space. <br />\r\nA long life and low temperature 9W fluorescent lamp is used for the built-in incident light.</strong></p>','DSZT-70SBF-SL','20','','',''),(106,1,106,'CN SERIES\r\n\r\nThe CN series is designed as the high performance small foot-print microscope ideal for every users from students to professionals. Various optics can be equipped to meet all applications.','<table cellspacing=\"0\" cellpadding=\"0\" border=\"0\" x:str=\"\" style=\"border-collapse: collapse; width: 480px; height: 190px;\">\r\n    <tbody>\r\n        <tr height=\"17\" style=\"height: 12.75pt;\">\r\n        </tr>\r\n        <tr height=\"17\" style=\"height: 12.75pt;\">\r\n            <td height=\"17\" align=\"left\" width=\"106\" class=\"xl24\" style=\"height: 12.75pt; width: 80pt;\"><strong>Magnification</strong></td>\r\n            <td width=\"21\" class=\"xl25\" style=\"width: 16pt;\">:</td>\r\n            <td align=\"left\" width=\"440\" class=\"xl24\" style=\"width: 330pt;\">40x - 1000x</td>\r\n        </tr>\r\n        <tr height=\"19\" style=\"height: 14.25pt;\">\r\n            <td height=\"19\" align=\"left\" class=\"xl24\" style=\"height: 14.25pt;\"><strong>Head</strong></td>\r\n            <td class=\"xl25\">:</td>\r\n            <td align=\"left\" class=\"xl24\">Binocular 360<font class=\"font6\"><sup>o</sup></font><font class=\"font5\"> rotatable, 30</font><font class=\"font6\"><sup>o</sup></font><font class=\"font5\"> inclined.</font></td>\r\n        </tr>\r\n        <tr height=\"17\" style=\"height: 12.75pt;\">\r\n            <td height=\"17\" align=\"left\" class=\"xl24\" style=\"height: 12.75pt;\"><strong>Eyepieces</strong></td>\r\n            <td class=\"xl25\">:</td>\r\n            <td align=\"left\" class=\"xl24\" x:str=\"WF10x , WF15x \">WF10x&nbsp; FN.18</td>\r\n        </tr>\r\n        <tr height=\"17\" style=\"height: 12.75pt;\">\r\n            <td height=\"17\" align=\"left\" class=\"xl24\" style=\"height: 12.75pt;\"><strong>Objectives</strong></td>\r\n            <td class=\"xl25\">:</td>\r\n            <td align=\"left\" class=\"xl24\">4x, 10x, 40xs, 100xs</td>\r\n        </tr>\r\n        <tr height=\"17\" style=\"height: 12.75pt;\">\r\n            <td height=\"17\" align=\"left\" class=\"xl24\" style=\"height: 12.75pt;\"><strong>Nosepiece</strong></td>\r\n            <td class=\"xl25\">:</td>\r\n            <td align=\"left\" class=\"xl24\">Quadruple revolving.</td>\r\n        </tr>\r\n        <tr height=\"17\" style=\"height: 12.75pt;\">\r\n            <td height=\"17\" align=\"left\" class=\"xl24\" style=\"height: 12.75pt;\" x:str=\"Condenser \"><strong>Condenser<span style=\"\">&nbsp;</span></strong></td>\r\n            <td class=\"xl25\">:</td>\r\n            <td align=\"left\" class=\"xl24\">Abbe Type N.A.1.25</td>\r\n        </tr>\r\n        <tr height=\"17\" style=\"height: 12.75pt;\">\r\n            <td height=\"17\" align=\"left\" class=\"xl24\" style=\"height: 12.75pt;\"><strong>Stage</strong></td>\r\n            <td class=\"xl25\">:</td>\r\n            <td align=\"left\" class=\"xl24\">125 mm x 134 mm</td>\r\n        </tr>\r\n        <tr height=\"17\" style=\"height: 12.75pt;\">\r\n            <td height=\"17\" align=\"left\" class=\"xl24\" style=\"height: 12.75pt;\"><strong>Focus Controls</strong></td>\r\n            <td class=\"xl25\">:</td>\r\n            <td align=\"left\" class=\"xl24\">Coaxial Coarse and Fine Stage Adjustment</td>\r\n        </tr>\r\n        <tr height=\"17\" style=\"height: 12.75pt;\">\r\n            <td height=\"17\" align=\"left\" class=\"xl24\" style=\"height: 12.75pt;\"><strong>Light Source</strong></td>\r\n            <td class=\"xl25\">:</td>\r\n            <td align=\"left\" class=\"xl24\">LED 3 W, with intensity control.</td>\r\n        </tr>\r\n        <tr height=\"17\" style=\"height: 12.75pt;\">\r\n            <td height=\"17\" align=\"left\" class=\"xl24\" style=\"height: 12.75pt;\"><strong>Packing</strong></td>\r\n            <td class=\"xl25\">:</td>\r\n            <td align=\"left\" class=\"xl24\">In styrofoam container.</td>\r\n        </tr>\r\n        <tr height=\"17\" style=\"height: 12.75pt;\">\r\n            <td height=\"17\" align=\"left\" class=\"xl24\" style=\"height: 12.75pt;\"><strong>Accessories</strong></td>\r\n            <td class=\"xl25\">:</td>\r\n            <td align=\"left\" class=\"xl24\">White filter, Dust cover,   Immersion oil.</td>\r\n        </tr>\r\n    </tbody>\r\n</table>','CN-B10',NULL,NULL,NULL,NULL),(55,1,55,'MECHANICAL STAGE','<p><strong>Attachable Mechanical Stage (Option) Model 8MS<br />\r\nVertical separate drive control<br />\r\nRunning through 31 mm x 66mm<br />\r\nMinimum reading 0.1 mm by vernier</strong></p>','8 MS','','','',''),(107,1,107,'CN SERIES\r\n\r\nThe CN series is designed as the high performance small foot-print microscope ideal for every users from students to professionals. Various optics can be equipped to meet all applications.','<table cellspacing=\"0\" cellpadding=\"0\" border=\"0\" style=\"border-collapse: collapse; width: 480px; height: 190px;\" x:str=\"\">\r\n    <tbody>\r\n        <tr height=\"17\" style=\"height: 12.75pt;\">\r\n            <tr height=\"17\" style=\"height: 12.75pt;\">\r\n                <td height=\"17\" align=\"left\" width=\"106\" style=\"height: 12.75pt; width: 80pt;\" class=\"xl24\"><strong>Magnification</strong></td>\r\n                <td width=\"21\" style=\"width: 16pt;\" class=\"xl25\">:</td>\r\n                <td align=\"left\" width=\"440\" style=\"width: 330pt;\" class=\"xl24\">40x - 1000x</td>\r\n            </tr>\r\n            <tr height=\"19\" style=\"height: 14.25pt;\">\r\n                <td height=\"19\" align=\"left\" style=\"height: 14.25pt;\" class=\"xl24\"><strong>Head</strong></td>\r\n                <td class=\"xl25\">:</td>\r\n                <td align=\"left\" class=\"xl24\">Trinocular 360<font class=\"font6\"><sup>o</sup></font><font class=\"font5\"> rotatable, 30</font><font class=\"font6\"><sup>o</sup></font><font class=\"font5\"> inclined.</font></td>\r\n            </tr>\r\n            <tr height=\"17\" style=\"height: 12.75pt;\">\r\n                <td height=\"17\" align=\"left\" style=\"height: 12.75pt;\" class=\"xl24\"><strong>Eyepieces</strong></td>\r\n                <td class=\"xl25\">:</td>\r\n                <td align=\"left\" x:str=\"WF10x , WF15x \" class=\"xl24\">WF10x&nbsp; FN.18</td>\r\n            </tr>\r\n            <tr height=\"17\" style=\"height: 12.75pt;\">\r\n                <td height=\"17\" align=\"left\" style=\"height: 12.75pt;\" class=\"xl24\"><strong>Objectives</strong></td>\r\n                <td class=\"xl25\">:</td>\r\n                <td align=\"left\" class=\"xl24\">4x, 10x, 40xs, 100xs</td>\r\n            </tr>\r\n            <tr height=\"17\" style=\"height: 12.75pt;\">\r\n                <td height=\"17\" align=\"left\" style=\"height: 12.75pt;\" class=\"xl24\"><strong>Nosepiece</strong></td>\r\n                <td class=\"xl25\">:</td>\r\n                <td align=\"left\" class=\"xl24\">Quadruple revolving.</td>\r\n            </tr>\r\n            <tr height=\"17\" style=\"height: 12.75pt;\">\r\n                <td height=\"17\" align=\"left\" x:str=\"Condenser \" style=\"height: 12.75pt;\" class=\"xl24\"><strong>Condenser<span style=\"\">&nbsp;</span></strong></td>\r\n                <td class=\"xl25\">:</td>\r\n                <td align=\"left\" class=\"xl24\">Abbe Type N.A.1.25</td>\r\n            </tr>\r\n            <tr height=\"17\" style=\"height: 12.75pt;\">\r\n                <td height=\"17\" align=\"left\" style=\"height: 12.75pt;\" class=\"xl24\"><strong>Stage</strong></td>\r\n                <td class=\"xl25\">:</td>\r\n                <td align=\"left\" class=\"xl24\">125 mm x 134 mm</td>\r\n            </tr>\r\n            <tr height=\"17\" style=\"height: 12.75pt;\">\r\n                <td height=\"17\" align=\"left\" style=\"height: 12.75pt;\" class=\"xl24\"><strong>Focus Controls</strong></td>\r\n                <td class=\"xl25\">:</td>\r\n                <td align=\"left\" class=\"xl24\">Coaxial Coarse and Fine Stage Adjustment</td>\r\n            </tr>\r\n            <tr height=\"17\" style=\"height: 12.75pt;\">\r\n                <td height=\"17\" align=\"left\" style=\"height: 12.75pt;\" class=\"xl24\"><strong>Light Source</strong></td>\r\n                <td class=\"xl25\">:</td>\r\n                <td align=\"left\" class=\"xl24\">LED 3 W, with intensity control.</td>\r\n            </tr>\r\n            <tr height=\"17\" style=\"height: 12.75pt;\">\r\n                <td height=\"17\" align=\"left\" style=\"height: 12.75pt;\" class=\"xl24\"><strong>Packing</strong></td>\r\n                <td class=\"xl25\">:</td>\r\n                <td align=\"left\" class=\"xl24\">In styrofoam container.</td>\r\n            </tr>\r\n            <tr height=\"17\" style=\"height: 12.75pt;\">\r\n                <td height=\"17\" align=\"left\" style=\"height: 12.75pt;\" class=\"xl24\"><strong>Accessories</strong></td>\r\n                <td class=\"xl25\">:</td>\r\n                <td align=\"left\" class=\"xl24\">White filter, Dust cover,   Immersion oil.</td>\r\n            </tr>\r\n        </tr>\r\n    </tbody>\r\n</table>','CN-T10',NULL,NULL,NULL,NULL),(68,1,68,'GLIDING STAGES','<p>ROTATABLE GLIDING STAGE</p>\r\n<p>Size : 135 mm</p>\r\n<p>Range of movement : 25mm x 25mm</p>','M300-R','','','',''),(69,1,69,'GLIDING STAGES','<p>XY GLIDING STAGE</p>\r\n<p>Size : 104mm x 114mm</p>\r\n<p>Range of movement : 94mm x 66mm</p>','M300-E',NULL,NULL,NULL,NULL),(70,1,70,'GLIDING STAGES','<p>GLIDING STAGE WITH ATTACHMENTS</p>\r\n<p>For micrometers MITUTOYO No.150-192 (MHN1-25)</p>\r\n<p>Size : 114mm x 114mm</p>\r\n<p>Range of movement : 25mm x 25mm</p>\r\n<p>*Remarks : Micrometer is not included.</p>','M300-C',NULL,NULL,NULL,NULL),(71,1,71,'POCKET MICROSCOPE WITH LIGHT','<p><strong>MODEL M887</strong></p>\r\n<p>30X WITH SCALE AND CASE</p>\r\n<p><strong>MODEL M888</strong></p>\r\n<p>20X WITH CASE</p>\r\n<p><strong>MODEL M889 </strong></p>\r\n<p>50X WITH SCALE AND CASE</p>\r\n<p>(SCALE : Measuring range 4mm minimum graduation 0.1mm)</p>','M887, M888, M889',NULL,NULL,NULL,NULL),(72,1,72,'LED FLASH LOUPE','<p>10X WITH CASE</p>\r\n<p>LENS :&nbsp; Dia.27mm.</p>','R7519','','','',''),(73,1,73,'SCALE LOUPES','<p>FOR PRINTING, MACHINING, INSPECTION, MEASUREMENTS, ETC.</p>\r\n<p>&nbsp;</p>\r\n<p>&nbsp;</p>\r\n<table width=\"375\" cellspacing=\"0\" cellpadding=\"0\" border=\"0\" x:str=\"\" style=\"border-collapse: collapse; width: 281pt;\">\r\n    <col width=\"120\" style=\"width: 90pt;\" />  <col width=\"128\" style=\"width: 96pt;\" />  <col width=\"127\" style=\"width: 95pt;\" />\r\n    <tbody>\r\n        <tr height=\"17\" style=\"height: 12.75pt;\">\r\n            <td height=\"17\" width=\"120\" class=\"xl24\" style=\"height: 12.75pt; width: 90pt;\">&nbsp;</td>\r\n            <td width=\"128\" class=\"xl24\" style=\"width: 96pt;\"><strong>&nbsp;&nbsp;&nbsp;&nbsp;&nbsp;&nbsp;&nbsp;&nbsp;&nbsp;&nbsp;&nbsp;&nbsp;&nbsp;&nbsp; M1207</strong></td>\r\n            <td width=\"127\" class=\"xl24\" style=\"width: 95pt;\"><strong>&nbsp;&nbsp;&nbsp;&nbsp;&nbsp;&nbsp;&nbsp;&nbsp;&nbsp;&nbsp;&nbsp;&nbsp;&nbsp;&nbsp;&nbsp; M1210</strong></td>\r\n        </tr>\r\n        <tr height=\"17\" style=\"height: 12.75pt;\">\r\n            <td height=\"17\" class=\"xl25\" style=\"height: 12.75pt;\">Magnification</td>\r\n            <td class=\"xl24\">&nbsp;&nbsp;&nbsp;&nbsp;&nbsp;&nbsp;&nbsp;&nbsp;&nbsp;&nbsp;&nbsp;&nbsp;&nbsp;&nbsp;&nbsp;&nbsp;&nbsp; 7x</td>\r\n            <td class=\"xl24\">&nbsp;&nbsp;&nbsp;&nbsp;&nbsp;&nbsp;&nbsp;&nbsp;&nbsp;&nbsp;&nbsp;&nbsp;&nbsp;&nbsp;&nbsp;&nbsp;&nbsp;&nbsp; 10x</td>\r\n        </tr>\r\n        <tr height=\"17\" style=\"height: 12.75pt;\">\r\n            <td height=\"17\" class=\"xl25\" style=\"height: 12.75pt;\">Lens Diameter</td>\r\n            <td class=\"xl24\">&nbsp;&nbsp;&nbsp;&nbsp;&nbsp;&nbsp;&nbsp;&nbsp;&nbsp;&nbsp;&nbsp;&nbsp;&nbsp;&nbsp;&nbsp; 25mm.</td>\r\n            <td class=\"xl24\">&nbsp;&nbsp;&nbsp;&nbsp;&nbsp;&nbsp;&nbsp;&nbsp;&nbsp;&nbsp;&nbsp;&nbsp;&nbsp;&nbsp;&nbsp;&nbsp; 19mm.</td>\r\n        </tr>\r\n    </tbody>\r\n</table>\r\n<p>&nbsp;</p>\r\n<p><strong>SCALE PATTERNS</strong></p>\r\n<p>No.1 Lengths in either inches or millimeters can be measured with the appropriate line. Maximum: 0.6&quot; or 16mm.<br />\r\nNo.2 Lengths can be measured in 0.1 millimeters increments. Maximum: 16mm.<br />\r\nNo.3 Angles, radius, diameters,widths, etc. can be measured mainly in inches.<br />\r\nNo.4 Angles, radius, diameters,etc. can be measured mainly in millimeters.</p>','M1207, M1210',NULL,NULL,NULL,NULL),(59,1,59,'CS SERIES','<p>&nbsp;</p>\r\n<table cellspacing=\"0\" cellpadding=\"0\" border=\"0\" x:str=\"\" style=\"border-collapse: collapse; width: 480px; height: 190px;\">\r\n    <colgroup><col width=\"106\" style=\"width: 80pt;\" />  <col width=\"21\" style=\"width: 16pt;\" />  <col width=\"440\" style=\"width: 330pt;\" />     </colgroup>\r\n    <tbody>\r\n        <tr height=\"17\" style=\"height: 12.75pt;\">\r\n            <td width=\"106\" height=\"17\" align=\"left\" class=\"xl24\" style=\"height: 12.75pt; width: 80pt;\"><strong>Magnification</strong></td>\r\n            <td width=\"21\" class=\"xl25\" style=\"width: 16pt;\">:</td>\r\n            <td width=\"440\" align=\"left\" class=\"xl24\" style=\"width: 330pt;\">40x - 1500x</td>\r\n        </tr>\r\n        <tr height=\"19\" style=\"height: 14.25pt;\">\r\n            <td height=\"19\" align=\"left\" class=\"xl24\" style=\"height: 14.25pt;\"><strong>Head</strong></td>\r\n            <td class=\"xl25\">:</td>\r\n            <td align=\"left\" class=\"xl24\">Trinocular 360<font class=\"font6\"><sup>o</sup></font><font class=\"font5\"> rotatable, 30</font><font class=\"font6\"><sup>o</sup></font><font class=\"font5\"> inclined.</font></td>\r\n        </tr>\r\n        <tr height=\"17\" style=\"height: 12.75pt;\">\r\n            <td height=\"17\" align=\"left\" class=\"xl24\" style=\"height: 12.75pt;\"><strong>Eyepieces</strong></td>\r\n            <td class=\"xl25\">:</td>\r\n            <td align=\"left\" class=\"xl24\" x:str=\"WF10x , WF15x \">WF10x , WF15x<span style=\"\">&nbsp;</span></td>\r\n        </tr>\r\n        <tr height=\"17\" style=\"height: 12.75pt;\">\r\n            <td height=\"17\" align=\"left\" class=\"xl24\" style=\"height: 12.75pt;\"><strong>Objectives</strong></td>\r\n            <td class=\"xl25\">:</td>\r\n            <td align=\"left\" class=\"xl24\">4x, 10x, 40xs, 100xs</td>\r\n        </tr>\r\n        <tr height=\"17\" style=\"height: 12.75pt;\">\r\n            <td height=\"17\" align=\"left\" class=\"xl24\" style=\"height: 12.75pt;\"><strong>Nosepiece</strong></td>\r\n            <td class=\"xl25\">:</td>\r\n            <td align=\"left\" class=\"xl24\">Quadruple revolving.</td>\r\n        </tr>\r\n        <tr height=\"17\" style=\"height: 12.75pt;\">\r\n            <td height=\"17\" align=\"left\" class=\"xl24\" style=\"height: 12.75pt;\" x:str=\"Condenser \"><strong>Condenser<span style=\"\">&nbsp;</span></strong></td>\r\n            <td class=\"xl25\">:</td>\r\n            <td align=\"left\" class=\"xl24\">Abbe Type N.A.1.25</td>\r\n        </tr>\r\n        <tr height=\"17\" style=\"height: 12.75pt;\">\r\n            <td height=\"17\" align=\"left\" class=\"xl24\" style=\"height: 12.75pt;\"><strong>Stage</strong></td>\r\n            <td class=\"xl25\">:</td>\r\n            <td align=\"left\" class=\"xl24\">141mm x 131mm</td>\r\n        </tr>\r\n        <tr height=\"17\" style=\"height: 12.75pt;\">\r\n            <td height=\"17\" align=\"left\" class=\"xl24\" style=\"height: 12.75pt;\"><strong>Focus Controls</strong></td>\r\n            <td class=\"xl25\">:</td>\r\n            <td align=\"left\" class=\"xl24\">Coaxial Coarse and Fine Stage Adjustment</td>\r\n        </tr>\r\n        <tr height=\"17\" style=\"height: 12.75pt;\">\r\n            <td height=\"17\" align=\"left\" class=\"xl24\" style=\"height: 12.75pt;\"><strong>Light Source</strong></td>\r\n            <td class=\"xl25\">:</td>\r\n            <td align=\"left\" class=\"xl24\">LED 3W, with intensity control.</td>\r\n        </tr>\r\n        <tr height=\"17\" style=\"height: 12.75pt;\">\r\n            <td height=\"17\" align=\"left\" class=\"xl24\" style=\"height: 12.75pt;\"><strong>Packing</strong></td>\r\n            <td class=\"xl25\">:</td>\r\n            <td align=\"left\" class=\"xl24\">In styrofoam container.</td>\r\n        </tr>\r\n        <tr height=\"17\" style=\"height: 12.75pt;\">\r\n            <td height=\"17\" align=\"left\" class=\"xl24\" style=\"height: 12.75pt;\"><strong>Accessories</strong></td>\r\n            <td class=\"xl25\">:</td>\r\n            <td align=\"left\" class=\"xl24\">White filter, Green filter, Dust cover,   Immersion oil.</td>\r\n        </tr>\r\n    </tbody>\r\n</table>','CS-T15 LED',NULL,NULL,NULL,NULL),(61,1,61,'CS SERIES','<p>&nbsp;</p>\r\n<table cellspacing=\"0\" cellpadding=\"0\" border=\"0\" x:str=\"\" style=\"border-collapse: collapse; width: 480px; height: 190px;\">\r\n    <colgroup><col width=\"106\" style=\"width: 80pt;\" />  <col width=\"21\" style=\"width: 16pt;\" />  <col width=\"440\" style=\"width: 330pt;\" />     </colgroup>\r\n    <tbody>\r\n        <tr height=\"17\" style=\"height: 12.75pt;\">\r\n            <td width=\"106\" height=\"17\" align=\"left\" class=\"xl24\" style=\"height: 12.75pt; width: 80pt;\"><strong>Magnification</strong></td>\r\n            <td width=\"21\" class=\"xl25\" style=\"width: 16pt;\">:</td>\r\n            <td width=\"440\" align=\"left\" class=\"xl24\" style=\"width: 330pt;\">40x - 1500x</td>\r\n        </tr>\r\n        <tr height=\"19\" style=\"height: 14.25pt;\">\r\n            <td height=\"19\" align=\"left\" class=\"xl24\" style=\"height: 14.25pt;\"><strong>Head</strong></td>\r\n            <td class=\"xl25\">:</td>\r\n            <td align=\"left\" class=\"xl24\">Binocular 360<font class=\"font6\"><sup>o</sup></font><font class=\"font5\"> rotatable, 30</font><font class=\"font6\"><sup>o</sup></font><font class=\"font5\"> inclined.</font></td>\r\n        </tr>\r\n        <tr height=\"17\" style=\"height: 12.75pt;\">\r\n            <td height=\"17\" align=\"left\" class=\"xl24\" style=\"height: 12.75pt;\"><strong>Eyepieces</strong></td>\r\n            <td class=\"xl25\">:</td>\r\n            <td align=\"left\" class=\"xl24\" x:str=\"WF10x , WF15x \">WF10x , WF15x<span style=\"\">&nbsp;</span></td>\r\n        </tr>\r\n        <tr height=\"17\" style=\"height: 12.75pt;\">\r\n            <td height=\"17\" align=\"left\" class=\"xl24\" style=\"height: 12.75pt;\"><strong>Objectives</strong></td>\r\n            <td class=\"xl25\">:</td>\r\n            <td align=\"left\" class=\"xl24\">4x, 10x, 40xs, 100xs</td>\r\n        </tr>\r\n        <tr height=\"17\" style=\"height: 12.75pt;\">\r\n            <td height=\"17\" align=\"left\" class=\"xl24\" style=\"height: 12.75pt;\"><strong>Nosepiece</strong></td>\r\n            <td class=\"xl25\">:</td>\r\n            <td align=\"left\" class=\"xl24\">Quadruple revolving.</td>\r\n        </tr>\r\n        <tr height=\"17\" style=\"height: 12.75pt;\">\r\n            <td height=\"17\" align=\"left\" class=\"xl24\" style=\"height: 12.75pt;\" x:str=\"Condenser \"><strong>Condenser<span style=\"\">&nbsp;</span></strong></td>\r\n            <td class=\"xl25\">:</td>\r\n            <td align=\"left\" class=\"xl24\">Abbe Type N.A.1.25</td>\r\n        </tr>\r\n        <tr height=\"17\" style=\"height: 12.75pt;\">\r\n            <td height=\"17\" align=\"left\" class=\"xl24\" style=\"height: 12.75pt;\"><strong>Stage</strong></td>\r\n            <td class=\"xl25\">:</td>\r\n            <td align=\"left\" class=\"xl24\">141mm x 131mm</td>\r\n        </tr>\r\n        <tr height=\"17\" style=\"height: 12.75pt;\">\r\n            <td height=\"17\" align=\"left\" class=\"xl24\" style=\"height: 12.75pt;\"><strong>Focus Controls</strong></td>\r\n            <td class=\"xl25\">:</td>\r\n            <td align=\"left\" class=\"xl24\">Coaxial Coarse and Fine Stage Adjustment</td>\r\n        </tr>\r\n        <tr height=\"17\" style=\"height: 12.75pt;\">\r\n            <td height=\"17\" align=\"left\" class=\"xl24\" style=\"height: 12.75pt;\"><strong>Light Source</strong></td>\r\n            <td class=\"xl25\">:</td>\r\n            <td align=\"left\" class=\"xl24\">LED 3W, with intensity control.</td>\r\n        </tr>\r\n        <tr height=\"17\" style=\"height: 12.75pt;\">\r\n            <td height=\"17\" align=\"left\" class=\"xl24\" style=\"height: 12.75pt;\"><strong>Packing</strong></td>\r\n            <td class=\"xl25\">:</td>\r\n            <td align=\"left\" class=\"xl24\">In styrofoam container.</td>\r\n        </tr>\r\n        <tr height=\"17\" style=\"height: 12.75pt;\">\r\n            <td height=\"17\" align=\"left\" class=\"xl24\" style=\"height: 12.75pt;\"><strong>Accessories</strong></td>\r\n            <td class=\"xl25\">:</td>\r\n            <td align=\"left\" class=\"xl24\">White filter, Green filter, Dust cover,   Immersion oil.</td>\r\n        </tr>\r\n    </tbody>\r\n</table>','CS-B15 LED',NULL,NULL,NULL,NULL),(125,1,125,'METALLURGICAL MICROSCOPE','<p>&nbsp;</p>\r\n<table cellspacing=\"0\" cellpadding=\"0\" border=\"0\" style=\"width: 727px; height: 496px;\">\r\n    <tbody>\r\n        <tr height=\"19\" style=\"height:14.25pt\">\r\n            <td width=\"144\" height=\"19\" align=\"left\" style=\"height: 14.25pt;\" class=\"xl65\"><strong>Model</strong></td>\r\n            <td width=\"577\" align=\"left\" style=\"\" class=\"xl65\"><strong>CSD-MS-T10</strong></td>\r\n        </tr>\r\n        <tr height=\"19\" style=\"height:14.25pt\">\r\n            <td width=\"144\" height=\"19\" align=\"left\" style=\"height: 14.25pt;\">Body</td>\r\n            <td width=\"577\" align=\"left\">Trinocular</td>\r\n        </tr>\r\n        <tr height=\"19\" style=\"height:14.25pt\">\r\n            <td width=\"144\" height=\"19\" align=\"left\" style=\"height: 14.25pt;\">Eyepiece</td>\r\n            <td width=\"577\" align=\"left\">WF10x, FN. 20</td>\r\n        </tr>\r\n        <tr height=\"19\" style=\"height:14.25pt\">\r\n            <td width=\"144\" height=\"19\" align=\"left\" style=\"height: 14.25pt;\">Objectives</td>\r\n            <td width=\"577\" align=\"left\">Infinity Plan Achromat</td>\r\n        </tr>\r\n        <tr height=\"19\" style=\"height:14.25pt\">\r\n            <td width=\"144\" height=\"19\" style=\"height: 14.25pt;\">&nbsp;</td>\r\n            <td width=\"577\" align=\"left\">5x, WD15.5mm</td>\r\n        </tr>\r\n        <tr height=\"19\" style=\"height:14.25pt\">\r\n            <td width=\"144\" height=\"19\" style=\"height: 14.25pt;\">&nbsp;</td>\r\n            <td width=\"577\" align=\"left\">10x, WD10.0mm</td>\r\n        </tr>\r\n        <tr height=\"19\" style=\"height:14.25pt\">\r\n            <td width=\"144\" height=\"19\" style=\"height: 14.25pt;\">&nbsp;</td>\r\n            <td width=\"577\" align=\"left\">20x, WD5.1mm</td>\r\n        </tr>\r\n        <tr height=\"19\" style=\"height:14.25pt\">\r\n            <td width=\"144\" height=\"19\" style=\"height: 14.25pt;\">&nbsp;</td>\r\n            <td width=\"577\" align=\"left\">50x, WD0.32mm</td>\r\n        </tr>\r\n        <tr height=\"19\" style=\"height:14.25pt\">\r\n            <td width=\"144\" height=\"19\" style=\"height: 14.25pt;\">&nbsp;</td>\r\n            <td width=\"577\" align=\"left\">100x, WD0.7mm</td>\r\n        </tr>\r\n        <tr height=\"19\" style=\"height:14.25pt\">\r\n            <td width=\"144\" height=\"19\" align=\"left\" style=\"height: 14.25pt;\">Nosepiece</td>\r\n            <td width=\"577\" align=\"left\">Quintuple</td>\r\n        </tr>\r\n        <tr height=\"19\" style=\"height:14.25pt\">\r\n            <td width=\"144\" height=\"19\" align=\"left\" style=\"height: 14.25pt;\">Stage</td>\r\n            <td width=\"577\" align=\"left\">Double layer mechanical stage 150x140mm/75x50mm, slide clips</td>\r\n        </tr>\r\n        <tr height=\"19\" style=\"height:14.25pt\">\r\n            <td width=\"144\" height=\"19\" align=\"left\" style=\"height: 14.25pt;\">Focusing</td>\r\n            <td width=\"577\" align=\"left\">Coaxial Fine &amp; Coarse Adjustment</td>\r\n        </tr>\r\n        <tr height=\"19\" style=\"height:14.25pt\">\r\n            <td width=\"144\" height=\"19\" align=\"left\" style=\"height: 14.25pt;\">Epi-Illumination</td>\r\n            <td width=\"577\" align=\"left\">6V/20W Halogen lamp, Koehler  illuminator with iris aperture   diaphragm and iris field diaphragm,  brightness and center adjustable</td>\r\n        </tr>\r\n        <tr height=\"19\" style=\"height:14.25pt\">\r\n            <td width=\"144\" height=\"19\" align=\"left\" style=\"height: 14.25pt;\">Filters</td>\r\n            <td width=\"577\" align=\"left\">Blue, Green, Yellow &amp; Ground Glass</td>\r\n        </tr>\r\n        <tr height=\"19\" style=\"height:14.25pt\">\r\n            <td width=\"144\" height=\"19\" align=\"left\" style=\"height: 14.25pt;\">Optional Eyepieces</td>\r\n            <td width=\"577\" align=\"left\">WF8x/18, WF10x/18 w/0.1mm scale and cross line, WF12.5x/15</td>\r\n        </tr>\r\n        <tr height=\"19\" style=\"height:14.25pt\">\r\n            <td width=\"144\" height=\"19\" align=\"left\" style=\"height: 14.25pt;\">Optional Objectives</td>\r\n            <td width=\"577\" align=\"left\">4x/25.4mm, 40x/3.7mm, 80x/0.2mm, 100x/0.7mm/0</td>\r\n        </tr>\r\n    </tbody>\r\n</table>','CSD-MS-T10','27','','',''),(63,1,63,'CS SERIES','<p>&nbsp;</p>\r\n<table cellspacing=\"0\" cellpadding=\"0\" border=\"0\" x:str=\"\" style=\"border-collapse: collapse; width: 480px; height: 190px;\">\r\n    <colgroup><col width=\"106\" style=\"width: 80pt;\" />  <col width=\"21\" style=\"width: 16pt;\" />  <col width=\"440\" style=\"width: 330pt;\" />     </colgroup>\r\n    <tbody>\r\n        <tr height=\"17\" style=\"height: 12.75pt;\">\r\n            <td width=\"106\" height=\"17\" align=\"left\" class=\"xl24\" style=\"height: 12.75pt; width: 80pt;\"><strong>Magnification</strong></td>\r\n            <td width=\"21\" class=\"xl25\" style=\"width: 16pt;\">:</td>\r\n            <td width=\"440\" align=\"left\" class=\"xl24\" style=\"width: 330pt;\">40x - 1500x</td>\r\n        </tr>\r\n        <tr height=\"19\" style=\"height: 14.25pt;\">\r\n            <td height=\"19\" align=\"left\" class=\"xl24\" style=\"height: 14.25pt;\"><strong>Head</strong></td>\r\n            <td class=\"xl25\">:</td>\r\n            <td align=\"left\" class=\"xl24\">Monocular 360<font class=\"font6\"><sup>o</sup></font><font class=\"font5\"> rotatable, 30</font><font class=\"font6\"><sup>o</sup></font><font class=\"font5\"> inclined.</font></td>\r\n        </tr>\r\n        <tr height=\"17\" style=\"height: 12.75pt;\">\r\n            <td height=\"17\" align=\"left\" class=\"xl24\" style=\"height: 12.75pt;\"><strong>Eyepieces</strong></td>\r\n            <td class=\"xl25\">:</td>\r\n            <td align=\"left\" class=\"xl24\" x:str=\"WF10x , WF15x \">WF10x , WF15x<span style=\"\">&nbsp;</span></td>\r\n        </tr>\r\n        <tr height=\"17\" style=\"height: 12.75pt;\">\r\n            <td height=\"17\" align=\"left\" class=\"xl24\" style=\"height: 12.75pt;\"><strong>Objectives</strong></td>\r\n            <td class=\"xl25\">:</td>\r\n            <td align=\"left\" class=\"xl24\">4x, 10x, 40xs, 100xs</td>\r\n        </tr>\r\n        <tr height=\"17\" style=\"height: 12.75pt;\">\r\n            <td height=\"17\" align=\"left\" class=\"xl24\" style=\"height: 12.75pt;\"><strong>Nosepiece</strong></td>\r\n            <td class=\"xl25\">:</td>\r\n            <td align=\"left\" class=\"xl24\">Quadruple revolving.</td>\r\n        </tr>\r\n        <tr height=\"17\" style=\"height: 12.75pt;\">\r\n            <td height=\"17\" align=\"left\" class=\"xl24\" style=\"height: 12.75pt;\" x:str=\"Condenser \"><strong>Condenser<span style=\"\">&nbsp;</span></strong></td>\r\n            <td class=\"xl25\">:</td>\r\n            <td align=\"left\" class=\"xl24\">Abbe Type N.A.1.25</td>\r\n        </tr>\r\n        <tr height=\"17\" style=\"height: 12.75pt;\">\r\n            <td height=\"17\" align=\"left\" class=\"xl24\" style=\"height: 12.75pt;\"><strong>Stage</strong></td>\r\n            <td class=\"xl25\">:</td>\r\n            <td align=\"left\" class=\"xl24\">141mm x 131mm</td>\r\n        </tr>\r\n        <tr height=\"17\" style=\"height: 12.75pt;\">\r\n            <td height=\"17\" align=\"left\" class=\"xl24\" style=\"height: 12.75pt;\"><strong>Focus Controls</strong></td>\r\n            <td class=\"xl25\">:</td>\r\n            <td align=\"left\" class=\"xl24\">Coaxial Coarse and Fine Stage Adjustment</td>\r\n        </tr>\r\n        <tr height=\"17\" style=\"height: 12.75pt;\">\r\n            <td height=\"17\" align=\"left\" class=\"xl24\" style=\"height: 12.75pt;\"><strong>Light Source</strong></td>\r\n            <td class=\"xl25\">:</td>\r\n            <td align=\"left\" class=\"xl24\">LED 3W with intensity control.</td>\r\n        </tr>\r\n        <tr height=\"17\" style=\"height: 12.75pt;\">\r\n            <td height=\"17\" align=\"left\" class=\"xl24\" style=\"height: 12.75pt;\"><strong>Packing</strong></td>\r\n            <td class=\"xl25\">:</td>\r\n            <td align=\"left\" class=\"xl24\">In styrofoam container.</td>\r\n        </tr>\r\n        <tr height=\"17\" style=\"height: 12.75pt;\">\r\n            <td height=\"17\" align=\"left\" class=\"xl24\" style=\"height: 12.75pt;\"><strong>Accessories</strong></td>\r\n            <td class=\"xl25\">:</td>\r\n            <td align=\"left\" class=\"xl24\">White filter, Green filter, Dust cover,   Immersion oil.</td>\r\n        </tr>\r\n    </tbody>\r\n</table>','CS-M15 LED',NULL,NULL,NULL,NULL),(124,1,124,'METALLURGICAL MICROSCOPE','<p>&nbsp;</p>\r\n<table cellspacing=\"0\" cellpadding=\"0\" border=\"0\" style=\"width: 723px; height: 530px;\">\r\n    <tbody>\r\n        <tr height=\"19\" style=\"height:14.25pt\">\r\n            <td width=\"174\" height=\"19\" align=\"left\" style=\"height: 14.25pt;\"><strong>Model</strong></td>\r\n            <td width=\"543\" align=\"left\" style=\"\"><strong>CSD-MG-T10</strong></td>\r\n        </tr>\r\n        <tr height=\"19\" style=\"height:14.25pt\">\r\n            <td width=\"174\" height=\"19\" align=\"left\" style=\"height: 14.25pt;\">Body</td>\r\n            <td width=\"543\" align=\"left\">Trinocular</td>\r\n        </tr>\r\n        <tr height=\"19\" style=\"height:14.25pt\">\r\n            <td width=\"174\" height=\"19\" align=\"left\" style=\"height: 14.25pt;\">Eyepiece</td>\r\n            <td width=\"543\" align=\"left\">WF10x, FN. 20</td>\r\n        </tr>\r\n        <tr height=\"19\" style=\"height:14.25pt\">\r\n            <td width=\"174\" height=\"19\" align=\"left\" style=\"height: 14.25pt;\">Objectives</td>\r\n            <td width=\"543\" align=\"left\">Infinity Plan Achromat</td>\r\n        </tr>\r\n        <tr height=\"19\" style=\"height:14.25pt\">\r\n            <td width=\"174\" height=\"19\" style=\"height: 14.25pt;\">&nbsp;</td>\r\n            <td width=\"543\" align=\"left\">5x, WD15.5mm</td>\r\n        </tr>\r\n        <tr height=\"19\" style=\"height:14.25pt\">\r\n            <td width=\"174\" height=\"19\" style=\"height: 14.25pt;\">&nbsp;</td>\r\n            <td width=\"543\" align=\"left\">10x, WD10.0mm</td>\r\n        </tr>\r\n        <tr height=\"19\" style=\"height:14.25pt\">\r\n            <td width=\"174\" height=\"19\" style=\"height: 14.25pt;\">&nbsp;</td>\r\n            <td width=\"543\" align=\"left\">20x, WD5.1mm</td>\r\n        </tr>\r\n        <tr height=\"19\" style=\"height:14.25pt\">\r\n            <td width=\"174\" height=\"19\" style=\"height: 14.25pt;\">&nbsp;</td>\r\n            <td width=\"543\" align=\"left\">50x, WD0.32mm</td>\r\n        </tr>\r\n        <tr height=\"19\" style=\"height:14.25pt\">\r\n            <td width=\"174\" height=\"19\" style=\"height: 14.25pt;\">&nbsp;</td>\r\n            <td width=\"543\" align=\"left\">100x, WD0.7mm</td>\r\n        </tr>\r\n        <tr height=\"19\" style=\"height:14.25pt\">\r\n            <td width=\"174\" height=\"19\" align=\"left\" style=\"height: 14.25pt;\">Nosepiece</td>\r\n            <td width=\"543\" align=\"left\">Quintuple</td>\r\n        </tr>\r\n        <tr height=\"19\" style=\"height:14.25pt\">\r\n            <td width=\"174\" height=\"19\" align=\"left\" style=\"height: 14.25pt;\">Stage</td>\r\n            <td width=\"543\" align=\"left\">Double layer mechanical stage 142x133mm/75x50mm, slide holder,   Anti-scratch coating</td>\r\n        </tr>\r\n        <tr height=\"19\" style=\"height:14.25pt\">\r\n            <td width=\"174\" height=\"19\" align=\"left\" style=\"height: 14.25pt;\">Focusing</td>\r\n            <td width=\"543\" align=\"left\">Coaxial Fine &amp; Coarse Adjustment</td>\r\n        </tr>\r\n        <tr height=\"19\" style=\"height:14.25pt\">\r\n            <td width=\"174\" height=\"19\" align=\"left\" style=\"height: 14.25pt;\">Epi-Illumination</td>\r\n            <td width=\"543\" align=\"left\">6V/20W Halogen lamp, Koehler  illuminator with iris aperture   diaphragm and iris field diaphragm,  brightness and center adjustable</td>\r\n        </tr>\r\n        <tr height=\"19\" style=\"height:14.25pt\">\r\n            <td width=\"174\" height=\"19\" align=\"left\" style=\"height: 14.25pt;\">Transmitted Illumination</td>\r\n            <td width=\"543\" align=\"left\">6V/20w Halogen Lamp</td>\r\n        </tr>\r\n        <tr height=\"19\" style=\"height:14.25pt\">\r\n            <td width=\"174\" height=\"19\" align=\"left\" style=\"height: 14.25pt;\">Filters</td>\r\n            <td width=\"543\" align=\"left\">Blue, Green, Yellow &amp; Ground Glass</td>\r\n        </tr>\r\n        <tr height=\"19\" style=\"height:14.25pt\">\r\n            <td width=\"174\" height=\"19\" align=\"left\" style=\"height: 14.25pt;\">Optional Eyepieces</td>\r\n            <td width=\"543\" align=\"left\">WF8x/18, WF10x/18 w/0.1mm scale and cross line, WF12.5x/15</td>\r\n        </tr>\r\n        <tr height=\"19\" style=\"height:14.25pt\">\r\n            <td width=\"174\" height=\"19\" align=\"left\" style=\"height: 14.25pt;\">Optional Objectives</td>\r\n            <td width=\"543\" align=\"left\">4x/25.4mm, 40x/3.7mm, 80x/0.2mm, 100x/0.7mm/0</td>\r\n        </tr>\r\n    </tbody>\r\n</table>','CSD-MG-T10','27','','',''),(67,1,67,'SHOP MICROSCOPE','<p><strong>For Printing, Machining, Inspection, Measurements, Etc.</strong></p>\r\n<p>&nbsp;</p>\r\n<p><strong>M1752</strong></p>\r\n<p>40x, with scale 3.0mm/0.1&quot;</p>\r\n<p>&nbsp;</p>\r\n<p><strong>M1754</strong></p>\r\n<p>100x, with scale 1.0mm/0.05&quot;</p>','M1752,  M1754','','','',''),(65,1,65,'NDL SERIES','<p>&nbsp;</p>\r\n<table cellspacing=\"0\" cellpadding=\"0\" border=\"0\" x:str=\"\" style=\"border-collapse: collapse; width: 480px; height: 190px;\">\r\n    <colgroup><col width=\"106\" style=\"width: 80pt;\" />  <col width=\"21\" style=\"width: 16pt;\" />  <col width=\"440\" style=\"width: 330pt;\" />     </colgroup>\r\n    <tbody>\r\n        <tr height=\"17\" style=\"height: 12.75pt;\">\r\n            <td width=\"106\" height=\"17\" align=\"left\" class=\"xl24\" style=\"height: 12.75pt; width: 80pt;\"><strong>Magnification</strong></td>\r\n            <td width=\"21\" class=\"xl25\" style=\"width: 16pt;\">:</td>\r\n            <td width=\"440\" align=\"left\" class=\"xl24\" style=\"width: 330pt;\">40x - 600x</td>\r\n        </tr>\r\n        <tr height=\"19\" style=\"height: 14.25pt;\">\r\n            <td height=\"19\" align=\"left\" class=\"xl24\" style=\"height: 14.25pt;\"><strong>Head</strong></td>\r\n            <td class=\"xl25\">:</td>\r\n            <td align=\"left\" class=\"xl24\">Monocular 360<font class=\"font6\"><sup>o</sup></font><font class=\"font5\"> rotatable, 45</font><font class=\"font6\"><sup>o</sup></font><font class=\"font5\"> inclined.</font></td>\r\n        </tr>\r\n        <tr height=\"17\" style=\"height: 12.75pt;\">\r\n            <td height=\"17\" align=\"left\" class=\"xl24\" style=\"height: 12.75pt;\"><strong>Eyepieces</strong></td>\r\n            <td class=\"xl25\">:</td>\r\n            <td align=\"left\" class=\"xl24\" x:str=\"WF10x , WF15x \">WF10x , WF15x<span style=\"\">&nbsp;</span></td>\r\n        </tr>\r\n        <tr height=\"17\" style=\"height: 12.75pt;\">\r\n            <td height=\"17\" align=\"left\" class=\"xl24\" style=\"height: 12.75pt;\"><strong>Objectives</strong></td>\r\n            <td class=\"xl25\">:</td>\r\n            <td align=\"left\" class=\"xl24\">4x, 10x, 40xs</td>\r\n        </tr>\r\n        <tr height=\"17\" style=\"height: 12.75pt;\">\r\n            <td height=\"17\" align=\"left\" class=\"xl24\" style=\"height: 12.75pt;\"><strong>Nosepiece</strong></td>\r\n            <td class=\"xl25\">:</td>\r\n            <td align=\"left\" class=\"xl24\">Quadruple revolving.</td>\r\n        </tr>\r\n        <tr height=\"17\" style=\"height: 12.75pt;\">\r\n            <td height=\"17\" align=\"left\" class=\"xl24\" style=\"height: 12.75pt;\" x:str=\"Condenser \"><strong>Condenser<span style=\"\">&nbsp;</span></strong></td>\r\n            <td class=\"xl25\">:</td>\r\n            <td align=\"left\" class=\"xl24\">Abbe Type N.A.1.25</td>\r\n        </tr>\r\n        <tr height=\"17\" style=\"height: 12.75pt;\">\r\n            <td height=\"17\" align=\"left\" class=\"xl24\" style=\"height: 12.75pt;\"><strong>Stage</strong></td>\r\n            <td class=\"xl25\">:</td>\r\n            <td align=\"left\" class=\"xl24\">125mm x 115mm</td>\r\n        </tr>\r\n        <tr height=\"17\" style=\"height: 12.75pt;\">\r\n            <td height=\"17\" align=\"left\" class=\"xl24\" style=\"height: 12.75pt;\"><strong>Focus Controls</strong></td>\r\n            <td class=\"xl25\">:</td>\r\n            <td align=\"left\" class=\"xl24\">Coaxial Coarse and Fine Stage Adjustment</td>\r\n        </tr>\r\n        <tr height=\"17\" style=\"height: 12.75pt;\">\r\n            <td height=\"17\" align=\"left\" class=\"xl24\" style=\"height: 12.75pt;\"><strong>Light Source</strong></td>\r\n            <td class=\"xl25\">:</td>\r\n            <td align=\"left\" class=\"xl24\">LED 1W, with intensity control.</td>\r\n        </tr>\r\n        <tr height=\"17\" style=\"height: 12.75pt;\">\r\n            <td height=\"17\" align=\"left\" class=\"xl24\" style=\"height: 12.75pt;\"><strong>Packing</strong></td>\r\n            <td class=\"xl25\">:</td>\r\n            <td align=\"left\" class=\"xl24\">In styrofoam container.</td>\r\n        </tr>\r\n        <tr height=\"17\" style=\"height: 12.75pt;\">\r\n            <td height=\"17\" align=\"left\" class=\"xl24\" style=\"height: 12.75pt;\"><strong>Accessories</strong></td>\r\n            <td class=\"xl25\">:</td>\r\n            <td align=\"left\" class=\"xl24\">White filter, Green filter, Dust cover</td>\r\n        </tr>\r\n    </tbody>\r\n</table>','NDL-6 LED',NULL,NULL,NULL,NULL),(66,1,66,'GEM MICROSCOPE','<p>&nbsp;</p>\r\n<table cellspacing=\"0\" cellpadding=\"0\" border=\"0\" x:str=\"\" style=\"border-collapse: collapse; width: 548px; height: 434px;\">\r\n    <tbody>\r\n        <tr height=\"20\" style=\"height: 15pt;\">\r\n            <td width=\"175\" height=\"20\" align=\"left\" class=\"xl24\" style=\"height: 15pt;\"><strong>Magnification</strong></td>\r\n            <td width=\"368\" align=\"left\" class=\"xl24\" style=\"border-left: medium none;\">10x   to 44x (field of view : 20mm. To 4.5 mm.)</td>\r\n        </tr>\r\n        <tr height=\"20\" style=\"height: 15pt;\">\r\n            <td width=\"175\" height=\"20\" align=\"left\" class=\"xl22\" style=\"border-top: medium none; height: 15pt;\"><strong>Objective   Lenses</strong></td>\r\n            <td width=\"368\" align=\"left\" class=\"xl22\" style=\"border-top: medium none; border-left: medium none;\">1.0x to   4.4x (zoom ratio : 4.4:1)</td>\r\n        </tr>\r\n        <tr height=\"20\" style=\"height: 15pt;\">\r\n            <td width=\"175\" height=\"20\" align=\"left\" class=\"xl22\" style=\"border-top: medium none; height: 15pt;\"><strong>Eyepieces</strong></td>\r\n            <td width=\"368\" align=\"left\" class=\"xl22\" style=\"border-top: medium none; border-left: medium none;\">Wide Field   10x (DSW 10x)(field number : 20)</td>\r\n        </tr>\r\n        <tr height=\"24\" style=\"height: 18pt;\">\r\n            <td width=\"175\" height=\"24\" align=\"left\" class=\"xl22\" style=\"border-top: medium none; height: 18pt;\"><strong>Optical   Body</strong></td>\r\n            <td width=\"368\" align=\"left\" class=\"xl22\" style=\"border-top: medium none; border-left: medium none;\">360<font class=\"font6\"><sup>๐</sup></font><font class=\"font5\"> rotatable trinocular   type, 45</font><font class=\"font6\"><sup>๐</sup></font><font class=\"font5\">   inclined eyepiece tube</font></td>\r\n        </tr>\r\n        <tr height=\"20\" style=\"height: 15pt;\">\r\n            <td width=\"175\" height=\"20\" align=\"left\" class=\"xl22\" style=\"border-top: medium none; height: 15pt;\"><strong>Working   Distance</strong></td>\r\n            <td width=\"368\" align=\"left\" class=\"xl22\" style=\"border-top: medium none; border-left: medium none;\">90 mm.</td>\r\n        </tr>\r\n        <tr height=\"20\" style=\"height: 15pt;\">\r\n            <td width=\"175\" height=\"20\" align=\"left\" class=\"xl22\" style=\"border-top: medium none; height: 15pt;\"><strong>Interpupillary   Distance</strong></td>\r\n            <td width=\"368\" align=\"left\" class=\"xl22\" style=\"border-top: medium none; border-left: medium none;\">52mm. to   75mm.</td>\r\n        </tr>\r\n        <tr height=\"20\" style=\"height: 15pt;\">\r\n            <td width=\"175\" height=\"20\" align=\"left\" class=\"xl22\" style=\"border-top: medium none; height: 15pt;\"><strong>Diopter   Adjustment</strong></td>\r\n            <td width=\"368\" align=\"left\" class=\"xl25\" style=\"border-top: medium none; border-left: medium none;\">&plusmn;<font class=\"font5\"> 5.6D - 7.2D<span style=\"\">&nbsp; </span>on both   eyepiece tubes &amp; </font><font class=\"font7\">&plusmn;</font><font class=\"font5\">8D   on verticle tube</font></td>\r\n        </tr>\r\n        <tr height=\"20\" style=\"height: 15pt;\">\r\n            <td width=\"175\" height=\"20\" align=\"left\" class=\"xl22\" style=\"border-top: medium none; height: 15pt;\"><strong>Stand   type</strong></td>\r\n            <td width=\"368\" align=\"left\" class=\"xl22\" style=\"border-top: medium none; border-left: medium none;\">Regular   type</td>\r\n        </tr>\r\n        <tr height=\"20\" style=\"height: 15pt;\">\r\n            <td width=\"175\" height=\"40\" rowspan=\"2\" class=\"xl26\" style=\"border-top: medium none; height: 30pt;\"><strong>Incident Light</strong></td>\r\n            <td width=\"368\" class=\"xl23\" style=\"border-top: medium none; border-left: medium none;\" x:str=\"Fluorescent Lamp 9W \">Fluorescent Lamp 9W<span style=\"\">&nbsp;</span></td>\r\n        </tr>\r\n        <tr height=\"20\" style=\"height: 15pt;\">\r\n            <td width=\"368\" height=\"20\" align=\"left\" class=\"xl22\" style=\"border-top: medium none; border-left: medium none; height: 15pt;\">(FCL9EX-N) </td>\r\n        </tr>\r\n        <tr height=\"20\" style=\"height: 15pt;\">\r\n            <td width=\"175\" height=\"20\" align=\"left\" class=\"xl22\" style=\"border-top: medium none; height: 15pt;\"><strong>Front   Light</strong></td>\r\n            <td width=\"368\" align=\"left\" class=\"xl22\" style=\"border-top: medium none; border-left: medium none;\">Halogen   lamp 12V 20-25W w/dimmer</td>\r\n        </tr>\r\n        <tr height=\"20\" style=\"height: 15pt;\">\r\n            <td width=\"175\" height=\"20\" align=\"left\" class=\"xl22\" style=\"border-top: medium none; height: 15pt;\"><strong>Fuse</strong></td>\r\n            <td width=\"368\" align=\"left\" class=\"xl22\" style=\"border-top: medium none; border-left: medium none;\">250V 2A</td>\r\n        </tr>\r\n        <tr height=\"20\" style=\"height: 15pt;\">\r\n            <td width=\"175\" height=\"20\" align=\"left\" class=\"xl22\" style=\"border-top: medium none; height: 15pt;\"><strong>Stage   plate</strong></td>\r\n            <td width=\"368\" align=\"left\" class=\"xl22\" style=\"border-top: medium none; border-left: medium none;\">Darkfield<span style=\"\">&nbsp; </span>42 mm.</td>\r\n        </tr>\r\n        <tr height=\"20\" style=\"height: 15pt;\">\r\n            <td width=\"175\" height=\"20\" align=\"left\" class=\"xl22\" style=\"border-top: medium none; height: 15pt;\"><strong>Base</strong></td>\r\n            <td width=\"368\" align=\"left\" class=\"xl22\" style=\"border-top: medium none; border-left: medium none;\">180mm. x   265mm.</td>\r\n        </tr>\r\n        <tr height=\"20\" style=\"height: 15pt;\">\r\n            <td width=\"175\" height=\"20\" align=\"left\" class=\"xl22\" style=\"border-top: medium none; height: 15pt;\"><strong>Power   cord</strong></td>\r\n            <td width=\"368\" align=\"left\" class=\"xl22\" style=\"border-top: medium none; border-left: medium none;\">VDE cord</td>\r\n        </tr>\r\n        <tr height=\"20\" style=\"height: 15pt;\">\r\n            <td width=\"175\" height=\"20\" align=\"left\" class=\"xl22\" style=\"border-top: medium none; height: 15pt;\"><strong>Electrical   rating</strong></td>\r\n            <td width=\"368\" align=\"left\" class=\"xl22\" style=\"border-top: medium none; border-left: medium none;\">110-220 V   50Hz / 60Hz</td>\r\n        </tr>\r\n        <tr height=\"20\" style=\"height: 15pt;\">\r\n            <td width=\"175\" height=\"20\" align=\"left\" class=\"xl22\" style=\"border-top: medium none; height: 15pt;\"><strong>Hight</strong></td>\r\n            <td width=\"368\" align=\"left\" class=\"xl22\" style=\"border-top: medium none; border-left: medium none;\">400 mm.</td>\r\n        </tr>\r\n        <tr height=\"20\" style=\"height: 15pt;\">\r\n            <td width=\"175\" height=\"20\" align=\"left\" class=\"xl22\" style=\"border-top: medium none; height: 15pt;\"><strong>Net   Weight</strong></td>\r\n            <td width=\"368\" align=\"left\" class=\"xl22\" style=\"border-top: medium none; border-left: medium none;\">6.47 kg.</td>\r\n        </tr>\r\n        <tr height=\"20\" style=\"height: 15pt;\">\r\n            <td width=\"175\" height=\"20\" align=\"left\" class=\"xl22\" style=\"border-top: medium none; height: 15pt;\"><strong>Color</strong></td>\r\n            <td width=\"368\" align=\"left\" class=\"xl22\" style=\"border-top: medium none; border-left: medium none;\" x:str=\"White \">White<span style=\"\">&nbsp;</span></td>\r\n        </tr>\r\n        <tr height=\"20\" style=\"height: 15pt;\">\r\n            <td width=\"175\" height=\"40\" rowspan=\"2\" class=\"xl26\" style=\"border-top: medium none; height: 30pt;\"><strong>Accessories</strong></td>\r\n            <td width=\"368\" align=\"left\" class=\"xl22\" style=\"border-top: medium none; border-left: medium none;\">Rubber   eyeguards, Tension control pin,</td>\r\n        </tr>\r\n        <tr height=\"20\" style=\"height: 15pt;\">\r\n            <td width=\"368\" height=\"20\" align=\"left\" class=\"xl22\" style=\"border-top: medium none; border-left: medium none; height: 15pt;\">Dust cover, Spare fuse, Tweezer type III</td>\r\n        </tr>\r\n    </tbody>\r\n</table>','DSZ-44JH',NULL,NULL,NULL,NULL),(74,1,74,'SWING OUT INSPECTION LOUPES','<p><strong>Model R230</strong>&nbsp;&nbsp; 15mm, 18x Quadruplet lens.<br />\r\n<strong>Model R231</strong>&nbsp;&nbsp; 12mm, 10x Doublet lens.<br />\r\n<strong>Model R232</strong>&nbsp;&nbsp; 11mm, 6mm, 10x. 15x Doublet lens.<br />\r\n<strong>Model R235</strong>&nbsp;&nbsp; 16mm, 10x Triplet lens.<br />\r\n<strong>Model R236 &nbsp; </strong>14mm, 10x Doublet lens.<br />\r\n<strong>Model R237&nbsp;&nbsp; </strong>12mm, 20x Triplet lens.<br />\r\n<strong>Model R7520</strong> 18mm, 10x Triplet lens.<br />\r\n<strong>Model R2450</strong> 18mm, 10x Triplet lens.</p>','R230, R231, R232, R235, R236, R237, R7520, R2450',NULL,NULL,NULL,NULL),(75,1,75,'LUOPE WITH FLUORESCENT RING LAMP','<p><strong>Model M1240 </strong><br />\r\n127mm glass lens, 2x, With 18W fluorescent ring lamp.</p>\r\n<p>&nbsp;</p>\r\n<p><strong>Model M1241 </strong><br />\r\n127mm glass lens, 3.5x, With 18W fluorescent ring lamp</p>','M1240, M1241',NULL,NULL,NULL,NULL),(76,1,76,'AUXILIARY OBJECTIVE LENSES','<p><strong>Model NSAL O.5x</strong><br />\r\nAUXILIARY OBJECTIVE LENS 0.5x<br />\r\n<br />\r\n<strong>Model NSAL O.75x</strong><br />\r\nAUXILIARY OBJECTIVE LENS O.75x<br />\r\n<br />\r\n<strong>Model NSAL 1.6x</strong><br />\r\nAUXILIARY OBJECTIVE LENS 1.6x<br />\r\n<br />\r\n<strong>Model NSAL 2x</strong><br />\r\nAUXILIARY OBJECTIVE LENS 2x</p>','NSAL 0.5x, NSAL 0.75x, NSAL 1.6x, NSAL 2.0x','','','',''),(101,1,101,'CARTON SCALE2 USB CAMERA','<p><strong>FEATURES OF CAMERA</strong></p>\r\n<p>Resolution&nbsp; : 1.3 M Pixel 1280x1024</p>\r\n<p>Image Sensor&nbsp; : 1/3&quot; CMOS Color Sensor</p>\r\n<p>Interface&nbsp; : USB 2.0</p>\r\n<p>Cable Length&nbsp; : Approx. 150mm.</p>\r\n<p>Operating Ambient Temperature&nbsp; :: 0-40 ํC (Below 35 ํC recommended)</p>\r\n<p>Size &amp; Weight&nbsp; : 40(W) x38(H) x51(D), Approx. 155g</p>\r\n<p>&nbsp;</p>\r\n<p>&nbsp;</p>\r\n<p><strong>OPERATING CONDITIONS OF PC.</strong></p>\r\n<p>OS&nbsp; : Windows 2000 SP4, Window XP SP2</p>\r\n<p>CPU&nbsp; : Celeron 900MHz. or above</p>\r\n<p>Memory&nbsp; : 512MB or above</p>\r\n<p>Graphics&nbsp; : 1024x468, 24bit or above (1600x1200 prefered)</p>\r\n<p>Interface&nbsp; : USB2.0 port</p>','XR9530E','23','','',''),(78,1,78,'ILLUMINATORS','<p>WHITE lED RING IllUMINATOR<br />\r\nwith brightness adjustment<br />\r\n* 54 pcs. LED (light-emitting diode) <br />\r\n* Long life time<br />\r\n* Low temperature<br />\r\n* No change of color temperature <br />\r\n* Flicker-free</p>','MIC-56','','','',''),(79,1,79,'ILLUMINATORS','<p>WHITE lED IllUMINATOR<br />\r\nThe HDR61 has a white LED (Light-emitting diode) light source featuring an extra long life-time, low temperature, no change of color temperature and flicker-free.</p>\r\n<p><strong>Power Unit</strong></p>\r\n<p>&nbsp;</p>\r\n<table cellspacing=\"0\" cellpadding=\"0\" border=\"0\" style=\"border-collapse: collapse; width: 485px; height: 393px;\" x:str=\"\">\r\n    <tbody>\r\n        <tr height=\"28\" style=\"height: 21pt;\">\r\n            <td height=\"28\" width=\"186\" style=\"height: 21pt;\" class=\"xl28\"><strong><span style=\"\">Type</span></strong></td>\r\n            <td width=\"296\" style=\"border-left: medium none;\" class=\"xl28\"><span style=\"\">&nbsp;</span><strong><span style=\"\"> LP-210</span></strong></td>\r\n        </tr>\r\n        <tr height=\"28\" style=\"height: 21pt;\">\r\n            <td height=\"28\" width=\"186\" align=\"left\" style=\"height: 21pt;\" class=\"xl22\"><span style=\"\">Input voltage</span></td>\r\n            <td width=\"296\" style=\"border-top: medium none; border-left: medium none;\" class=\"xl27\"><span style=\"\">&nbsp; 100VAC<font class=\"font6\"> -   240VAC</font></span></td>\r\n        </tr>\r\n        <tr height=\"28\" style=\"height: 21pt;\">\r\n            <td height=\"28\" width=\"186\" style=\"height: 21pt;\" class=\"xl23\"><span style=\"\">&nbsp;</span></td>\r\n            <td width=\"296\" style=\"border-left: medium none;\" class=\"xl26\"><span style=\"\">&nbsp; Allowable input voltage range: 90 to   264VAC</span></td>\r\n        </tr>\r\n        <tr height=\"28\" style=\"height: 21pt;\">\r\n            <td height=\"28\" width=\"186\" align=\"left\" style=\"height: 21pt;\" class=\"xl23\"><span style=\"\">Rated frequency</span></td>\r\n            <td width=\"296\" align=\"left\" style=\"border-left: medium none;\" class=\"xl23\"><span style=\"\">&nbsp; 50/60Hz</span></td>\r\n        </tr>\r\n        <tr height=\"28\" style=\"height: 21pt;\">\r\n            <td height=\"28\" width=\"186\" align=\"left\" style=\"height: 21pt;\" class=\"xl23\"><span style=\"\">Power consumption</span></td>\r\n            <td width=\"296\" align=\"left\" style=\"border-left: medium none;\" class=\"xl23\"><span style=\"\">&nbsp; 6W</span></td>\r\n        </tr>\r\n        <tr height=\"28\" style=\"height: 21pt;\">\r\n            <td height=\"28\" width=\"186\" align=\"left\" style=\"height: 21pt;\" class=\"xl23\"><span style=\"\">Output voltage</span></td>\r\n            <td width=\"296\" align=\"left\" style=\"border-left: medium none;\" class=\"xl23\"><span style=\"\">&nbsp; 21VDC (Max)</span></td>\r\n        </tr>\r\n        <tr height=\"28\" style=\"height: 21pt;\">\r\n            <td height=\"28\" width=\"186\" align=\"left\" style=\"height: 21pt;\" class=\"xl23\"><span style=\"\">Output current</span></td>\r\n            <td width=\"296\" align=\"left\" style=\"border-left: medium none;\" class=\"xl23\"><span style=\"\">&nbsp; 180mA</span></td>\r\n        </tr>\r\n        <tr height=\"28\" style=\"height: 21pt;\">\r\n            <td height=\"28\" width=\"186\" align=\"left\" style=\"height: 21pt;\" class=\"xl23\"><span style=\"\">Lighting system</span></td>\r\n            <td width=\"296\" align=\"left\" style=\"border-left: medium none;\" class=\"xl23\"><span style=\"\">&nbsp; DC lighting system</span></td>\r\n        </tr>\r\n        <tr height=\"28\" style=\"height: 21pt;\">\r\n            <td height=\"28\" width=\"186\" align=\"left\" style=\"height: 21pt;\" class=\"xl22\"><span style=\"\">Light intensity control</span></td>\r\n            <td width=\"296\" align=\"left\" style=\"border-left: medium none;\" class=\"xl22\"><span style=\"\">&nbsp; Output current variable system</span></td>\r\n        </tr>\r\n        <tr height=\"28\" style=\"height: 21pt;\">\r\n            <td height=\"28\" width=\"186\" style=\"height: 21pt;\" class=\"xl23\"><span style=\"\">&nbsp;</span></td>\r\n            <td width=\"296\" align=\"left\" style=\"border-left: medium none;\" class=\"xl23\"><span style=\"\">&nbsp; Light quantity variable range: 0 to<font class=\"font5\"> 100%</font></span></td>\r\n        </tr>\r\n        <tr height=\"28\" style=\"height: 21pt;\">\r\n            <td height=\"28\" width=\"186\" style=\"height: 21pt;\" class=\"xl25\"><span style=\"\">Operating temperature</span></td>\r\n            <td width=\"296\" align=\"left\" style=\"border-left: medium none;\" class=\"xl22\"><span style=\"\">&nbsp; 0<font class=\"font7\"><sup>o</sup></font><font class=\"font6\"> C ~<span style=\"\">&nbsp; </span>40</font><font class=\"font7\"><sup>o</sup></font><font class=\"font6\"> C / 20</font><font class=\"font7\"><sup>o</sup></font><font class=\"font6\"> ~ 80</font><font class=\"font7\"><sup>o</sup></font><font class=\"font6\"> RH</font></span></td>\r\n        </tr>\r\n        <tr height=\"28\" style=\"height: 21pt;\">\r\n            <td height=\"28\" width=\"186\" style=\"height: 21pt;\" class=\"xl24\"><span style=\"\">/ humidity</span></td>\r\n            <td width=\"296\" style=\"border-left: medium none;\" class=\"xl23\"><span style=\"\">&nbsp;</span></td>\r\n        </tr>\r\n        <tr height=\"28\" style=\"height: 21pt;\">\r\n            <td height=\"28\" width=\"186\" style=\"height: 21pt;\" class=\"xl26\"><span style=\"\">Outer dimensions</span></td>\r\n            <td width=\"296\" align=\"left\" style=\"border-left: medium none;\" class=\"xl23\"><span style=\"\">&nbsp; W60.6 x H1 07 x D32.2 (mm)<span style=\"\">&nbsp;&nbsp;&nbsp;&nbsp;&nbsp;&nbsp;&nbsp;&nbsp;&nbsp;&nbsp;&nbsp;&nbsp;&nbsp;&nbsp;&nbsp;&nbsp;&nbsp;&nbsp;&nbsp;&nbsp;&nbsp;&nbsp;&nbsp;&nbsp;&nbsp;&nbsp;&nbsp;&nbsp;&nbsp;&nbsp;&nbsp;&nbsp;&nbsp;&nbsp;&nbsp;&nbsp; </span>[*1]</span></td>\r\n        </tr>\r\n        <tr height=\"28\" style=\"height: 21pt;\">\r\n            <td height=\"28\" width=\"186\" style=\"height: 21pt;\" class=\"xl26\"><span style=\"\">Weight</span></td>\r\n            <td width=\"296\" align=\"left\" style=\"border-left: medium none;\" class=\"xl23\"><span style=\"\">&nbsp; 150g<span style=\"\">&nbsp;&nbsp;&nbsp;&nbsp;&nbsp;&nbsp;&nbsp;&nbsp;&nbsp;&nbsp;&nbsp;&nbsp;&nbsp;&nbsp;&nbsp;&nbsp;&nbsp;&nbsp;&nbsp;&nbsp;&nbsp;&nbsp;&nbsp;&nbsp;&nbsp;&nbsp;&nbsp;&nbsp;&nbsp;&nbsp;&nbsp;&nbsp;&nbsp;&nbsp;&nbsp;&nbsp;&nbsp;&nbsp;&nbsp;&nbsp;&nbsp;&nbsp;&nbsp;&nbsp;&nbsp;&nbsp;&nbsp;&nbsp;&nbsp;&nbsp;&nbsp;&nbsp;&nbsp;&nbsp;&nbsp;&nbsp;&nbsp; &nbsp; &nbsp; &nbsp; &nbsp; &nbsp; &nbsp; &nbsp; &nbsp; &nbsp; &nbsp; &nbsp; </span>[*2]</span></td>\r\n        </tr>\r\n    </tbody>\r\n</table>\r\n<p><strong>Lighting Unit</strong></p>\r\n<p>&nbsp;</p>\r\n<table cellspacing=\"0\" cellpadding=\"0\" border=\"0\" style=\"border-collapse: collapse; width: 485px; height: 253px;\" x:str=\"\">\r\n    <tbody>\r\n        <tr height=\"28\" style=\"height: 21pt;\">\r\n            <td height=\"28\" width=\"187\" style=\"height: 21pt;\" class=\"xl30\"><strong><span style=\"\">Type</span></strong></td>\r\n            <td width=\"295\" style=\"\" class=\"xl31\"><strong><span style=\"\">&nbsp;HDR61 Wj</span></strong></td>\r\n        </tr>\r\n        <tr height=\"28\" style=\"height: 21pt;\">\r\n            <td height=\"28\" width=\"187\" style=\"height: 21pt;\" class=\"xl28\"><span style=\"\">Luminescent calor</span></td>\r\n            <td width=\"295\" style=\"\" class=\"xl26\"><span style=\"\">&nbsp; White</span></td>\r\n        </tr>\r\n        <tr height=\"28\" style=\"height: 21pt;\">\r\n            <td height=\"28\" width=\"187\" style=\"height: 21pt;\" class=\"xl24\"><span style=\"\">LifeTime</span></td>\r\n            <td width=\"295\" align=\"left\" style=\"\" class=\"xl25\"><span style=\"\">&nbsp; Approx. 20,000 hours</span></td>\r\n        </tr>\r\n        <tr height=\"28\" style=\"height: 21pt;\">\r\n            <td height=\"28\" width=\"187\" style=\"height: 21pt;\" class=\"xl28\"><span style=\"\"><span style=\"\">&nbsp;&nbsp;&nbsp;&nbsp;&nbsp;&nbsp;&nbsp;&nbsp;&nbsp;&nbsp;&nbsp;&nbsp;&nbsp;&nbsp;&nbsp;&nbsp;&nbsp;&nbsp;&nbsp;&nbsp;&nbsp;&nbsp;&nbsp;&nbsp;&nbsp;&nbsp;&nbsp;&nbsp;&nbsp;&nbsp;&nbsp;&nbsp;&nbsp;&nbsp;&nbsp;&nbsp;&nbsp;&nbsp;&nbsp;&nbsp;&nbsp;&nbsp;&nbsp;&nbsp;&nbsp;&nbsp;&nbsp;&nbsp;&nbsp;&nbsp;&nbsp;&nbsp;&nbsp;   </span>[*3]</span></td>\r\n            <td width=\"295\" align=\"left\" style=\"\" class=\"xl25\"><span style=\"\">&nbsp; (Not warranty period)</span></td>\r\n        </tr>\r\n        <tr height=\"28\" style=\"height: 21pt;\">\r\n            <td height=\"28\" width=\"187\" style=\"border-top: medium none; height: 21pt;\" class=\"xl29\"><span style=\"\">Operating heiqht ranqe</span></td>\r\n            <td width=\"295\" align=\"left\" style=\"\" class=\"xl25\"><span style=\"\">&nbsp; 60 <font class=\"font5\">~</font><font class=\"font6\"> 150 (mm)</font></span></td>\r\n        </tr>\r\n        <tr height=\"28\" style=\"height: 21pt;\">\r\n            <td height=\"28\" width=\"187\" style=\"border-top: medium none; height: 21pt;\" class=\"xl29\"><span style=\"\">Mirror cylinder   mountinq</span></td>\r\n            <td width=\"295\" align=\"left\" style=\"\" class=\"xl25\"><span style=\"\">&nbsp; Max &Oslash;61 (mm)</span></td>\r\n        </tr>\r\n        <tr height=\"28\" style=\"height: 21pt;\">\r\n            <td height=\"28\" width=\"187\" style=\"height: 21pt;\" class=\"xl24\"><span style=\"\">outer diameter</span></td>\r\n            <td width=\"295\" style=\"\" class=\"xl25\"><span style=\"\">&nbsp;</span></td>\r\n        </tr>\r\n        <tr height=\"28\" style=\"height: 21pt;\">\r\n            <td height=\"28\" width=\"187\" x:str=\"Outer dimensions                             [*1] \" style=\"height: 21pt;\" class=\"xl28\"><span style=\"\">Outer dimensions<span style=\"\">&nbsp;&nbsp;&nbsp;&nbsp;&nbsp;&nbsp;&nbsp;&nbsp;&nbsp;&nbsp;&nbsp;&nbsp;&nbsp;&nbsp;&nbsp;&nbsp;&nbsp;&nbsp;&nbsp;&nbsp;&nbsp; </span>[*1]<span style=\"\">&nbsp;</span></span></td>\r\n            <td width=\"295\" style=\"\" class=\"xl27\"><span style=\"\">&nbsp; 94 (O.D.) x 61 (I.D.) x<font class=\"font7\"> </font><font class=\"font6\">26</font><font class=\"font7\"> (</font><font class=\"font6\">H</font><font class=\"font7\">)</font><font class=\"font6\"> (mm)</font></span></td>\r\n        </tr>\r\n        <tr height=\"28\" style=\"height: 21pt;\">\r\n            <td height=\"28\" width=\"187\" style=\"height: 21pt;\" class=\"xl28\"><span style=\"\">Weight</span></td>\r\n            <td width=\"295\" align=\"left\" style=\"\" class=\"xl25\"><span style=\"\">&nbsp; 120g</span></td>\r\n        </tr>\r\n    </tbody>\r\n</table>\r\n<p>*1 Outer dimensions: Projections are excluded. *2 Weight: Power supply cord is excluded. *3 Life Time: The LED life differs depending on the ambient temperature.</p>','HDR 61','','','',''),(80,1,80,'ILLUMINATORS','<p>&quot;COLD LIGHT&quot; 150W OPTICAL FIBER IllUMINATOR <br />\r\nwith Ring Light Guide<br />\r\n- Length 1000mm<br />\r\n- Approx. 50H life time (no guaranteed)</p>','L-150AR60','','','',''),(81,1,81,'ILLUMINATORS','<p>&quot;COLD LIGHT&quot; 150W OPTICAL FIBER IllUMINATOR <br />\r\nwith Double Brance light Guide<br />\r\n- length 500mm<br />\r\n- Approx. 50H life time (no guaranteed)</p>','L-150AB','','','',''),(82,1,82,'ILLUMINATORS','<p>\r\n<meta content=\"text/html; charset=utf-8\" http-equiv=\"Content-Type\" />\r\n<meta content=\"Word.Document\" name=\"ProgId\" />\r\n<meta content=\"Microsoft Word 11\" name=\"Generator\" />\r\n<meta content=\"Microsoft Word 11\" name=\"Originator\" />\r\n<link href=\"file:///C:\\DOCUME~1\\User\\LOCALS~1\\Temp\\msohtml1\\01\\clip_filelist.xml\" rel=\"File-List\" /><!--[if gte mso 9]><xml>\r\n<w:WordDocument>\r\n<w:View>Normal</w:View>\r\n<w:Zoom>0</w:Zoom>\r\n<w:PunctuationKerning />\r\n<w:ValidateAgainstSchemas />\r\n<w:SaveIfXMLInvalid>false</w:SaveIfXMLInvalid>\r\n<w:IgnoreMixedContent>false</w:IgnoreMixedContent>\r\n<w:AlwaysShowPlaceholderText>false</w:AlwaysShowPlaceholderText>\r\n<w:Compatibility>\r\n<w:BreakWrappedTables />\r\n<w:SnapToGridInCell />\r\n<w:ApplyBreakingRules />\r\n<w:WrapTextWithPunct />\r\n<w:UseAsianBreakRules />\r\n<w:DontGrowAutofit />\r\n</w:Compatibility>\r\n<w:BrowserLevel>MicrosoftInternetExplorer4</w:BrowserLevel>\r\n</w:WordDocument>\r\n</xml><![endif]--><!--[if gte mso 9]><xml>\r\n<w:LatentStyles DefLockedState=\"false\" LatentStyleCount=\"156\">\r\n</w:LatentStyles>\r\n</xml><![endif]--><style type=\"text/css\">\r\n<!--\r\n /* Font Definitions */\r\n @font-face\r\n	{font-family:\"Angsana New\";\r\n	panose-1:2 2 6 3 5 4 5 2 3 4;\r\n	mso-font-charset:0;\r\n	mso-generic-font-family:roman;\r\n	mso-font-pitch:variable;\r\n	mso-font-signature:16777219 0 0 0 65537 0;}\r\n /* Style Definitions */\r\n p.MsoNormal, li.MsoNormal, div.MsoNormal\r\n	{mso-style-parent:\"\";\r\n	margin:0cm;\r\n	margin-bottom:.0001pt;\r\n	mso-pagination:widow-orphan;\r\n	font-size:12.0pt;\r\n	mso-bidi-font-size:14.0pt;\r\n	font-family:\"Times New Roman\";\r\n	mso-fareast-font-family:\"Times New Roman\";\r\n	mso-bidi-font-family:\"Angsana New\";}\r\n@page Section1\r\n	{size:612.0pt 792.0pt;\r\n	margin:72.0pt 90.0pt 72.0pt 90.0pt;\r\n	mso-header-margin:36.0pt;\r\n	mso-footer-margin:36.0pt;\r\n	mso-paper-source:0;}\r\ndiv.Section1\r\n	{page:Section1;}\r\n-->\r\n</style><!--[if gte mso 10]>\r\n<style>\r\n/* Style Definitions */\r\ntable.MsoNormalTable\r\n{mso-style-name:\"Table Normal\";\r\nmso-tstyle-rowband-size:0;\r\nmso-tstyle-colband-size:0;\r\nmso-style-noshow:yes;\r\nmso-style-parent:\"\";\r\nmso-padding-alt:0cm 5.4pt 0cm 5.4pt;\r\nmso-para-margin:0cm;\r\nmso-para-margin-bottom:.0001pt;\r\nmso-pagination:widow-orphan;\r\nfont-size:10.0pt;\r\nfont-family:\"Times New Roman\";\r\nmso-bidi-font-family:\"Times New Roman\";\r\nmso-ansi-language:#0400;\r\nmso-fareast-language:#0400;\r\nmso-bidi-language:#0400;}\r\n</style>\r\n<![endif]-->It is an incident illuminator for stereo microscope.<br />\r\nAnnular fluorescent lamp supplies high brightness and even illumination. <br />\r\nIt is concise and easily to be used. <br />\r\n<strong>Specifications : 220V/8W</strong></p>','ANNULAR ILLUMINATOR','','','',''),(83,1,83,'TV CAMERA ADAPTER','<p><strong>Available for C-mount CCD camera / connected to CCTV and monitor</strong></p>','TVA-45','','','',''),(84,1,84,'MICROSCOPE CAMERA ADAPTER','<p><strong>T-MICRO </strong>for SLR camera <br />\r\n(to be used with T-mount adapter)</p>\r\n<p>&nbsp;</p>\r\n<p><strong>T-MOUNT ADAPTERS</strong><br />\r\nMODEL</p>\r\n<p>T-PENTAX/S</p>\r\n<p>T-CANON/F</p>\r\n<p>T-CANON/EOS </p>\r\n<p>T-NIKON/F </p>\r\n<p>T-MINOLTA/SR </p>\r\n<p>T-KONICA </p>\r\n<p>T-FUJICA </p>\r\n<p>T-CONTAX</p>\r\n<p>T-PENTAX/F </p>\r\n<p>T-OLYMPUS/OM </p>\r\n<p>T-MINOLTA/A</p>\r\n<p>&nbsp;</p>\r\n<p><strong>(to be used with relay lens model BW10xt w/photo ring)</strong></p>','T-MOUNT, T-MICRO','','','',''),(85,1,85,'DIGITAL CAMERA ADAPTER','<p>(available for small-sized camera / used with relay lens model : BW10xt w/photo ring)<br />\r\n(Digital Camera : SONY CYBERSHOT, OLYMPUS CAMEDIA, NIKON COOLPIX - Recommended)</p>','XR 9501','','','',''),(99,1,99,'Model MZL-745 macro zoom lens offers cost-effective PC/TV microscopy system.\r\nThe MZL-745 is available as a monocular with eyepiece. \r\nAn eyepiece 10x and a C-mount adapter are provided as standard accessories.','<p><strong>Composed of :</strong><br />\r\n1. MZL-745&nbsp;&nbsp;&nbsp; &nbsp;Macro zoom lens O.7x-4.5x<br />\r\n2. SCW-PF&nbsp;&nbsp;&nbsp; &nbsp; Pole stand and holder with built-in 9W ring fluorescent light <br />\r\n3. Z1014E&nbsp;&nbsp;&nbsp;&nbsp;&nbsp;&nbsp; CMOS camera with USB interface</p>','MZL-745PF + Z1014E','22','','',''),(98,1,98,'Monocular lens with switchable O.8x, 1.6x, 2.4x and 3.2x magnifications. C-mount is provided to accept various kinds of camera connecting to TV monitor or PC. An eyepiece 10x is included to enable users to see through the eyepiece like normal monocular.','<p><strong>Composed of : </strong></p>\r\n<p>1. CCTV SONY 540 TV LINES</p>\r\n<p>2. TV/MONITOR 7&quot;</p>\r\n<p>3. MONOCULAR LENS WITH SWITCHABLE 4 STEP MAGNIFICATION</p>\r\n<p>4. HOLDER MONITOR</p>\r\n<p>5. LARGE STAGE WITH BRIGHTNESS ADJUSTMENT</p>','MM-1234 PIHF-M+HOLDER+TV/MONITOR+SONY 540','22','','',''),(89,1,89,'GEM MICROSCOPE','<p>&nbsp;</p>\r\n<table cellspacing=\"0\" cellpadding=\"0\" border=\"0\" style=\"border-collapse: collapse; width: 483px; height: 449px;\" x:str=\"\">\r\n    <tbody>\r\n        <tr height=\"20\" style=\"height: 15pt;\">\r\n            <td width=\"166\" height=\"20\" align=\"left\" style=\"height: 15pt;\" class=\"xl24\"><strong>Magnification</strong></td>\r\n            <td width=\"314\" align=\"left\" style=\"border-left: medium none;\" class=\"xl24\">10x   to 44x (field of view : 20mm. To 4.5 mm.)</td>\r\n        </tr>\r\n        <tr height=\"20\" style=\"height: 15pt;\">\r\n            <td width=\"166\" height=\"20\" align=\"left\" style=\"border-top: medium none; height: 15pt;\" class=\"xl24\"><strong>Objective   Lenses</strong></td>\r\n            <td width=\"314\" align=\"left\" style=\"border-top: medium none; border-left: medium none;\" class=\"xl24\">1.0x to   4.4x (zoom ratio : 4.4:1)</td>\r\n        </tr>\r\n        <tr height=\"20\" style=\"height: 15pt;\">\r\n            <td width=\"166\" height=\"20\" align=\"left\" style=\"border-top: medium none; height: 15pt;\" class=\"xl24\"><strong>Eyepieces</strong></td>\r\n            <td width=\"314\" align=\"left\" style=\"border-top: medium none; border-left: medium none;\" class=\"xl24\">Wide Field   10x (DSW10x F.N.20)(field number : 20)</td>\r\n        </tr>\r\n        <tr height=\"24\" style=\"height: 18pt;\">\r\n            <td width=\"166\" height=\"24\" align=\"left\" style=\"border-top: medium none; height: 18pt;\" class=\"xl24\"><strong>Optical   Body</strong></td>\r\n            <td width=\"314\" align=\"left\" style=\"border-top: medium none; border-left: medium none;\" class=\"xl24\">360<font class=\"font6\"><sup>๐</sup></font><font class=\"font5\"> rotatable trinocular   type, 45</font><font class=\"font6\"><sup>๐</sup></font><font class=\"font5\">   inclined eyepiece tube</font></td>\r\n        </tr>\r\n        <tr height=\"20\" style=\"height: 15pt;\">\r\n            <td width=\"166\" height=\"20\" align=\"left\" style=\"border-top: medium none; height: 15pt;\" class=\"xl24\"><strong>Working   Distance</strong></td>\r\n            <td width=\"314\" align=\"left\" style=\"border-top: medium none; border-left: medium none;\" class=\"xl24\">90 mm.</td>\r\n        </tr>\r\n        <tr height=\"20\" style=\"height: 15pt;\">\r\n            <td width=\"166\" height=\"20\" align=\"left\" style=\"border-top: medium none; height: 15pt;\" class=\"xl24\"><strong>Interpupillary   Distance</strong></td>\r\n            <td width=\"314\" align=\"left\" style=\"border-top: medium none; border-left: medium none;\" class=\"xl24\">52mm. to   75mm.</td>\r\n        </tr>\r\n        <tr height=\"20\" style=\"height: 15pt;\">\r\n            <td width=\"166\" height=\"20\" align=\"left\" style=\"border-top: medium none; height: 15pt;\" class=\"xl24\"><strong>Diopter   Adjustment</strong></td>\r\n            <td width=\"314\" align=\"left\" style=\"border-top: medium none; border-left: medium none;\" class=\"xl27\">&plusmn;<font class=\"font5\"> 5.6D - 7.2D<span style=\"\">&nbsp; </span>on both   eyepiece tubes &amp; </font><font class=\"font7\">&plusmn;</font><font class=\"font5\">   8D on verticle tube</font><font class=\"font7\">&plusmn;</font></td>\r\n        </tr>\r\n        <tr height=\"20\" style=\"height: 15pt;\">\r\n            <td width=\"166\" height=\"20\" align=\"left\" style=\"border-top: medium none; height: 15pt;\" class=\"xl24\"><strong>Stand   type</strong></td>\r\n            <td width=\"314\" align=\"left\" style=\"border-top: medium none; border-left: medium none;\" class=\"xl24\">Regular   type</td>\r\n        </tr>\r\n        <tr height=\"20\" style=\"height: 15pt;\">\r\n            <td width=\"166\" height=\"20\" align=\"left\" style=\"border-top: medium none; height: 15pt;\" class=\"xl24\"><strong>Front   Light</strong></td>\r\n            <td width=\"314\" align=\"left\" style=\"border-top: medium none; border-left: medium none;\" class=\"xl24\">\r\n            <p>Fluorescent   Lamp 9 W S/E 860<span style=\"\">&nbsp; </span>6500 K<span style=\"\">&nbsp;&nbsp;</span></p>\r\n            </td>\r\n        </tr>\r\n        <tr height=\"20\" style=\"height: 15pt;\">\r\n            <td width=\"166\" height=\"20\" align=\"left\" style=\"border-top: medium none; height: 15pt;\" class=\"xl24\"><strong>Transmitted   Light</strong></td>\r\n            <td width=\"314\" align=\"left\" style=\"border-top: medium none; border-left: medium none;\" class=\"xl24\">Halogen   lamp 12V 20-25W w/dimmer</td>\r\n        </tr>\r\n        <tr height=\"20\" style=\"height: 15pt;\">\r\n            <td width=\"166\" height=\"20\" align=\"left\" style=\"border-top: medium none; height: 15pt;\" class=\"xl24\">&nbsp;</td>\r\n            <td width=\"314\" align=\"left\" style=\"border-top: medium none; border-left: medium none;\" class=\"xl24\">Single Light Guide (Halogen)</td>\r\n        </tr>\r\n        <tr height=\"20\" style=\"height: 15pt;\">\r\n            <td width=\"166\" height=\"20\" align=\"left\" style=\"border-top: medium none; height: 15pt;\" class=\"xl24\"><strong>Fuse</strong></td>\r\n            <td width=\"314\" align=\"left\" style=\"border-top: medium none; border-left: medium none;\" class=\"xl24\">250V 2A</td>\r\n        </tr>\r\n        <tr height=\"20\" style=\"height: 15pt;\">\r\n            <td width=\"166\" height=\"20\" align=\"left\" style=\"border-top: medium none; height: 15pt;\" class=\"xl24\"><strong>Stage   plate</strong></td>\r\n            <td width=\"314\" align=\"left\" style=\"border-top: medium none; border-left: medium none;\" class=\"xl24\">Darkfield   42 mm.</td>\r\n        </tr>\r\n        <tr height=\"20\" style=\"height: 15pt;\">\r\n            <td width=\"166\" height=\"20\" align=\"left\" style=\"border-top: medium none; height: 15pt;\" class=\"xl24\"><strong>Base</strong></td>\r\n            <td width=\"314\" align=\"left\" style=\"border-top: medium none; border-left: medium none;\" class=\"xl24\">180mm. x   265mm.</td>\r\n        </tr>\r\n        <tr height=\"20\" style=\"height: 15pt;\">\r\n            <td width=\"166\" height=\"20\" align=\"left\" style=\"border-top: medium none; height: 15pt;\" class=\"xl24\"><strong>Power   cord</strong></td>\r\n            <td width=\"314\" align=\"left\" style=\"border-top: medium none; border-left: medium none;\" class=\"xl24\">VDE cord</td>\r\n        </tr>\r\n        <tr height=\"20\" style=\"height: 15pt;\">\r\n            <td width=\"166\" height=\"20\" align=\"left\" style=\"border-top: medium none; height: 15pt;\" class=\"xl24\"><strong>Electrical   rating</strong></td>\r\n            <td width=\"314\" align=\"left\" style=\"border-top: medium none; border-left: medium none;\" class=\"xl24\">110-220V   50Hz / 60Hz</td>\r\n        </tr>\r\n        <tr height=\"24\" style=\"height: 18pt;\">\r\n            <td width=\"166\" height=\"24\" align=\"left\" style=\"border-top: medium none; height: 18pt;\" class=\"xl24\"><strong>Adj.stand</strong></td>\r\n            <td width=\"314\" align=\"left\" style=\"border-top: medium none; border-left: medium none;\" class=\"xl24\">0-10<font class=\"font6\"><sup>๐</sup></font></td>\r\n        </tr>\r\n        <tr height=\"20\" style=\"height: 15pt;\">\r\n            <td width=\"166\" height=\"20\" align=\"left\" style=\"border-top: medium none; height: 15pt;\" class=\"xl24\"><strong>Hight</strong></td>\r\n            <td width=\"314\" align=\"left\" style=\"border-top: medium none; border-left: medium none;\" class=\"xl24\">400 mm.</td>\r\n        </tr>\r\n        <tr height=\"20\" style=\"height: 15pt;\">\r\n            <td width=\"166\" height=\"20\" align=\"left\" style=\"border-top: medium none; height: 15pt;\" class=\"xl24\"><strong>Net   Weight</strong></td>\r\n            <td width=\"314\" align=\"left\" style=\"border-top: medium none; border-left: medium none;\" class=\"xl24\">5.77 Kg.</td>\r\n        </tr>\r\n        <tr height=\"20\" style=\"height: 15pt;\">\r\n            <td width=\"166\" height=\"20\" align=\"left\" style=\"border-top: medium none; height: 15pt;\" class=\"xl24\"><strong>Color</strong></td>\r\n            <td width=\"314\" align=\"left\" x:str=\"White \" style=\"border-top: medium none; border-left: medium none;\" class=\"xl24\">White<span style=\"\">&nbsp;</span></td>\r\n        </tr>\r\n        <tr height=\"20\" style=\"height: 15pt;\">\r\n            <td width=\"166\" height=\"60\" style=\"height: 45pt;\" class=\"xl29\" rowspan=\"3\"><strong>Accessories</strong></td>\r\n            <td width=\"314\" align=\"left\" style=\"border-left: medium none;\" class=\"xl26\">Rubber eyeguards, Tension   control pin,</td>\r\n        </tr>\r\n        <tr height=\"20\" style=\"height: 15pt;\">\r\n            <td width=\"314\" height=\"20\" align=\"left\" style=\"border-top: medium none; border-left: medium none; height: 15pt;\" class=\"xl24\">Dust cover, Spare fuse, Tweezer type III</td>\r\n        </tr>\r\n    </tbody>\r\n</table>','DSZ-44JV',NULL,NULL,NULL,NULL),(90,1,90,'BENCH MICROSCOPE\r\nDesigned for the jewelry\r\nThe bench microscope \"CARTON\" brand with various magnification \r\n* Dual magnification of 10x & 20x or 10x & 30x or 20x & 40x bodies available.\r\n* Single magnification of 10x or 20x bodies available.\r\n* Zoom magn','<p>&nbsp;</p>\r\n<table cellspacing=\"0\" cellpadding=\"0\" border=\"0\" x:str=\"\" style=\"border-collapse: collapse; width: 461px; height: 400px;\">\r\n    <tbody>\r\n        <tr height=\"33\" style=\"height: 24.95pt;\">\r\n            <td height=\"33\" width=\"160\" align=\"left\" class=\"xl24\" style=\"height: 24.95pt;\"><strong><span style=\"\">Models</span></strong></td>\r\n            <td width=\"66\" align=\"center\" class=\"xl25\" style=\"\"><strong><span style=\"\">NSW-1 or 2</span></strong></td>\r\n            <td width=\"114\" align=\"center\" class=\"xl25\" style=\"\"><strong><span style=\"\">NSW-12</span></strong></td>\r\n            <td width=\"115\" align=\"center\" class=\"xl25\" style=\"\"><strong><span style=\"\">DSZ-44</span></strong></td>\r\n        </tr>\r\n        <tr height=\"33\" style=\"height: 24.95pt;\">\r\n            <td height=\"33\" width=\"160\" align=\"left\" class=\"xl24\" style=\"height: 24.95pt;\"><strong><span style=\"\">Magnification</span></strong></td>\r\n            <td width=\"66\" align=\"center\" class=\"xl25\" style=\"\"><span style=\"\">10X or 20X</span></td>\r\n            <td width=\"114\" align=\"center\" class=\"xl25\" style=\"\"><span style=\"\">10X (23.0mm)</span></td>\r\n            <td width=\"115\" align=\"center\" class=\"xl25\" style=\"\"><span style=\"\">10X to 44X</span></td>\r\n        </tr>\r\n        <tr height=\"33\" style=\"height: 24.95pt;\">\r\n            <td height=\"33\" width=\"160\" align=\"left\" class=\"xl24\" style=\"height: 24.95pt;\"><strong><span style=\"\">Fieid of View</span></strong></td>\r\n            <td width=\"66\" align=\"center\" class=\"xl25\" style=\"\"><span style=\"\">(23.0mm) or (11.5mm)</span></td>\r\n            <td width=\"114\" align=\"center\" class=\"xl25\" style=\"\"><span style=\"\">20X (1l.5mm)</span></td>\r\n            <td width=\"115\" align=\"center\" class=\"xl25\" style=\"\"><span style=\"\">(23.0mm to 5.2mm)</span></td>\r\n        </tr>\r\n        <tr height=\"33\" style=\"height: 24.95pt;\">\r\n            <td height=\"33\" width=\"160\" align=\"left\" class=\"xl24\" style=\"height: 24.95pt;\"><strong><span style=\"\">Objective Lenses</span></strong></td>\r\n            <td width=\"66\" align=\"center\" class=\"xl25\" style=\"\"><span style=\"\">1X or 2X</span></td>\r\n            <td width=\"114\" align=\"center\" class=\"xl25\" style=\"\"><span style=\"\">1X &amp; 2X</span></td>\r\n            <td width=\"115\" align=\"center\" class=\"xl25\" style=\"\"><span style=\"\">1X to 4.4X</span></td>\r\n        </tr>\r\n        <tr height=\"33\" style=\"height: 24.95pt;\">\r\n            <td height=\"33\" width=\"160\" align=\"left\" class=\"xl24\" style=\"height: 24.95pt;\"><strong><span style=\"\">Eyepieces</span></strong></td>\r\n            <td width=\"295\" align=\"center\" colspan=\"3\" class=\"xl25\" style=\"\">Wide Field 10x (DSW   10x) (field number: 23)</td>\r\n        </tr>\r\n        <tr height=\"33\" style=\"height: 24.95pt;\">\r\n            <td height=\"33\" width=\"160\" align=\"left\" class=\"xl24\" style=\"height: 24.95pt;\"><strong><span style=\"\">Optical Body</span></strong></td>\r\n            <td width=\"295\" align=\"center\" colspan=\"3\" class=\"xl25\" style=\"\">360<font class=\"font6\"><sup>0</sup></font><font class=\"font5\"> rotatable binocular type, 45&deg; inclined eyepiece tube</font></td>\r\n        </tr>\r\n        <tr height=\"33\" style=\"height: 24.95pt;\">\r\n            <td height=\"33\" width=\"160\" align=\"left\" class=\"xl24\" style=\"height: 24.95pt;\"><strong><span style=\"\">Working Distance</span></strong></td>\r\n            <td width=\"66\" align=\"center\" class=\"xl25\" style=\"\"><span style=\"\">131.0mm</span></td>\r\n            <td width=\"114\" align=\"center\" class=\"xl25\" style=\"\"><span style=\"\">131.0mm</span></td>\r\n            <td width=\"115\" align=\"center\" class=\"xl25\" style=\"\"><span style=\"\">90.0mm</span></td>\r\n        </tr>\r\n        <tr height=\"33\" style=\"height: 24.95pt;\">\r\n            <td height=\"33\" width=\"160\" align=\"left\" class=\"xl24\" style=\"height: 24.95pt;\"><strong><span style=\"\">Interpupillary Distance</span></strong></td>\r\n            <td width=\"295\" align=\"center\" colspan=\"3\" class=\"xl25\" style=\"\">52mm to 75mm</td>\r\n        </tr>\r\n        <tr height=\"33\" style=\"height: 24.95pt;\">\r\n            <td height=\"33\" width=\"160\" align=\"left\" class=\"xl24\" style=\"height: 24.95pt;\"><strong><span style=\"\">Diopter Adjustment</span></strong></td>\r\n            <td width=\"180\" align=\"center\" colspan=\"2\" class=\"xl27\">+5.6 - 7.2D on left eyepiece tube</td>\r\n            <td width=\"115\" align=\"center\" class=\"xl27\">on both eyepiece tubes</td>\r\n        </tr>\r\n        <tr height=\"33\" style=\"height: 24.95pt;\">\r\n            <td height=\"66\" width=\"160\" rowspan=\"2\" class=\"xl28\" style=\"height: 49.9pt;\"><strong><span style=\"\">Stand Type</span></strong></td>\r\n            <td width=\"180\" align=\"center\" colspan=\"2\" class=\"xl26\" x:str=\"Universal S-Stand \">Universal S-Stand<span style=\"\">&nbsp;</span></td>\r\n            <td width=\"115\" align=\"center\" class=\"xl26\">Universal S-Stand</td>\r\n        </tr>\r\n        <tr height=\"33\" style=\"height: 24.95pt;\">\r\n            <td width=\"180\" align=\"center\" colspan=\"2\" class=\"xl26\" style=\"height: 24.95pt;\">&amp; SCW-PXX   w/hole</td>\r\n            <td width=\"115\" align=\"center\" class=\"xl26\">&amp; SCW-PXX w/hole</td>\r\n        </tr>\r\n        <tr height=\"33\" style=\"height: 24.95pt;\">\r\n            <td height=\"33\" width=\"160\" align=\"left\" class=\"xl24\" style=\"height: 24.95pt;\"><strong><span style=\"\">Incident Light</span></strong></td>\r\n            <td width=\"295\" align=\"center\" colspan=\"3\" class=\"xl25\" style=\"\">Fluorescent lamp 75W   (Daylight)</td>\r\n        </tr>\r\n    </tbody>\r\n</table>','NSW-1x or 2x PXX, DSZ-44PXX',NULL,NULL,NULL,NULL),(93,1,93,'MAGNIFYING LAMP','<p><strong>Lens material : </strong>glass</p>\r\n<p><strong><br />\r\nLens size : </strong>5 &quot;</p>\r\n<p><strong><br />\r\nDiopter : </strong>3 diopter /5 diopter/8 diopter</p>\r\n<p><br />\r\n<strong>Voltage : </strong>220V-240V 50Hz 22w</p>\r\n<p><br />\r\n<strong>Light source : </strong>22W fluorescent lamp&nbsp;</p>\r\n<p><br />\r\n<strong>Standard mount : </strong>desktop clamp</p>\r\n<p><br />\r\n<strong>Colour : </strong>white</p>\r\n<p>&nbsp;</p>\r\n<p><strong><br />\r\nMade in china / No brand</strong></p>','8064D',NULL,NULL,NULL,NULL),(91,1,91,'FOCUSING EYEPIECE 10x WITH RETICLE','<p>\r\n<meta http-equiv=\"Content-Type\" content=\"text/html; charset=utf-8\">\r\n<meta name=\"ProgId\" content=\"Word.Document\">\r\n<meta name=\"Generator\" content=\"Microsoft Word 11\">\r\n<meta name=\"Originator\" content=\"Microsoft Word 11\">\r\n<link rel=\"File-List\" href=\"file:///C:\\DOCUME~1\\User\\LOCALS~1\\Temp\\msohtml1\\01\\clip_filelist.xml\" /><!--[if gte mso 9]><xml>\r\n<w:WordDocument>\r\n<w:View>Normal</w:View>\r\n<w:Zoom>0</w:Zoom>\r\n<w:PunctuationKerning />\r\n<w:ValidateAgainstSchemas />\r\n<w:SaveIfXMLInvalid>false</w:SaveIfXMLInvalid>\r\n<w:IgnoreMixedContent>false</w:IgnoreMixedContent>\r\n<w:AlwaysShowPlaceholderText>false</w:AlwaysShowPlaceholderText>\r\n<w:Compatibility>\r\n<w:BreakWrappedTables />\r\n<w:SnapToGridInCell />\r\n<w:ApplyBreakingRules />\r\n<w:WrapTextWithPunct />\r\n<w:UseAsianBreakRules />\r\n<w:DontGrowAutofit />\r\n</w:Compatibility>\r\n<w:BrowserLevel>MicrosoftInternetExplorer4</w:BrowserLevel>\r\n</w:WordDocument>\r\n</xml><![endif]--><!--[if gte mso 9]><xml>\r\n<w:LatentStyles DefLockedState=\"false\" LatentStyleCount=\"156\">\r\n</w:LatentStyles>\r\n</xml><![endif]--><style type=\"text/css\">\r\n<!--\r\n /* Font Definitions */\r\n @font-face\r\n	{font-family:\"Angsana New\";\r\n	panose-1:2 2 6 3 5 4 5 2 3 4;\r\n	mso-font-charset:0;\r\n	mso-generic-font-family:roman;\r\n	mso-font-pitch:variable;\r\n	mso-font-signature:16777219 0 0 0 65537 0;}\r\n /* Style Definitions */\r\n p.MsoNormal, li.MsoNormal, div.MsoNormal\r\n	{mso-style-parent:\"\";\r\n	margin:0cm;\r\n	margin-bottom:.0001pt;\r\n	mso-pagination:widow-orphan;\r\n	font-size:12.0pt;\r\n	mso-bidi-font-size:14.0pt;\r\n	font-family:\"Times New Roman\";\r\n	mso-fareast-font-family:\"Times New Roman\";\r\n	mso-bidi-font-family:\"Angsana New\";}\r\n@page Section1\r\n	{size:612.0pt 792.0pt;\r\n	margin:72.0pt 90.0pt 72.0pt 90.0pt;\r\n	mso-header-margin:36.0pt;\r\n	mso-footer-margin:36.0pt;\r\n	mso-paper-source:0;}\r\ndiv.Section1\r\n	{page:Section1;}\r\n-->\r\n</style><!--[if gte mso 10]>\r\n<style>\r\n/* Style Definitions */\r\ntable.MsoNormalTable\r\n{mso-style-name:\"Table Normal\";\r\nmso-tstyle-rowband-size:0;\r\nmso-tstyle-colband-size:0;\r\nmso-style-noshow:yes;\r\nmso-style-parent:\"\";\r\nmso-padding-alt:0cm 5.4pt 0cm 5.4pt;\r\nmso-para-margin:0cm;\r\nmso-para-margin-bottom:.0001pt;\r\nmso-pagination:widow-orphan;\r\nfont-size:10.0pt;\r\nfont-family:\"Times New Roman\";\r\nmso-bidi-font-family:\"Times New Roman\";\r\nmso-ansi-language:#0400;\r\nmso-fareast-language:#0400;\r\nmso-bidi-language:#0400;}\r\n</style>\r\n<![endif]--><strong>DFHW10X</strong> F.N.23 (For SPZ)        </meta>\r\n</meta>\r\n</meta>\r\n</meta>\r\n</p>\r\n<p><strong>DFSW10X</strong> F.N.20 (For DSZ/NSW)</p>\r\n<p>&nbsp;</p>\r\n<p><strong>No.1</strong> Eyepiece Micrometer DIA. 25mm. With 10:100mm. Scale</p>\r\n<p><strong>No.2</strong> Eyepiece Micrometer DIA. 25mm. With 20x20 0.5mm. Squares Scale</p>\r\n<p><strong>No.3</strong> Eyepiece Micrometer DIA. 25mm. With 5x5 1mm. Squares Scale</p>\r\n<p><strong>No.4</strong> Eyepiece Micrometer DIA. 25mm. With 5:100mm. Scale</p>\r\n<p><strong>No.5</strong> Eyepiece Micrometer DIA. 25mm. With 10x10 1mm. Squares Scale</p>\r\n<p><strong>No.6</strong> Eyepiece Micrometer DIA. 25mm. With 10:100mm. Cross line Scale\r\n<meta http-equiv=\"Content-Type\" content=\"text/html; charset=utf-8\">\r\n<meta name=\"ProgId\" content=\"Word.Document\">\r\n<meta name=\"Generator\" content=\"Microsoft Word 11\">\r\n<meta name=\"Originator\" content=\"Microsoft Word 11\">       </meta>\r\n</meta>\r\n</meta>\r\n</meta>\r\n</p>','DFSW 10X, DFHW 10X',NULL,NULL,NULL,NULL),(92,1,92,'MICROSCOPE DIGITAL CAMERA EYEPIECE. \r\n\r\nThe Z1014E is a CMOS camera to convert a normal microscope into \"Digital Microscope\". The CMOS camera features USB interface to connect with a PC so that the image enlarged by microscope can be seen, measured and sa','<p>\r\n<meta content=\"text/html; charset=utf-8\" http-equiv=\"Content-Type\">\r\n<meta content=\"Word.Document\" name=\"ProgId\">\r\n<meta content=\"Microsoft Word 11\" name=\"Generator\">\r\n<meta content=\"Microsoft Word 11\" name=\"Originator\">\r\n<link href=\"file:///C:\\DOCUME~1\\User\\LOCALS~1\\Temp\\msohtml1\\01\\clip_filelist.xml\" rel=\"File-List\" /><!--[if gte mso 9]><xml>\r\n<w:WordDocument>\r\n<w:View>Normal</w:View>\r\n<w:Zoom>0</w:Zoom>\r\n<w:PunctuationKerning />\r\n<w:ValidateAgainstSchemas />\r\n<w:SaveIfXMLInvalid>false</w:SaveIfXMLInvalid>\r\n<w:IgnoreMixedContent>false</w:IgnoreMixedContent>\r\n<w:AlwaysShowPlaceholderText>false</w:AlwaysShowPlaceholderText>\r\n<w:Compatibility>\r\n<w:BreakWrappedTables />\r\n<w:SnapToGridInCell />\r\n<w:ApplyBreakingRules />\r\n<w:WrapTextWithPunct />\r\n<w:UseAsianBreakRules />\r\n<w:DontGrowAutofit />\r\n</w:Compatibility>\r\n<w:BrowserLevel>MicrosoftInternetExplorer4</w:BrowserLevel>\r\n</w:WordDocument>\r\n</xml><![endif]--><!--[if gte mso 9]><xml>\r\n<w:LatentStyles DefLockedState=\"false\" LatentStyleCount=\"156\">\r\n</w:LatentStyles>\r\n</xml><![endif]--><style type=\"text/css\">\r\n<!--\r\n /* Font Definitions */\r\n @font-face\r\n	{font-family:\"Angsana New\";\r\n	panose-1:2 2 6 3 5 4 5 2 3 4;\r\n	mso-font-charset:0;\r\n	mso-generic-font-family:roman;\r\n	mso-font-pitch:variable;\r\n	mso-font-signature:16777219 0 0 0 65537 0;}\r\n /* Style Definitions */\r\n p.MsoNormal, li.MsoNormal, div.MsoNormal\r\n	{mso-style-parent:\"\";\r\n	margin:0cm;\r\n	margin-bottom:.0001pt;\r\n	mso-pagination:widow-orphan;\r\n	font-size:12.0pt;\r\n	mso-bidi-font-size:14.0pt;\r\n	font-family:\"Times New Roman\";\r\n	mso-fareast-font-family:\"Times New Roman\";\r\n	mso-bidi-font-family:\"Angsana New\";}\r\n@page Section1\r\n	{size:612.0pt 792.0pt;\r\n	margin:72.0pt 90.0pt 72.0pt 90.0pt;\r\n	mso-header-margin:36.0pt;\r\n	mso-footer-margin:36.0pt;\r\n	mso-paper-source:0;}\r\ndiv.Section1\r\n	{page:Section1;}\r\n-->\r\n</style><!--[if gte mso 10]>\r\n<style>\r\n/* Style Definitions */\r\ntable.MsoNormalTable\r\n{mso-style-name:\"Table Normal\";\r\nmso-tstyle-rowband-size:0;\r\nmso-tstyle-colband-size:0;\r\nmso-style-noshow:yes;\r\nmso-style-parent:\"\";\r\nmso-padding-alt:0cm 5.4pt 0cm 5.4pt;\r\nmso-para-margin:0cm;\r\nmso-para-margin-bottom:.0001pt;\r\nmso-pagination:widow-orphan;\r\nfont-size:10.0pt;\r\nfont-family:\"Times New Roman\";\r\nmso-bidi-font-family:\"Times New Roman\";\r\nmso-ansi-language:#0400;\r\nmso-fareast-language:#0400;\r\nmso-bidi-language:#0400;}\r\n</style>\r\n<![endif]--><strong>Specifications</strong><br />\r\n<strong>CMOS size</strong>: 1/4&quot;<br />\r\n<strong>Valid pixel</strong> : 640x480 (310K pixels)<br />\r\n<strong>Digital output</strong>: 10-bit digital image signal data bus <br />\r\n<strong>Frame rate</strong>: 30f/s (VGA)<br />\r\n<strong>Lowest Lux</strong>: 1.2Lux<br />\r\n<strong>Exposure</strong>: Manual/Auto exposure<br />\r\n<strong>SNR</strong> : &gt;44dB<br />\r\n<strong>Dynamic range</strong>: &gt;60dB<br />\r\n<strong>Interface</strong>: USB1.1 (compatible with USB2.0) <br />\r\n<strong>Image format</strong>: 320x240, 640x480<br />\r\n<strong>Scanning</strong>: Progressive<br />\r\n<strong>Working current</strong>: 100mA<br />\r\n<strong>Consumable power</strong>: 0.75W<br />\r\n<strong>Working temperature</strong>: +/-20 C<br />\r\n<strong>Replay lens</strong>: 0.45x<br />\r\n<br />\r\n<strong>Standard Accessories</strong><br />\r\n*) &quot;C-IMAGE&quot; Measuring Software <br />\r\n*) Adapter for eyepiece tube<br />\r\n<br />\r\n<strong>Operation System</strong> : Windows 2000/ Windows XP    </meta>\r\n</meta>\r\n</meta>\r\n</meta>\r\n</p>','Z1014E WITH C-IMAGE',NULL,NULL,NULL,NULL),(94,1,94,'MAGNIFYING LAMP','<p><strong>Lens material :</strong> glass <br />\r\n<br />\r\n<strong>Lens size : </strong>5 &quot; <br />\r\n<br />\r\n<strong>Diopter : </strong>3 diopter /5 diopter/8 diopter <br />\r\n<br />\r\n<strong>Voltage : </strong>220V-240V 50Hz 22w<br />\r\n<br />\r\n<strong>Light source :&nbsp; </strong>22W fluorescent lamp <br />\r\n<strong><br />\r\nStandard mount : </strong>desktop clamp <br />\r\n<br />\r\n<strong>Colour : </strong>white</p>\r\n<p>&nbsp;</p>\r\n<p><br />\r\n<strong>Made in china / No brand</strong></p>','8066D',NULL,NULL,NULL,NULL),(95,1,95,'MAGNIFYING LAMP','<p><strong>Lens material : </strong>glass </p>\r\n<p><strong><br />\r\nLens size : </strong>5 &quot;</p>\r\n<p><br />\r\n<strong>Diopter : </strong>3 diopter /5 diopter/8 diopter</p>\r\n<p><br />\r\n<strong>Voltage : </strong>220V-240V 50Hz 22w</p>\r\n<p><br />\r\n<strong>Light source : </strong>22W fluorescent lamp</p>\r\n<p><strong><br />\r\nStandard mount : </strong>table base</p>\r\n<p><br />\r\n<strong>Colour : </strong>white</p>\r\n<p>&nbsp;</p>\r\n<p><strong><br />\r\nMade in china / No brand</strong></p>','8066BEC','','','',''),(96,1,96,'MAGNIFYING LAMP','<p><strong>Lens material : </strong>glass <br />\r\n<br />\r\n<strong>Lens size : </strong>7.5&quot;x6.&quot;<br />\r\n<br />\r\n<strong>Diopter : </strong>3 diopter /5 diopter <br />\r\n<br />\r\n<strong>Voltage : </strong>220V-240V 50Hz <br />\r\n<br />\r\n<strong>Light source : </strong>2x9W fluorescent lamp&nbsp; <br />\r\n<br />\r\n<strong>Standard mount : </strong>table base <br />\r\n<br />\r\n<strong>Colour : </strong>white</p>\r\n<p>&nbsp;</p>\r\n<p><strong><br />\r\nMade in china / No brand</strong></p>','8069BEC','','','',''),(97,1,97,'DSZT-44 series is provided with trinocular body for TV microscopy and photomicrography.\r\nIt features the same zoom magnification of 10x to 44x as the DSZ-44 series.','<p><strong>Composed of : </strong></p>\r\n<p>1. MD 130 DIGITAL CAMERA EYEPIECE HIGH RESOLUTION</p>\r\n<p>2. STEREO MICROSCOPE 10x-44x, TRINOCULAR BODY &amp; LARGE STAGE</p>\r\n<p>3. HDR61 WHITE LED ILLUMINATOR WITH DIMMER</p>','DSZT-44PFM-X+HDR61+MD130','22','','',''),(102,1,102,'MIGHTY SCOPE','<ul>\r\n    <li><span id=\"1250655788155S\" style=\"display: none;\">&nbsp;</span><strong>Easy to use, 6-LED hand-held digital microscope with a USB interface.</strong></li>\r\n    <li><strong>&nbsp;</strong></li>\r\n    <li><strong>High resolution magnification at your fingertips. Detailed examination of any area you choose.</strong></li>\r\n    <li><strong>&nbsp;</strong></li>\r\n    <li><strong>Active Pixel Technology produces sharp images and accurate color reproduction.</strong></li>\r\n    <li><strong>&nbsp;</strong></li>\r\n    <li><strong>The LED&rsquo;s can be turned on or off , brightness can be adjusted using control wheel on body, and&nbsp; an adjustable magnification from10X - 200X, all in one compact lens.</strong></li>\r\n    <li><strong>&nbsp;</strong></li>\r\n    <li><strong>Microtouch Shutter trigger allows for convenient image capture when in hand held mode or mounted&nbsp; on a stand.</strong></li>\r\n    <li><strong>&nbsp;</strong></li>\r\n    <li><strong>Just plug into a PC and your are set to go.</strong></li>\r\n    <li><strong>&nbsp;</strong></li>\r\n    <li><strong>Available in UV version consisting of 6 UV LED lights operating at 405nm.</strong></li>\r\n    <li><strong>&nbsp;</strong></li>\r\n    <li><strong>Can be used for science and engineering work, dermatology, detailed repair, assembly and quality control (i.e. electronics, mechanical, etc), hobbies &amp; collecting (coin, stamp, watch, jewelry, etc.), law enforcement (counterfeit ID, crime lab, etc), entertainment and much more.</strong></li>\r\n    <li><strong>&nbsp;</strong></li>\r\n    <li><strong>Our Mighty Scope comes with software for easy capture of images or videos (measurement function included) and adjustable stand. Optional boom type stand is also available.</strong></li>\r\n    <li><span id=\"1250655788386E\" style=\"display: none;\">&nbsp;</span>&nbsp;</li>\r\n</ul>\r\n<p><strong>SPECIFITICATIONS</strong></p>\r\n<p>&nbsp;</p>\r\n<table cellspacing=\"0\" cellpadding=\"0\" border=\"0\" x:str=\"\" style=\"border-collapse: collapse; width: 700px; height: 295px;\">\r\n    <tbody>\r\n        <tr height=\"17\" style=\"height: 12.75pt;\">\r\n            <td height=\"17\" bgcolor=\"#ffff66\" width=\"232\" class=\"xl23\" style=\"height: 12.75pt;\" bordercolor=\"#0000cc\">&nbsp;</td>\r\n            <td height=\"17\" bgcolor=\"#00ccff\" align=\"center\" width=\"312\" class=\"xl25\" style=\"\" bordercolor=\"#000099\"><strong>DIGITAL   MIGHTY SCOPE</strong></td>\r\n            <td height=\"17\" bgcolor=\"#66ff99\" align=\"center\" width=\"312\" class=\"xl25\" style=\"\" bordercolor=\"#000099\">\r\n            <p><strong>ANALOG MIGHTY SCPOE</strong></p>\r\n            </td>\r\n        </tr>\r\n        <tr height=\"17\" style=\"height: 12.75pt;\">\r\n            <td height=\"17\" bgcolor=\"#ffff66\" width=\"232\" class=\"xl24\" style=\"height: 12.75pt;\" bordercolor=\"#0000cc\"><strong>IMAGE SENSOR:</strong></td>\r\n            <td height=\"17\" bgcolor=\"#00ccff\" align=\"center\" width=\"312\" class=\"xl26\" style=\"\" bordercolor=\"#000099\">1/4&quot; Color CMOS</td>\r\n            <td height=\"17\" bgcolor=\"#66ff99\" align=\"center\" width=\"312\" class=\"xl26\" style=\"\" bordercolor=\"#000099\">1/3&quot; Color CMOS</td>\r\n        </tr>\r\n        <tr height=\"17\" style=\"height: 12.75pt;\">\r\n            <td height=\"17\" bgcolor=\"#ffff66\" width=\"232\" class=\"xl24\" style=\"height: 12.75pt;\" bordercolor=\"#0000cc\"><strong>EFFECTIVE PIXELS (HxV):</strong></td>\r\n            <td height=\"17\" bgcolor=\"#00ccff\" align=\"center\" width=\"312\" class=\"xl26\" style=\"\" bordercolor=\"#000099\">1280 x 1024</td>\r\n            <td height=\"17\" bgcolor=\"#66ff99\" align=\"center\" width=\"312\" class=\"xl26\" style=\"\" bordercolor=\"#000099\">NTSC: 510x496 | PAL: 628x586</td>\r\n        </tr>\r\n        <tr height=\"17\" style=\"height: 12.75pt;\">\r\n            <td height=\"17\" bgcolor=\"#ffff66\" width=\"232\" class=\"xl24\" style=\"height: 12.75pt;\" bordercolor=\"#0000cc\"><strong>SIGNAL OUTPUT:</strong></td>\r\n            <td height=\"17\" bgcolor=\"#00ccff\" align=\"center\" width=\"312\" class=\"xl26\" style=\"\" bordercolor=\"#000099\">USB 2.0</td>\r\n            <td height=\"17\" bgcolor=\"#66ff99\" align=\"center\" width=\"312\" class=\"xl26\" style=\"\" bordercolor=\"#000099\">NTSC | PAL</td>\r\n        </tr>\r\n        <tr height=\"17\" style=\"height: 12.75pt;\">\r\n            <td height=\"17\" bgcolor=\"#ffff66\" width=\"232\" class=\"xl24\" style=\"height: 12.75pt;\" bordercolor=\"#0000cc\"><strong>VIDEO OUTPUT:</strong></td>\r\n            <td height=\"17\" bgcolor=\"#00ccff\" align=\"center\" width=\"312\" class=\"xl26\" style=\"\" bordercolor=\"#000099\">X</td>\r\n            <td height=\"17\" bgcolor=\"#66ff99\" align=\"center\" width=\"312\" class=\"xl26\" style=\"\" bordercolor=\"#000099\">1 Vp-p analog Video @ 75ohm, RCA   jack</td>\r\n        </tr>\r\n        <tr height=\"17\" style=\"height: 12.75pt;\">\r\n            <td height=\"17\" bgcolor=\"#ffff66\" width=\"232\" class=\"xl24\" style=\"height: 12.75pt;\" bordercolor=\"#0000cc\"><strong>MAGNIFICATION:</strong></td>\r\n            <td height=\"17\" bgcolor=\"#00ccff\" align=\"center\" width=\"312\" class=\"xl26\" style=\"\" bordercolor=\"#000099\">10x to 200x</td>\r\n            <td height=\"17\" bgcolor=\"#66ff99\" align=\"center\" width=\"312\" class=\"xl26\" style=\"\" bordercolor=\"#000099\">10x to 200x</td>\r\n        </tr>\r\n        <tr height=\"17\" style=\"height: 12.75pt;\">\r\n            <td height=\"17\" bgcolor=\"#ffff66\" width=\"232\" class=\"xl24\" style=\"height: 12.75pt;\" bordercolor=\"#0000cc\"><strong>G</strong><strong>AIN CONTROL:</strong></td>\r\n            <td height=\"17\" bgcolor=\"#00ccff\" align=\"center\" width=\"312\" class=\"xl26\" style=\"\" bordercolor=\"#000099\">Auto Gain Control</td>\r\n            <td height=\"17\" bgcolor=\"#66ff99\" align=\"center\" width=\"312\" class=\"xl26\" style=\"\" bordercolor=\"#000099\">\r\n            <p>Auto Gain Control</p>\r\n            </td>\r\n        </tr>\r\n        <tr height=\"17\" style=\"height: 12.75pt;\">\r\n            <td height=\"17\" bgcolor=\"#ffff66\" width=\"232\" class=\"xl24\" style=\"height: 12.75pt;\" bordercolor=\"#0000cc\"><strong>SNAP SHOT MODE:</strong></td>\r\n            <td height=\"17\" bgcolor=\"#00ccff\" align=\"center\" width=\"312\" class=\"xl26\" style=\"\" bordercolor=\"#000099\">Hardware &amp; Software   Controllable</td>\r\n            <td height=\"17\" bgcolor=\"#66ff99\" align=\"center\" width=\"312\" class=\"xl26\" style=\"\" bordercolor=\"#000099\">X</td>\r\n        </tr>\r\n        <tr height=\"17\" style=\"height: 12.75pt;\">\r\n            <td height=\"17\" bgcolor=\"#ffff66\" width=\"232\" class=\"xl24\" style=\"height: 12.75pt;\" bordercolor=\"#0000cc\"><strong>WHITE BALANCE:</strong></td>\r\n            <td height=\"17\" bgcolor=\"#00ccff\" align=\"center\" width=\"312\" class=\"xl26\" style=\"\" bordercolor=\"#000099\">Automatic</td>\r\n            <td height=\"17\" bgcolor=\"#66ff99\" align=\"center\" width=\"312\" class=\"xl26\" style=\"\" bordercolor=\"#000099\">Automatic</td>\r\n        </tr>\r\n        <tr height=\"17\" style=\"height: 12.75pt;\">\r\n            <td height=\"17\" bgcolor=\"#ffff66\" width=\"232\" class=\"xl24\" style=\"height: 12.75pt;\" bordercolor=\"#0000cc\"><strong>POWER SOURCE:</strong></td>\r\n            <td height=\"17\" bgcolor=\"#00ccff\" align=\"center\" width=\"312\" class=\"xl26\" style=\"\" bordercolor=\"#000099\">5VDC through USB port</td>\r\n            <td height=\"17\" bgcolor=\"#66ff99\" align=\"center\" width=\"312\" class=\"xl26\" style=\"\" bordercolor=\"#000099\">5VDC</td>\r\n        </tr>\r\n        <tr height=\"17\" style=\"height: 12.75pt;\">\r\n            <td height=\"17\" bgcolor=\"#ffff66\" width=\"232\" class=\"xl24\" style=\"height: 12.75pt;\" bordercolor=\"#0000cc\"><strong>O/S:</strong></td>\r\n            <td height=\"17\" bgcolor=\"#00ccff\" align=\"center\" width=\"312\" class=\"xl26\" style=\"\" bordercolor=\"#000099\">Windows XP SP2 &amp; Vista</td>\r\n            <td height=\"17\" bgcolor=\"#66ff99\" align=\"center\" width=\"312\" class=\"xl26\" style=\"\" bordercolor=\"#000099\">X</td>\r\n        </tr>\r\n        <tr height=\"17\" style=\"height: 12.75pt;\">\r\n            <td height=\"17\" bgcolor=\"#ffff66\" width=\"232\" class=\"xl24\" style=\"height: 12.75pt;\" bordercolor=\"#0000cc\"><strong>POWER CONSUMPTION:</strong></td>\r\n            <td height=\"17\" bgcolor=\"#00ccff\" align=\"center\" width=\"312\" class=\"xl26\" style=\"\" bordercolor=\"#000099\">110mA (AVG)</td>\r\n            <td height=\"17\" bgcolor=\"#66ff99\" align=\"center\" width=\"312\" class=\"xl26\" style=\"\" bordercolor=\"#000099\">250mA (AVG)</td>\r\n        </tr>\r\n        <tr height=\"17\" style=\"height: 12.75pt;\">\r\n            <td height=\"17\" bgcolor=\"#ffff66\" width=\"232\" class=\"xl24\" style=\"height: 12.75pt;\" bordercolor=\"#0000cc\"><strong>LED LIGHT TYPE:</strong></td>\r\n            <td height=\"17\" bgcolor=\"#00ccff\" align=\"center\" width=\"312\" class=\"xl26\" style=\"\" bordercolor=\"#000099\">6 White LEDs</td>\r\n            <td height=\"17\" bgcolor=\"#66ff99\" align=\"center\" width=\"312\" class=\"xl26\" style=\"\" bordercolor=\"#000099\">6 White LEDs</td>\r\n        </tr>\r\n        <tr height=\"17\" style=\"height: 12.75pt;\">\r\n            <td height=\"17\" bgcolor=\"#ffff66\" width=\"232\" class=\"xl24\" style=\"height: 12.75pt;\" bordercolor=\"#0000cc\"><strong>WORKING DISTANCE:</strong></td>\r\n            <td height=\"17\" bgcolor=\"#00ccff\" align=\"center\" width=\"312\" class=\"xl26\" style=\"\" bordercolor=\"#000099\">10x: 150mm | 20x: 95mm | 50x:   13mm</td>\r\n            <td height=\"17\" bgcolor=\"#66ff99\" align=\"center\" width=\"312\" class=\"xl26\" style=\"\" bordercolor=\"#000099\">10x: 150mm | 20x: 95mm | 50x:   13mm</td>\r\n        </tr>\r\n    </tbody>\r\n</table>','DIGITAL MIGHTY  SCOPE','23','','',''),(103,1,103,'PHASE CONTRAST SYSTEM','<p><strong>Phase contrast is a form of illumination which alters the normal path of light waves from an object to a wavelength shifted diffraction pattern thus allowing visualization of transparent or low contrast specimens.This allows living cells and suspensions to be viewed without the need for staining procedures.  </strong></p>\r\n<p>&nbsp;</p>\r\n<table cellspacing=\"0\" cellpadding=\"0\" border=\"0\" width=\"288\" x:str=\"\" style=\"border-collapse: collapse; width: 216pt;\">\r\n    <col width=\"72\" span=\"4\" style=\"width: 54pt;\" />\r\n    <tbody>\r\n        <tr height=\"19\" style=\"height: 14.25pt;\">\r\n            <td height=\"19\" align=\"left\" width=\"216\" class=\"xl26\" colspan=\"3\" style=\"height: 14.25pt; width: 162pt;\"><strong>Phase Set Components</strong></td>\r\n            <td width=\"72\" class=\"xl24\" style=\"width: 54pt;\">&nbsp;</td>\r\n        </tr>\r\n        <tr height=\"18\" style=\"height: 13.5pt;\">\r\n            <td height=\"18\" align=\"left\" colspan=\"4\" style=\"height: 13.5pt;\">1.   Phase Turret Condenser, N.A<font class=\"font0\">=</font><font class=\"font1\">1.25</font></td>\r\n        </tr>\r\n        <tr height=\"18\" style=\"height: 13.5pt;\">\r\n            <td height=\"18\" align=\"left\" colspan=\"4\" style=\"height: 13.5pt;\">2.   Achromatic Phase Objectives (DM)</td>\r\n        </tr>\r\n        <tr height=\"18\" style=\"height: 13.5pt;\">\r\n            <td height=\"18\" align=\"left\" colspan=\"2\" style=\"height: 13.5pt;\"><span style=\"\">&nbsp;&nbsp; </span>10X<font class=\"font0\"> </font><font class=\"font1\">NA</font><font class=\"font0\">=</font><font class=\"font1\">0.25</font></td>\r\n            <td class=\"xl24\">&nbsp;</td>\r\n            <td class=\"xl24\">&nbsp;</td>\r\n        </tr>\r\n        <tr height=\"18\" style=\"height: 13.5pt;\">\r\n            <td height=\"18\" align=\"left\" colspan=\"2\" style=\"height: 13.5pt;\"><span style=\"\">&nbsp;&nbsp; </span>20X<font class=\"font0\"> </font><font class=\"font1\">NA</font><font class=\"font0\">=</font><font class=\"font1\">0.40</font></td>\r\n            <td class=\"xl24\">&nbsp;</td>\r\n            <td class=\"xl24\">&nbsp;</td>\r\n        </tr>\r\n        <tr height=\"18\" style=\"height: 13.5pt;\">\r\n            <td height=\"18\" align=\"left\" colspan=\"2\" style=\"height: 13.5pt;\"><span style=\"\">&nbsp;&nbsp; </span>40X<font class=\"font0\"> </font><font class=\"font1\">NA</font><font class=\"font0\">=</font><font class=\"font1\">0.65</font></td>\r\n            <td class=\"xl24\">&nbsp;</td>\r\n            <td class=\"xl24\">&nbsp;</td>\r\n        </tr>\r\n        <tr height=\"18\" style=\"height: 13.5pt;\">\r\n            <td height=\"18\" align=\"left\" colspan=\"3\" style=\"height: 13.5pt;\"><span style=\"\">&nbsp;&nbsp; </span>100X (oil)<span style=\"\">&nbsp;   </span>NA<font class=\"font0\">=</font><font class=\"font1\">1.25</font></td>\r\n            <td class=\"xl24\">&nbsp;</td>\r\n        </tr>\r\n        <tr height=\"18\" style=\"height: 13.5pt;\">\r\n            <td height=\"18\" align=\"left\" colspan=\"3\" style=\"height: 13.5pt;\">3.   Centering Telescope</td>\r\n            <td class=\"xl24\">&nbsp;</td>\r\n        </tr>\r\n        <tr height=\"18\" style=\"height: 13.5pt;\">\r\n            <td height=\"18\" align=\"left\" colspan=\"2\" style=\"height: 13.5pt;\">4.   Green Filter</td>\r\n            <td class=\"xl25\">&nbsp;</td>\r\n            <td class=\"xl24\">&nbsp;</td>\r\n        </tr>\r\n        <tr height=\"18\" style=\"height: 13.5pt;\">\r\n            <td height=\"18\" align=\"left\" colspan=\"3\" style=\"height: 13.5pt;\">5.   Installation Key (Screwdriver)</td>\r\n            <td class=\"xl24\">&nbsp;</td>\r\n        </tr>\r\n        <tr height=\"18\" style=\"height: 13.5pt;\">\r\n            <td height=\"18\" align=\"left\" colspan=\"2\" style=\"height: 13.5pt;\">6.   Storage Case</td>\r\n            <td class=\"xl24\">&nbsp;</td>\r\n            <td class=\"xl24\">&nbsp;</td>\r\n        </tr>\r\n    </tbody>\r\n</table>','PHASE CONTRAST FOR CS SERIES',NULL,NULL,NULL,NULL),(120,1,120,'UNIVERSAL BOOM STAND','<p><b><font face=\"Arial,Helvetica\"><font color=\"#000099\"><font size=\"-2\"><br />\r\n</font></font></font></b></p>','UN-S200',NULL,NULL,NULL,NULL),(121,1,121,'STAND PFM-X-LL','<p>Magnification : 10x to 44x (field of view : 23mm to 5.2mm)<br />\r\nObjective Lenses : 1.0x to 4.4x (zoom ratio : 4.4:1)<br />\r\nEyepieces : Wide Field 10x (DSW10x) (field number : 23)<br />\r\nOptical Body : 360 rotatable trinocular type, 45 inclined eyepiece tube <br />\r\n<strong>Vertible tube : Live View &amp; C-Mount </strong><br />\r\n<strong>Zoom Type : Click stop </strong><br />\r\nWorking Distance : 90mm<br />\r\nInterpupillary Distance : 52mm to 75mm<br />\r\nDiopter Adjustment :&nbsp; 7.2D on both eyepiece tubes &amp;&nbsp; 8D on verticle tube<br />\r\n<strong>Stand Type : Pole type (490mm)</strong><br />\r\n<strong>Incident Light : LED 6w With dimmer</strong><br />\r\n<strong>Base : 400mm x 335mm</strong><br />\r\nHeight : 510mm<br />\r\nNet Weight : 6.7kg<br />\r\nAccessories : Rubber eyeguards, Tension control pin, Dust cover<br />\r\n&nbsp;</p>','DSZV-44CTPFM-X-LL WITH LED','23','','',''),(122,1,122,'TV LOUPE 7-50X','<p><strong>Magnification : 7x to 50x (zoom type)<br />\r\nField on monitor : 5.4mm to 39mm</strong><br />\r\nBody : Dia.62mm H95mm&nbsp; <br />\r\nImage device : 1/4&rdquo; CCD<br />\r\nResolution : 330 TV lines<br />\r\nOutput : RCA/NTSC<br />\r\n<strong>Incident Light : LED 6w With Dimmer<br />\r\nStand Type : Pole type (300mm)<br />\r\nBase : 220mm x 284mm<br />\r\nHeight : 320mm<br />\r\n</strong><br />\r\n&nbsp;</p>','TV LOUPE 7-50x PFM-X (300) WITH LED','23','','',''),(123,1,123,'IMAGE MEASUREMENT SOFTWARE','<p><!--[if gte mso 9]><xml>\r\n<w:WordDocument>\r\n<w:View>Normal</w:View>\r\n<w:Zoom>0</w:Zoom>\r\n<w:TrackMoves />\r\n<w:TrackFormatting />\r\n<w:PunctuationKerning />\r\n<w:ValidateAgainstSchemas />\r\n<w:SaveIfXMLInvalid>false</w:SaveIfXMLInvalid>\r\n<w:IgnoreMixedContent>false</w:IgnoreMixedContent>\r\n<w:AlwaysShowPlaceholderText>false</w:AlwaysShowPlaceholderText>\r\n<w:DoNotPromoteQF />\r\n<w:LidThemeOther>EN-US</w:LidThemeOther>\r\n<w:LidThemeAsian>X-NONE</w:LidThemeAsian>\r\n<w:LidThemeComplexScript>TH</w:LidThemeComplexScript>\r\n<w:Compatibility>\r\n<w:BreakWrappedTables />\r\n<w:SnapToGridInCell />\r\n<w:ApplyBreakingRules />\r\n<w:WrapTextWithPunct />\r\n<w:UseAsianBreakRules />\r\n<w:DontGrowAutofit />\r\n<w:SplitPgBreakAndParaMark />\r\n<w:DontVertAlignCellWithSp />\r\n<w:DontBreakConstrainedForcedTables />\r\n<w:DontVertAlignInTxbx />\r\n<w:Word11KerningPairs />\r\n<w:CachedColBalance />\r\n</w:Compatibility>\r\n<w:BrowserLevel>MicrosoftInternetExplorer4</w:BrowserLevel>\r\n<m:mathPr>\r\n<m:mathFont m:val=\"Cambria Math\" />\r\n<m:brkBin m:val=\"before\" />\r\n<m:brkBinSub m:val=\"&#45;-\" />\r\n<m:smallFrac m:val=\"off\" />\r\n<m:dispDef />\r\n<m:lMargin m:val=\"0\" />\r\n<m:rMargin m:val=\"0\" />\r\n<m:defJc m:val=\"centerGroup\" />\r\n<m:wrapIndent m:val=\"1440\" />\r\n<m:intLim m:val=\"subSup\" />\r\n<m:naryLim m:val=\"undOvr\" />\r\n</m:mathPr></w:WordDocument>\r\n</xml><![endif]--><!--[if gte mso 9]><xml>\r\n<w:LatentStyles DefLockedState=\"false\" DefUnhideWhenUsed=\"true\"\r\nDefSemiHidden=\"true\" DefQFormat=\"false\" DefPriority=\"99\"\r\nLatentStyleCount=\"267\">\r\n<w:LsdException Locked=\"false\" Priority=\"0\" SemiHidden=\"false\"\r\nUnhideWhenUsed=\"false\" QFormat=\"true\" Name=\"Normal\" />\r\n<w:LsdException Locked=\"false\" Priority=\"9\" SemiHidden=\"false\"\r\nUnhideWhenUsed=\"false\" QFormat=\"true\" Name=\"heading 1\" />\r\n<w:LsdException Locked=\"false\" Priority=\"9\" QFormat=\"true\" Name=\"heading 2\" />\r\n<w:LsdException Locked=\"false\" Priority=\"9\" QFormat=\"true\" Name=\"heading 3\" />\r\n<w:LsdException Locked=\"false\" Priority=\"9\" QFormat=\"true\" Name=\"heading 4\" />\r\n<w:LsdException Locked=\"false\" Priority=\"9\" QFormat=\"true\" Name=\"heading 5\" />\r\n<w:LsdException Locked=\"false\" Priority=\"9\" QFormat=\"true\" Name=\"heading 6\" />\r\n<w:LsdException Locked=\"false\" Priority=\"9\" QFormat=\"true\" Name=\"heading 7\" />\r\n<w:LsdException Locked=\"false\" Priority=\"9\" QFormat=\"true\" Name=\"heading 8\" />\r\n<w:LsdException Locked=\"false\" Priority=\"9\" QFormat=\"true\" Name=\"heading 9\" />\r\n<w:LsdException Locked=\"false\" Priority=\"39\" Name=\"toc 1\" />\r\n<w:LsdException Locked=\"false\" Priority=\"39\" Name=\"toc 2\" />\r\n<w:LsdException Locked=\"false\" Priority=\"39\" Name=\"toc 3\" />\r\n<w:LsdException Locked=\"false\" Priority=\"39\" Name=\"toc 4\" />\r\n<w:LsdException Locked=\"false\" Priority=\"39\" Name=\"toc 5\" />\r\n<w:LsdException Locked=\"false\" Priority=\"39\" Name=\"toc 6\" />\r\n<w:LsdException Locked=\"false\" Priority=\"39\" Name=\"toc 7\" />\r\n<w:LsdException Locked=\"false\" Priority=\"39\" Name=\"toc 8\" />\r\n<w:LsdException Locked=\"false\" Priority=\"39\" Name=\"toc 9\" />\r\n<w:LsdException Locked=\"false\" Priority=\"35\" QFormat=\"true\" Name=\"caption\" />\r\n<w:LsdException Locked=\"false\" Priority=\"10\" SemiHidden=\"false\"\r\nUnhideWhenUsed=\"false\" QFormat=\"true\" Name=\"Title\" />\r\n<w:LsdException Locked=\"false\" Priority=\"1\" Name=\"Default Paragraph Font\" />\r\n<w:LsdException Locked=\"false\" Priority=\"11\" SemiHidden=\"false\"\r\nUnhideWhenUsed=\"false\" QFormat=\"true\" Name=\"Subtitle\" />\r\n<w:LsdException Locked=\"false\" Priority=\"22\" SemiHidden=\"false\"\r\nUnhideWhenUsed=\"false\" QFormat=\"true\" Name=\"Strong\" />\r\n<w:LsdException Locked=\"false\" Priority=\"20\" SemiHidden=\"false\"\r\nUnhideWhenUsed=\"false\" QFormat=\"true\" Name=\"Emphasis\" />\r\n<w:LsdException Locked=\"false\" Priority=\"59\" SemiHidden=\"false\"\r\nUnhideWhenUsed=\"false\" Name=\"Table Grid\" />\r\n<w:LsdException Locked=\"false\" UnhideWhenUsed=\"false\" Name=\"Placeholder Text\" />\r\n<w:LsdException Locked=\"false\" Priority=\"1\" SemiHidden=\"false\"\r\nUnhideWhenUsed=\"false\" QFormat=\"true\" Name=\"No Spacing\" />\r\n<w:LsdException Locked=\"false\" Priority=\"60\" SemiHidden=\"false\"\r\nUnhideWhenUsed=\"false\" Name=\"Light Shading\" />\r\n<w:LsdException Locked=\"false\" Priority=\"61\" SemiHidden=\"false\"\r\nUnhideWhenUsed=\"false\" Name=\"Light List\" />\r\n<w:LsdException Locked=\"false\" Priority=\"62\" SemiHidden=\"false\"\r\nUnhideWhenUsed=\"false\" Name=\"Light Grid\" />\r\n<w:LsdException Locked=\"false\" Priority=\"63\" SemiHidden=\"false\"\r\nUnhideWhenUsed=\"false\" Name=\"Medium Shading 1\" />\r\n<w:LsdException Locked=\"false\" Priority=\"64\" SemiHidden=\"false\"\r\nUnhideWhenUsed=\"false\" Name=\"Medium Shading 2\" />\r\n<w:LsdException Locked=\"false\" Priority=\"65\" SemiHidden=\"false\"\r\nUnhideWhenUsed=\"false\" Name=\"Medium List 1\" />\r\n<w:LsdException Locked=\"false\" Priority=\"66\" SemiHidden=\"false\"\r\nUnhideWhenUsed=\"false\" Name=\"Medium List 2\" />\r\n<w:LsdException Locked=\"false\" Priority=\"67\" SemiHidden=\"false\"\r\nUnhideWhenUsed=\"false\" Name=\"Medium Grid 1\" />\r\n<w:LsdException Locked=\"false\" Priority=\"68\" SemiHidden=\"false\"\r\nUnhideWhenUsed=\"false\" Name=\"Medium Grid 2\" />\r\n<w:LsdException Locked=\"false\" Priority=\"69\" SemiHidden=\"false\"\r\nUnhideWhenUsed=\"false\" Name=\"Medium Grid 3\" />\r\n<w:LsdException Locked=\"false\" Priority=\"70\" SemiHidden=\"false\"\r\nUnhideWhenUsed=\"false\" Name=\"Dark List\" />\r\n<w:LsdException Locked=\"false\" Priority=\"71\" SemiHidden=\"false\"\r\nUnhideWhenUsed=\"false\" Name=\"Colorful Shading\" />\r\n<w:LsdException Locked=\"false\" Priority=\"72\" SemiHidden=\"false\"\r\nUnhideWhenUsed=\"false\" Name=\"Colorful List\" />\r\n<w:LsdException Locked=\"false\" Priority=\"73\" SemiHidden=\"false\"\r\nUnhideWhenUsed=\"false\" Name=\"Colorful Grid\" />\r\n<w:LsdException Locked=\"false\" Priority=\"60\" SemiHidden=\"false\"\r\nUnhideWhenUsed=\"false\" Name=\"Light Shading Accent 1\" />\r\n<w:LsdException Locked=\"false\" Priority=\"61\" SemiHidden=\"false\"\r\nUnhideWhenUsed=\"false\" Name=\"Light List Accent 1\" />\r\n<w:LsdException Locked=\"false\" Priority=\"62\" SemiHidden=\"false\"\r\nUnhideWhenUsed=\"false\" Name=\"Light Grid Accent 1\" />\r\n<w:LsdException Locked=\"false\" Priority=\"63\" SemiHidden=\"false\"\r\nUnhideWhenUsed=\"false\" Name=\"Medium Shading 1 Accent 1\" />\r\n<w:LsdException Locked=\"false\" Priority=\"64\" SemiHidden=\"false\"\r\nUnhideWhenUsed=\"false\" Name=\"Medium Shading 2 Accent 1\" />\r\n<w:LsdException Locked=\"false\" Priority=\"65\" SemiHidden=\"false\"\r\nUnhideWhenUsed=\"false\" Name=\"Medium List 1 Accent 1\" />\r\n<w:LsdException Locked=\"false\" UnhideWhenUsed=\"false\" Name=\"Revision\" />\r\n<w:LsdException Locked=\"false\" Priority=\"34\" SemiHidden=\"false\"\r\nUnhideWhenUsed=\"false\" QFormat=\"true\" Name=\"List Paragraph\" />\r\n<w:LsdException Locked=\"false\" Priority=\"29\" SemiHidden=\"false\"\r\nUnhideWhenUsed=\"false\" QFormat=\"true\" Name=\"Quote\" />\r\n<w:LsdException Locked=\"false\" Priority=\"30\" SemiHidden=\"false\"\r\nUnhideWhenUsed=\"false\" QFormat=\"true\" Name=\"Intense Quote\" />\r\n<w:LsdException Locked=\"false\" Priority=\"66\" SemiHidden=\"false\"\r\nUnhideWhenUsed=\"false\" Name=\"Medium List 2 Accent 1\" />\r\n<w:LsdException Locked=\"false\" Priority=\"67\" SemiHidden=\"false\"\r\nUnhideWhenUsed=\"false\" Name=\"Medium Grid 1 Accent 1\" />\r\n<w:LsdException Locked=\"false\" Priority=\"68\" SemiHidden=\"false\"\r\nUnhideWhenUsed=\"false\" Name=\"Medium Grid 2 Accent 1\" />\r\n<w:LsdException Locked=\"false\" Priority=\"69\" SemiHidden=\"false\"\r\nUnhideWhenUsed=\"false\" Name=\"Medium Grid 3 Accent 1\" />\r\n<w:LsdException Locked=\"false\" Priority=\"70\" SemiHidden=\"false\"\r\nUnhideWhenUsed=\"false\" Name=\"Dark List Accent 1\" />\r\n<w:LsdException Locked=\"false\" Priority=\"71\" SemiHidden=\"false\"\r\nUnhideWhenUsed=\"false\" Name=\"Colorful Shading Accent 1\" />\r\n<w:LsdException Locked=\"false\" Priority=\"72\" SemiHidden=\"false\"\r\nUnhideWhenUsed=\"false\" Name=\"Colorful List Accent 1\" />\r\n<w:LsdException Locked=\"false\" Priority=\"73\" SemiHidden=\"false\"\r\nUnhideWhenUsed=\"false\" Name=\"Colorful Grid Accent 1\" />\r\n<w:LsdException Locked=\"false\" Priority=\"60\" SemiHidden=\"false\"\r\nUnhideWhenUsed=\"false\" Name=\"Light Shading Accent 2\" />\r\n<w:LsdException Locked=\"false\" Priority=\"61\" SemiHidden=\"false\"\r\nUnhideWhenUsed=\"false\" Name=\"Light List Accent 2\" />\r\n<w:LsdException Locked=\"false\" Priority=\"62\" SemiHidden=\"false\"\r\nUnhideWhenUsed=\"false\" Name=\"Light Grid Accent 2\" />\r\n<w:LsdException Locked=\"false\" Priority=\"63\" SemiHidden=\"false\"\r\nUnhideWhenUsed=\"false\" Name=\"Medium Shading 1 Accent 2\" />\r\n<w:LsdException Locked=\"false\" Priority=\"64\" SemiHidden=\"false\"\r\nUnhideWhenUsed=\"false\" Name=\"Medium Shading 2 Accent 2\" />\r\n<w:LsdException Locked=\"false\" Priority=\"65\" SemiHidden=\"false\"\r\nUnhideWhenUsed=\"false\" Name=\"Medium List 1 Accent 2\" />\r\n<w:LsdException Locked=\"false\" Priority=\"66\" SemiHidden=\"false\"\r\nUnhideWhenUsed=\"false\" Name=\"Medium List 2 Accent 2\" />\r\n<w:LsdException Locked=\"false\" Priority=\"67\" SemiHidden=\"false\"\r\nUnhideWhenUsed=\"false\" Name=\"Medium Grid 1 Accent 2\" />\r\n<w:LsdException Locked=\"false\" Priority=\"68\" SemiHidden=\"false\"\r\nUnhideWhenUsed=\"false\" Name=\"Medium Grid 2 Accent 2\" />\r\n<w:LsdException Locked=\"false\" Priority=\"69\" SemiHidden=\"false\"\r\nUnhideWhenUsed=\"false\" Name=\"Medium Grid 3 Accent 2\" />\r\n<w:LsdException Locked=\"false\" Priority=\"70\" SemiHidden=\"false\"\r\nUnhideWhenUsed=\"false\" Name=\"Dark List Accent 2\" />\r\n<w:LsdException Locked=\"false\" Priority=\"71\" SemiHidden=\"false\"\r\nUnhideWhenUsed=\"false\" Name=\"Colorful Shading Accent 2\" />\r\n<w:LsdException Locked=\"false\" Priority=\"72\" SemiHidden=\"false\"\r\nUnhideWhenUsed=\"false\" Name=\"Colorful List Accent 2\" />\r\n<w:LsdException Locked=\"false\" Priority=\"73\" SemiHidden=\"false\"\r\nUnhideWhenUsed=\"false\" Name=\"Colorful Grid Accent 2\" />\r\n<w:LsdException Locked=\"false\" Priority=\"60\" SemiHidden=\"false\"\r\nUnhideWhenUsed=\"false\" Name=\"Light Shading Accent 3\" />\r\n<w:LsdException Locked=\"false\" Priority=\"61\" SemiHidden=\"false\"\r\nUnhideWhenUsed=\"false\" Name=\"Light List Accent 3\" />\r\n<w:LsdException Locked=\"false\" Priority=\"62\" SemiHidden=\"false\"\r\nUnhideWhenUsed=\"false\" Name=\"Light Grid Accent 3\" />\r\n<w:LsdException Locked=\"false\" Priority=\"63\" SemiHidden=\"false\"\r\nUnhideWhenUsed=\"false\" Name=\"Medium Shading 1 Accent 3\" />\r\n<w:LsdException Locked=\"false\" Priority=\"64\" SemiHidden=\"false\"\r\nUnhideWhenUsed=\"false\" Name=\"Medium Shading 2 Accent 3\" />\r\n<w:LsdException Locked=\"false\" Priority=\"65\" SemiHidden=\"false\"\r\nUnhideWhenUsed=\"false\" Name=\"Medium List 1 Accent 3\" />\r\n<w:LsdException Locked=\"false\" Priority=\"66\" SemiHidden=\"false\"\r\nUnhideWhenUsed=\"false\" Name=\"Medium List 2 Accent 3\" />\r\n<w:LsdException Locked=\"false\" Priority=\"67\" SemiHidden=\"false\"\r\nUnhideWhenUsed=\"false\" Name=\"Medium Grid 1 Accent 3\" />\r\n<w:LsdException Locked=\"false\" Priority=\"68\" SemiHidden=\"false\"\r\nUnhideWhenUsed=\"false\" Name=\"Medium Grid 2 Accent 3\" />\r\n<w:LsdException Locked=\"false\" Priority=\"69\" SemiHidden=\"false\"\r\nUnhideWhenUsed=\"false\" Name=\"Medium Grid 3 Accent 3\" />\r\n<w:LsdException Locked=\"false\" Priority=\"70\" SemiHidden=\"false\"\r\nUnhideWhenUsed=\"false\" Name=\"Dark List Accent 3\" />\r\n<w:LsdException Locked=\"false\" Priority=\"71\" SemiHidden=\"false\"\r\nUnhideWhenUsed=\"false\" Name=\"Colorful Shading Accent 3\" />\r\n<w:LsdException Locked=\"false\" Priority=\"72\" SemiHidden=\"false\"\r\nUnhideWhenUsed=\"false\" Name=\"Colorful List Accent 3\" />\r\n<w:LsdException Locked=\"false\" Priority=\"73\" SemiHidden=\"false\"\r\nUnhideWhenUsed=\"false\" Name=\"Colorful Grid Accent 3\" />\r\n<w:LsdException Locked=\"false\" Priority=\"60\" SemiHidden=\"false\"\r\nUnhideWhenUsed=\"false\" Name=\"Light Shading Accent 4\" />\r\n<w:LsdException Locked=\"false\" Priority=\"61\" SemiHidden=\"false\"\r\nUnhideWhenUsed=\"false\" Name=\"Light List Accent 4\" />\r\n<w:LsdException Locked=\"false\" Priority=\"62\" SemiHidden=\"false\"\r\nUnhideWhenUsed=\"false\" Name=\"Light Grid Accent 4\" />\r\n<w:LsdException Locked=\"false\" Priority=\"63\" SemiHidden=\"false\"\r\nUnhideWhenUsed=\"false\" Name=\"Medium Shading 1 Accent 4\" />\r\n<w:LsdException Locked=\"false\" Priority=\"64\" SemiHidden=\"false\"\r\nUnhideWhenUsed=\"false\" Name=\"Medium Shading 2 Accent 4\" />\r\n<w:LsdException Locked=\"false\" Priority=\"65\" SemiHidden=\"false\"\r\nUnhideWhenUsed=\"false\" Name=\"Medium List 1 Accent 4\" />\r\n<w:LsdException Locked=\"false\" Priority=\"66\" SemiHidden=\"false\"\r\nUnhideWhenUsed=\"false\" Name=\"Medium List 2 Accent 4\" />\r\n<w:LsdException Locked=\"false\" Priority=\"67\" SemiHidden=\"false\"\r\nUnhideWhenUsed=\"false\" Name=\"Medium Grid 1 Accent 4\" />\r\n<w:LsdException Locked=\"false\" Priority=\"68\" SemiHidden=\"false\"\r\nUnhideWhenUsed=\"false\" Name=\"Medium Grid 2 Accent 4\" />\r\n<w:LsdException Locked=\"false\" Priority=\"69\" SemiHidden=\"false\"\r\nUnhideWhenUsed=\"false\" Name=\"Medium Grid 3 Accent 4\" />\r\n<w:LsdException Locked=\"false\" Priority=\"70\" SemiHidden=\"false\"\r\nUnhideWhenUsed=\"false\" Name=\"Dark List Accent 4\" />\r\n<w:LsdException Locked=\"false\" Priority=\"71\" SemiHidden=\"false\"\r\nUnhideWhenUsed=\"false\" Name=\"Colorful Shading Accent 4\" />\r\n<w:LsdException Locked=\"false\" Priority=\"72\" SemiHidden=\"false\"\r\nUnhideWhenUsed=\"false\" Name=\"Colorful List Accent 4\" />\r\n<w:LsdException Locked=\"false\" Priority=\"73\" SemiHidden=\"false\"\r\nUnhideWhenUsed=\"false\" Name=\"Colorful Grid Accent 4\" />\r\n<w:LsdException Locked=\"false\" Priority=\"60\" SemiHidden=\"false\"\r\nUnhideWhenUsed=\"false\" Name=\"Light Shading Accent 5\" />\r\n<w:LsdException Locked=\"false\" Priority=\"61\" SemiHidden=\"false\"\r\nUnhideWhenUsed=\"false\" Name=\"Light List Accent 5\" />\r\n<w:LsdException Locked=\"false\" Priority=\"62\" SemiHidden=\"false\"\r\nUnhideWhenUsed=\"false\" Name=\"Light Grid Accent 5\" />\r\n<w:LsdException Locked=\"false\" Priority=\"63\" SemiHidden=\"false\"\r\nUnhideWhenUsed=\"false\" Name=\"Medium Shading 1 Accent 5\" />\r\n<w:LsdException Locked=\"false\" Priority=\"64\" SemiHidden=\"false\"\r\nUnhideWhenUsed=\"false\" Name=\"Medium Shading 2 Accent 5\" />\r\n<w:LsdException Locked=\"false\" Priority=\"65\" SemiHidden=\"false\"\r\nUnhideWhenUsed=\"false\" Name=\"Medium List 1 Accent 5\" />\r\n<w:LsdException Locked=\"false\" Priority=\"66\" SemiHidden=\"false\"\r\nUnhideWhenUsed=\"false\" Name=\"Medium List 2 Accent 5\" />\r\n<w:LsdException Locked=\"false\" Priority=\"67\" SemiHidden=\"false\"\r\nUnhideWhenUsed=\"false\" Name=\"Medium Grid 1 Accent 5\" />\r\n<w:LsdException Locked=\"false\" Priority=\"68\" SemiHidden=\"false\"\r\nUnhideWhenUsed=\"false\" Name=\"Medium Grid 2 Accent 5\" />\r\n<w:LsdException Locked=\"false\" Priority=\"69\" SemiHidden=\"false\"\r\nUnhideWhenUsed=\"false\" Name=\"Medium Grid 3 Accent 5\" />\r\n<w:LsdException Locked=\"false\" Priority=\"70\" SemiHidden=\"false\"\r\nUnhideWhenUsed=\"false\" Name=\"Dark List Accent 5\" />\r\n<w:LsdException Locked=\"false\" Priority=\"71\" SemiHidden=\"false\"\r\nUnhideWhenUsed=\"false\" Name=\"Colorful Shading Accent 5\" />\r\n<w:LsdException Locked=\"false\" Priority=\"72\" SemiHidden=\"false\"\r\nUnhideWhenUsed=\"false\" Name=\"Colorful List Accent 5\" />\r\n<w:LsdException Locked=\"false\" Priority=\"73\" SemiHidden=\"false\"\r\nUnhideWhenUsed=\"false\" Name=\"Colorful Grid Accent 5\" />\r\n<w:LsdException Locked=\"false\" Priority=\"60\" SemiHidden=\"false\"\r\nUnhideWhenUsed=\"false\" Name=\"Light Shading Accent 6\" />\r\n<w:LsdException Locked=\"false\" Priority=\"61\" SemiHidden=\"false\"\r\nUnhideWhenUsed=\"false\" Name=\"Light List Accent 6\" />\r\n<w:LsdException Locked=\"false\" Priority=\"62\" SemiHidden=\"false\"\r\nUnhideWhenUsed=\"false\" Name=\"Light Grid Accent 6\" />\r\n<w:LsdException Locked=\"false\" Priority=\"63\" SemiHidden=\"false\"\r\nUnhideWhenUsed=\"false\" Name=\"Medium Shading 1 Accent 6\" />\r\n<w:LsdException Locked=\"false\" Priority=\"64\" SemiHidden=\"false\"\r\nUnhideWhenUsed=\"false\" Name=\"Medium Shading 2 Accent 6\" />\r\n<w:LsdException Locked=\"false\" Priority=\"65\" SemiHidden=\"false\"\r\nUnhideWhenUsed=\"false\" Name=\"Medium List 1 Accent 6\" />\r\n<w:LsdException Locked=\"false\" Priority=\"66\" SemiHidden=\"false\"\r\nUnhideWhenUsed=\"false\" Name=\"Medium List 2 Accent 6\" />\r\n<w:LsdException Locked=\"false\" Priority=\"67\" SemiHidden=\"false\"\r\nUnhideWhenUsed=\"false\" Name=\"Medium Grid 1 Accent 6\" />\r\n<w:LsdException Locked=\"false\" Priority=\"68\" SemiHidden=\"false\"\r\nUnhideWhenUsed=\"false\" Name=\"Medium Grid 2 Accent 6\" />\r\n<w:LsdException Locked=\"false\" Priority=\"69\" SemiHidden=\"false\"\r\nUnhideWhenUsed=\"false\" Name=\"Medium Grid 3 Accent 6\" />\r\n<w:LsdException Locked=\"false\" Priority=\"70\" SemiHidden=\"false\"\r\nUnhideWhenUsed=\"false\" Name=\"Dark List Accent 6\" />\r\n<w:LsdException Locked=\"false\" Priority=\"71\" SemiHidden=\"false\"\r\nUnhideWhenUsed=\"false\" Name=\"Colorful Shading Accent 6\" />\r\n<w:LsdException Locked=\"false\" Priority=\"72\" SemiHidden=\"false\"\r\nUnhideWhenUsed=\"false\" Name=\"Colorful List Accent 6\" />\r\n<w:LsdException Locked=\"false\" Priority=\"73\" SemiHidden=\"false\"\r\nUnhideWhenUsed=\"false\" Name=\"Colorful Grid Accent 6\" />\r\n<w:LsdException Locked=\"false\" Priority=\"19\" SemiHidden=\"false\"\r\nUnhideWhenUsed=\"false\" QFormat=\"true\" Name=\"Subtle Emphasis\" />\r\n<w:LsdException Locked=\"false\" Priority=\"21\" SemiHidden=\"false\"\r\nUnhideWhenUsed=\"false\" QFormat=\"true\" Name=\"Intense Emphasis\" />\r\n<w:LsdException Locked=\"false\" Priority=\"31\" SemiHidden=\"false\"\r\nUnhideWhenUsed=\"false\" QFormat=\"true\" Name=\"Subtle Reference\" />\r\n<w:LsdException Locked=\"false\" Priority=\"32\" SemiHidden=\"false\"\r\nUnhideWhenUsed=\"false\" QFormat=\"true\" Name=\"Intense Reference\" />\r\n<w:LsdException Locked=\"false\" Priority=\"33\" SemiHidden=\"false\"\r\nUnhideWhenUsed=\"false\" QFormat=\"true\" Name=\"Book Title\" />\r\n<w:LsdException Locked=\"false\" Priority=\"37\" Name=\"Bibliography\" />\r\n<w:LsdException Locked=\"false\" Priority=\"39\" QFormat=\"true\" Name=\"TOC Heading\" />\r\n</w:LatentStyles>\r\n</xml><![endif]--><!--[if gte mso 10]>\r\n<style>\r\n/* Style Definitions */\r\ntable.MsoNormalTable\r\n{mso-style-name:\"Table Normal\";\r\nmso-tstyle-rowband-size:0;\r\nmso-tstyle-colband-size:0;\r\nmso-style-noshow:yes;\r\nmso-style-priority:99;\r\nmso-style-qformat:yes;\r\nmso-style-parent:\"\";\r\nmso-padding-alt:0cm 5.4pt 0cm 5.4pt;\r\nmso-para-margin-top:0cm;\r\nmso-para-margin-right:0cm;\r\nmso-para-margin-bottom:10.0pt;\r\nmso-para-margin-left:0cm;\r\nline-height:115%;\r\nmso-pagination:widow-orphan;\r\nfont-size:11.0pt;\r\nmso-bidi-font-size:14.0pt;\r\nfont-family:\"Calibri\",\"sans-serif\";\r\nmso-ascii-font-family:Calibri;\r\nmso-ascii-theme-font:minor-latin;\r\nmso-fareast-font-family:\"Times New Roman\";\r\nmso-fareast-theme-font:minor-fareast;\r\nmso-hansi-font-family:Calibri;\r\nmso-hansi-theme-font:minor-latin;}\r\n</style>\r\n<![endif]--></p>\r\n<p class=\"MsoNormal\"><strong>Measurement Function</strong></p>\r\n<p class=\"MsoNormal\">Distance between 2 Points</p>\r\n<p class=\"MsoNormal\">Distance of an Arc</p>\r\n<p class=\"MsoNormal\">Distance from Circle to Circle</p>\r\n<p class=\"MsoNormal\">Distances of Perpendicular</p>\r\n<p class=\"MsoNormal\">Lines from a Standard Line</p>\r\n<p class=\"MsoNormal\">Distance of a Broken Line</p>\r\n<p class=\"MsoNormal\">Distances between Parallel Line</p>\r\n<p class=\"MsoNormal\">Area of Polygon</p>\r\n<p class=\"MsoNormal\">Area, Radius and circumference of a circle</p>\r\n<p class=\"MsoNormal\">Degree of an Included Angle between 3 Point</p>\r\n<p class=\"MsoNormal\">Degree of an Include Angle between 2 Lines</p>\r\n<p class=\"MsoNormal\">Degree of an External Angle between 3 Point</p>\r\n<p class=\"MsoNormal\">Drawing Standard Lines and parallel lines</p>\r\n<p class=\"MsoNormal\">Text Input</p>\r\n<p class=\"MsoNormal\"><strong>Data Saving</strong></p>\r\n<p class=\"MsoNormal\">Exporting data to CSV Saving an image with labels as JPG or BMP</p>\r\n<p class=\"MsoNormal\"><strong>Making Report</strong></p>\r\n<p class=\"MsoNormal\">Making a report with an image and measured results in Microsoft Excel worksheet with&nbsp; just one click</p>','MICRO MEASURE','23','','',''),(108,1,108,'DIGITAL COMPOUND MICROSCOPES CSD-DL SERIES','<p>This is the high performance compound microscope with built-in digital camera as well as the excellent optics and reliable mechanisms designed for those who are engaged in the fields of medical, veterinary and scientific research.&nbsp; It is no more an option but a standard feature to take pictures, save images and transmit images to TV monitor and PC.&nbsp; The CSD-DL series offers three ways of observation, through eyepieces, on built-in LCD screen and on external monitors.&nbsp;</p>\r\n<p>&nbsp;</p>\r\n<p><strong>Features</strong></p>\r\n<p>? Built-in digital camera with flip-up LCD screen&nbsp;</p>\r\n<p>? Siedentopf binocular head &nbsp;&nbsp;&nbsp;</p>\r\n<p>? Extra wide field 10x eyepieces</p>\r\n<p>? DIN&nbsp; Plan&nbsp; objectives</p>\r\n<p>? Coaxial fine and coarse focusing&nbsp; adjustment</p>\r\n<p>? Built-in mechanical stage with coaxial drive control</p>\r\n<p>? Powerful 3W LED illuminator with light intensity control</p>','CSD-DL-P',NULL,NULL,NULL,NULL),(109,1,109,'LED STAND','<p>&nbsp;</p>\r\n<table cellspacing=\"0\" cellpadding=\"0\" border=\"0\" style=\"width: 444px; height: 200px;\">\r\n    <tbody>\r\n        <tr height=\"19\" style=\"height:14.25pt\">\r\n            <td width=\"153\" height=\"19\" align=\"left\" style=\"height: 14.25pt;\"><strong>Input   voltage<span style=\"mso-spacerun:yes\">&nbsp;</span></strong></td>\r\n            <td width=\"285\" align=\"left\" style=\"\"><strong>: 100-240VAC 50/60Hz</strong></td>\r\n        </tr>\r\n        <tr height=\"19\" style=\"height:14.25pt\">\r\n            <td width=\"153\" height=\"19\" align=\"left\" style=\"height: 14.25pt;\"><strong>Consume power<span style=\"mso-spacerun:yes\">&nbsp;</span></strong></td>\r\n            <td width=\"285\" align=\"left\"><strong>: 6W/60LEDs</strong></td>\r\n        </tr>\r\n        <tr height=\"19\" style=\"height:14.25pt\">\r\n            <td width=\"153\" height=\"19\" align=\"left\" style=\"height: 14.25pt;\"><strong>Color temperature</strong></td>\r\n            <td width=\"285\" align=\"left\"><strong>: 6400K</strong></td>\r\n        </tr>\r\n        <tr height=\"19\" style=\"height:14.25pt\">\r\n            <td width=\"153\" height=\"19\" align=\"left\" style=\"height: 14.25pt;\"><strong>Lamp life<span style=\"mso-spacerun:yes\">&nbsp;</span></strong></td>\r\n            <td width=\"285\" align=\"left\"><strong>: Greater than 20,000 hours</strong></td>\r\n        </tr>\r\n        <tr height=\"19\" style=\"height:14.25pt\">\r\n            <td width=\"153\" height=\"19\" align=\"left\" style=\"height: 14.25pt;\"><strong>Operating temperature</strong></td>\r\n            <td width=\"285\" align=\"left\"><strong>: 32 to 104 F (0 to 40 C)</strong></td>\r\n        </tr>\r\n        <tr height=\"19\" style=\"height:14.25pt\">\r\n            <td width=\"153\" height=\"19\" align=\"left\" style=\"height: 14.25pt;\"><strong>Humidity range</strong></td>\r\n            <td width=\"285\" align=\"left\"><strong>: 0 to 80% non-condensing</strong></td>\r\n        </tr>\r\n        <tr height=\"19\" style=\"height:14.25pt\">\r\n            <td width=\"153\" height=\"19\" align=\"left\" style=\"height: 14.25pt;\"><strong>Brighness</strong></td>\r\n            <td width=\"285\" align=\"left\"><strong>: &gt;23000?Lux (Distance 100mm)</strong></td>\r\n        </tr>\r\n    </tbody>\r\n</table>\r\n<p><strong><br type=\"_moz\" />\r\n</strong></p>','SCW-PFM-LED','23','','',''),(110,1,110,'LED ILLUMINATOR','<p>&nbsp;</p>\r\n<table width=\"455\" cellspacing=\"0\" cellpadding=\"0\" border=\"0\">\r\n    <col width=\"180\" style=\"mso-width-source:userset;mso-width-alt:5760;width:135pt\" />  <col width=\"275\" style=\"mso-width-source:userset;mso-width-alt:8800;width:206pt\" />\r\n    <tbody>\r\n        <tr height=\"19\" style=\"height:14.25pt\">\r\n            <td width=\"180\" height=\"19\" align=\"left\" style=\"height:14.25pt;width:135pt\"><strong>Input   voltage<span style=\"mso-spacerun:yes\">&nbsp;</span></strong></td>\r\n            <td width=\"275\" align=\"left\" style=\"width:206pt\"><strong>: 100-240VAC 50/60Hz</strong></td>\r\n        </tr>\r\n        <tr height=\"19\" style=\"height:14.25pt\">\r\n            <td height=\"19\" align=\"left\" style=\"height:14.25pt\"><strong>Consume power<span style=\"mso-spacerun:yes\">&nbsp;</span></strong></td>\r\n            <td align=\"left\"><strong>: 6W/60LEDs</strong></td>\r\n        </tr>\r\n        <tr height=\"19\" style=\"height:14.25pt\">\r\n            <td height=\"19\" align=\"left\" style=\"height:14.25pt\"><strong>color temperature</strong></td>\r\n            <td align=\"left\"><strong>: 6400K</strong></td>\r\n        </tr>\r\n        <tr height=\"19\" style=\"height:14.25pt\">\r\n            <td height=\"19\" align=\"left\" style=\"height:14.25pt\"><strong>Lamp life<span style=\"mso-spacerun:yes\">&nbsp;</span></strong></td>\r\n            <td align=\"left\"><strong>: Greater than 20,000 hours</strong></td>\r\n        </tr>\r\n        <tr height=\"19\" style=\"height:14.25pt\">\r\n            <td height=\"19\" align=\"left\" style=\"height:14.25pt\"><strong>Operating temperature</strong></td>\r\n            <td align=\"left\"><strong>: 32 to 104 F (0 to 40 C)</strong></td>\r\n        </tr>\r\n        <tr height=\"19\" style=\"height:14.25pt\">\r\n            <td height=\"19\" align=\"left\" style=\"height:14.25pt\"><strong>Brightness</strong></td>\r\n            <td align=\"left\"><strong>: &gt;23,000 Lux (Distance 100mm)</strong></td>\r\n        </tr>\r\n        <tr height=\"19\" style=\"height:14.25pt\">\r\n            <td height=\"19\" align=\"left\" style=\"height:14.25pt\"><strong>humidity range</strong></td>\r\n            <td align=\"left\"><strong>: 0 to 80% non-condensing</strong></td>\r\n        </tr>\r\n        <tr height=\"19\" style=\"height:14.25pt\">\r\n            <td height=\"19\" align=\"left\" style=\"height:14.25pt\"><strong>Mounting diameter</strong></td>\r\n            <td align=\"left\"><strong>: 70mm.</strong></td>\r\n        </tr>\r\n        <tr height=\"19\" style=\"height:14.25pt\">\r\n            <td height=\"19\" align=\"left\" style=\"height:14.25pt\"><strong>Adapter Dimensions</strong></td>\r\n            <td align=\"left\"><strong>: 124x96x45mm.</strong></td>\r\n        </tr>\r\n        <tr height=\"19\" style=\"height:14.25pt\">\r\n            <td height=\"19\" align=\"left\" style=\"height:14.25pt\"><strong>Adapter shell Material</strong></td>\r\n            <td align=\"left\"><strong>: ABS Plastic</strong></td>\r\n        </tr>\r\n    </tbody>\r\n</table>\r\n<p><strong><br type=\"_moz\" />\r\n</strong></p>','LED60D70','','','',''),(111,1,111,'DSZV-44 is trinocular body designed to see the screen & eye at the same time and a ball lock system for accurate reference magnification. Compatible with a CCTV  C & CS Mount without the adapter. For TV microscopy and photomicrography.','<p>Magnification : 10x to 44x (field of view : 23mm to 5.2mm)<br />\r\nObjective Lenses : 1.0x to 4.4x (zoom ratio : 4.4:1)<br />\r\nEyepieces : Wide Field 10x (DSW10x) (field number : 23)<br />\r\nOptical Body : 360 rotatable trinocular type, 45 inclined eyepiece tube <br />\r\n<strong>Vertible tube : Live View &amp; CS Mount </strong><br />\r\n<strong>Zoom Type : Click stop </strong><br />\r\nWorking Distance : 90mm<br />\r\nInterpupillary Distance : 52mm to 75mm<br />\r\nDiopter Adjustment :&nbsp; 7.2D on both eyepiece tubes &amp;&nbsp; 8D on verticle tube<br />\r\n<strong>Stand Type : Pole type (303mm)</strong><br />\r\nI<strong>ncident Light : LED 6w With dimmer</strong><br />\r\nBase : 220mm x 284mm<br />\r\nHeight : 327mm<br />\r\nNet Weight : 5.6kg<br />\r\nAccessories : Rubber eyeguards, Tension control pin, Dust cover</p>','DSZV-44CT-PFM-LED','23','','',''),(112,1,112,'BH series features a dual magnification of 10x&20x, 10x&30x or 20x&40x, and a fixed \r\nmagnification of 10x or 20x, with standard eyepieces 10x. A wide variety of stand and illuminators \r\nare available to suit many different applications.','<p><strong>Large stage is equipped for convenience of work.<br />\r\nA long life and low temperature 9W fluorescent lamp is used for the built-in incident light.</strong></p>','NSW-12, 13, 24  PFM-IFH220','25','','',''),(113,1,113,'BH series features a dual magnification 10x&20x, 10x&30x or 20x&40x, and a fixed \r\nmagnification of 10x or 20x, with standard eyepieces 10x. A wide variety of stand and illuminators \r\nare available to suit many different applications.','<p><strong>Large stage is equipped for convenience of work.<br />\r\nA long life and low temperature 6W LED lamp is used for the built-in incident light.</strong></p>','BH-12, 13, 24 PFM-LED','25','','',''),(114,1,114,'BH series features a dual magnification of 10x&20x, 10x&30x or 20x&40x, and a fixed magnification of 10x or 20x, with standard eyepieces 10x. A wide variety of stand and illuminators are available to suit many different applications.','<p><strong>Transmitted &amp; incident lights are built in the stand.</strong></p>\r\n<p><strong><br />\r\n&nbsp;Incident light is 9W fluorescent lamp</strong></p>\r\n<p><strong>Transmitted light is 5W fluorescent lamp</strong></p>','BH-12, 13, 24 BRF-IFH220','25','','',''),(115,1,115,'INVERTED METALLURGICAL MICROSCOPE','<p><strong>Metallurgical Microscope is widely used for PCB board, LCD display and metal structure observation and <br />\r\n<br />\r\ninspection. With ingenioud stand and convenient operation, it will be your best choice.<br />\r\n&nbsp; <br />\r\n&nbsp;&nbsp;&nbsp;&nbsp; With infinitive Optical System,Providing Excellent Optical Functions.<br />\r\n&nbsp;&nbsp;&nbsp;&nbsp; With the Features of Table Stand Structure, Advanced Stage Design and Comfortable Operation, it is <br />\r\n<br />\r\n&nbsp;&nbsp;&nbsp;&nbsp; Widely Used in Institute and Laboratory to Observe and Identify the structure of Various Metal and Alloy.<br />\r\n<br />\r\n<br />\r\nSpecifiation</strong><br />\r\n<br />\r\nViewing Head &nbsp;&nbsp;&nbsp; &nbsp;&nbsp;&nbsp; : &nbsp;&nbsp;&nbsp; Trinocular Head Inclined 30, Interpupillary 48-75 mm<br />\r\n&nbsp;<br />\r\nEyepiece&nbsp;&nbsp;&nbsp; &nbsp;&nbsp;&nbsp; &nbsp;&nbsp;&nbsp; :&nbsp;&nbsp;&nbsp; EW10x/20 High-point, Extra wide Field Eyepiece EW10x/20<br />\r\n<br />\r\nObjective&nbsp;&nbsp;&nbsp; &nbsp;&nbsp;&nbsp; &nbsp;&nbsp;&nbsp; :&nbsp;&nbsp;&nbsp; Infinitive Plan Achromatic Objectives<br />\r\n&nbsp;&nbsp;&nbsp; &nbsp;&nbsp;&nbsp; &nbsp;&nbsp;&nbsp; &nbsp;&nbsp;&nbsp; &nbsp;&nbsp;&nbsp; 5x/0.12/Inf/-&nbsp; &nbsp;&nbsp;&nbsp; &nbsp;&nbsp;&nbsp; WD15.5mm<br />\r\n&nbsp;&nbsp;&nbsp; &nbsp;&nbsp;&nbsp; &nbsp;&nbsp;&nbsp; &nbsp;&nbsp;&nbsp; &nbsp;&nbsp;&nbsp; 10x/0.25/Inf/-&nbsp; &nbsp;&nbsp;&nbsp; WD11.0mm<br />\r\n&nbsp;&nbsp;&nbsp; &nbsp;&nbsp;&nbsp; &nbsp;&nbsp;&nbsp; &nbsp;&nbsp;&nbsp; &nbsp;&nbsp;&nbsp; 20x/0.40/Inf/-&nbsp; &nbsp;&nbsp;&nbsp; WD6.0mm<br />\r\n&nbsp;&nbsp;&nbsp; &nbsp;&nbsp;&nbsp; &nbsp;&nbsp;&nbsp; &nbsp;&nbsp;&nbsp; &nbsp;&nbsp;&nbsp; 50x/0.75/Inf/-&nbsp; &nbsp;&nbsp;&nbsp; WD0.32mm<br />\r\n<br />\r\nNosepiece&nbsp;&nbsp;&nbsp; &nbsp;&nbsp;&nbsp; &nbsp;&nbsp;&nbsp; :&nbsp;&nbsp;&nbsp; Quintuple Nosepiece<br />\r\n<br />\r\nStage&nbsp;&nbsp;&nbsp; &nbsp;&nbsp;&nbsp; &nbsp;&nbsp;&nbsp; &nbsp;&nbsp;&nbsp; :&nbsp;&nbsp;&nbsp; Plain stage, Size 160x250mm<br />\r\n&nbsp;&nbsp;&nbsp; &nbsp;&nbsp;&nbsp; &nbsp;&nbsp;&nbsp; &nbsp;&nbsp;&nbsp; &nbsp;&nbsp;&nbsp; <br />\r\nFocusing &nbsp;&nbsp;&nbsp; &nbsp;&nbsp;&nbsp; &nbsp;&nbsp;&nbsp; : &nbsp;&nbsp;&nbsp; Coaxial Coarse and Fine Adjustment , Vertical Objective Movement<br />\r\n&nbsp;&nbsp;&nbsp; &nbsp;&nbsp;&nbsp; &nbsp;&nbsp;&nbsp; &nbsp;&nbsp;&nbsp; &nbsp;&nbsp;&nbsp; Coarse Stroke 37.7mm per Rotation, Fine Stroke 0.2mm per Rotation<br />\r\n&nbsp;&nbsp;&nbsp; &nbsp;&nbsp;&nbsp; &nbsp;&nbsp;&nbsp; &nbsp;&nbsp;&nbsp; <br />\r\nKohler Illumination&nbsp;&nbsp;&nbsp; &nbsp;&nbsp;&nbsp; :&nbsp;&nbsp;&nbsp; Halogen Lamp 6V30W<br />\r\n<br />\r\nFilter&nbsp;&nbsp;&nbsp; &nbsp;&nbsp;&nbsp; &nbsp;&nbsp;&nbsp; :&nbsp;&nbsp;&nbsp; Blue, Green, Yellow, Ground Glass</p>','INVERTED METALLURGICAL MICROSCOPE','27','','',''),(118,1,118,'METALLURGICAL MICROSCOPE','<p>&nbsp;</p>\r\n<table cellspacing=\"0\" cellpadding=\"0\" border=\"0\" style=\"width: 727px; height: 496px;\">\r\n    <tbody>\r\n        <tr height=\"19\" style=\"height:14.25pt\">\r\n            <td width=\"144\" height=\"19\" align=\"left\" style=\"height: 14.25pt;\" class=\"xl65\"><strong>Model</strong></td>\r\n            <td width=\"577\" align=\"left\" style=\"\" class=\"xl65\"><strong>CSD-MS-T5</strong></td>\r\n        </tr>\r\n        <tr height=\"19\" style=\"height:14.25pt\">\r\n            <td width=\"144\" height=\"19\" align=\"left\" style=\"height: 14.25pt;\">Body</td>\r\n            <td width=\"577\" align=\"left\">Trinocular</td>\r\n        </tr>\r\n        <tr height=\"19\" style=\"height:14.25pt\">\r\n            <td width=\"144\" height=\"19\" align=\"left\" style=\"height: 14.25pt;\">Eyepiece</td>\r\n            <td width=\"577\" align=\"left\">WF10x, FN. 20</td>\r\n        </tr>\r\n        <tr height=\"19\" style=\"height:14.25pt\">\r\n            <td width=\"144\" height=\"19\" align=\"left\" style=\"height: 14.25pt;\">Objectives</td>\r\n            <td width=\"577\" align=\"left\">Infinity Plan Achromat</td>\r\n        </tr>\r\n        <tr height=\"19\" style=\"height:14.25pt\">\r\n            <td width=\"144\" height=\"19\" style=\"height: 14.25pt;\">&nbsp;</td>\r\n            <td width=\"577\" align=\"left\">5x, WD15.5mm</td>\r\n        </tr>\r\n        <tr height=\"19\" style=\"height:14.25pt\">\r\n            <td width=\"144\" height=\"19\" style=\"height: 14.25pt;\">&nbsp;</td>\r\n            <td width=\"577\" align=\"left\">10x, WD10.0mm</td>\r\n        </tr>\r\n        <tr height=\"19\" style=\"height:14.25pt\">\r\n            <td width=\"144\" height=\"19\" style=\"height: 14.25pt;\">&nbsp;</td>\r\n            <td width=\"577\" align=\"left\">20x, WD5.1mm</td>\r\n        </tr>\r\n        <tr height=\"19\" style=\"height:14.25pt\">\r\n            <td width=\"144\" height=\"19\" style=\"height: 14.25pt;\">&nbsp;</td>\r\n            <td width=\"577\" align=\"left\">50x, WD0.32mm</td>\r\n        </tr>\r\n        <tr height=\"19\" style=\"height:14.25pt\">\r\n            <td width=\"144\" height=\"19\" align=\"left\" style=\"height: 14.25pt;\">Nosepiece</td>\r\n            <td width=\"577\" align=\"left\">Quintuple</td>\r\n        </tr>\r\n        <tr height=\"19\" style=\"height:14.25pt\">\r\n            <td width=\"144\" height=\"19\" align=\"left\" style=\"height: 14.25pt;\">Stage</td>\r\n            <td width=\"577\" align=\"left\">Double layer mechanical stage 150x140mm/75x50mm, slide clips</td>\r\n        </tr>\r\n        <tr height=\"19\" style=\"height:14.25pt\">\r\n            <td width=\"144\" height=\"19\" align=\"left\" style=\"height: 14.25pt;\">Focusing</td>\r\n            <td width=\"577\" align=\"left\">Coaxial Fine &amp; Coarse Adjustment</td>\r\n        </tr>\r\n        <tr height=\"19\" style=\"height:14.25pt\">\r\n            <td width=\"144\" height=\"19\" align=\"left\" style=\"height: 14.25pt;\">Epi-Illumination</td>\r\n            <td width=\"577\" align=\"left\">6V/20W Halogen lamp, Koehler illuminator with iris aperture   diaphragm and iris field diaphragm, brightness and center adjustable</td>\r\n        </tr>\r\n        <tr height=\"19\" style=\"height:14.25pt\">\r\n            <td width=\"144\" height=\"19\" align=\"left\" style=\"height: 14.25pt;\">Filters</td>\r\n            <td width=\"577\" align=\"left\">Blue, Green, Yellow &amp; Ground Glass</td>\r\n        </tr>\r\n        <tr height=\"19\" style=\"height:14.25pt\">\r\n            <td width=\"144\" height=\"19\" align=\"left\" style=\"height: 14.25pt;\">Optional Eyepieces</td>\r\n            <td width=\"577\" align=\"left\">WF8x/18, WF10x/18 w/0.1mm scale and cross line, WF12.5x/15</td>\r\n        </tr>\r\n        <tr height=\"19\" style=\"height:14.25pt\">\r\n            <td width=\"144\" height=\"19\" align=\"left\" style=\"height: 14.25pt;\">Optional Objectives</td>\r\n            <td width=\"577\" align=\"left\">4x/25.4mm, 40x/3.7mm, 80x/0.2mm, 100x/0.7mm/0</td>\r\n        </tr>\r\n    </tbody>\r\n</table>','CSD-MS-T5','27','','',''),(119,1,119,'METALLURGICAL MICROSCOPE','<p>&nbsp;</p>\r\n<table cellspacing=\"0\" cellpadding=\"0\" border=\"0\" style=\"width: 723px; height: 530px;\">\r\n    <tbody>\r\n        <tr height=\"19\" style=\"height:14.25pt\">\r\n            <td width=\"174\" height=\"19\" align=\"left\" style=\"height: 14.25pt;\"><strong>Model</strong></td>\r\n            <td width=\"543\" align=\"left\" style=\"\"><strong>CSD-MG-T5</strong></td>\r\n        </tr>\r\n        <tr height=\"19\" style=\"height:14.25pt\">\r\n            <td width=\"174\" height=\"19\" align=\"left\" style=\"height: 14.25pt;\">Body</td>\r\n            <td width=\"543\" align=\"left\">Trinocular</td>\r\n        </tr>\r\n        <tr height=\"19\" style=\"height:14.25pt\">\r\n            <td width=\"174\" height=\"19\" align=\"left\" style=\"height: 14.25pt;\">Eyepiece</td>\r\n            <td width=\"543\" align=\"left\">WF10x, FN. 20</td>\r\n        </tr>\r\n        <tr height=\"19\" style=\"height:14.25pt\">\r\n            <td width=\"174\" height=\"19\" align=\"left\" style=\"height: 14.25pt;\">Objectives</td>\r\n            <td width=\"543\" align=\"left\">Infinity Plan Achromat</td>\r\n        </tr>\r\n        <tr height=\"19\" style=\"height:14.25pt\">\r\n            <td width=\"174\" height=\"19\" style=\"height: 14.25pt;\">&nbsp;</td>\r\n            <td width=\"543\" align=\"left\">5x, WD15.5mm</td>\r\n        </tr>\r\n        <tr height=\"19\" style=\"height:14.25pt\">\r\n            <td width=\"174\" height=\"19\" style=\"height: 14.25pt;\">&nbsp;</td>\r\n            <td width=\"543\" align=\"left\">10x, WD10.0mm</td>\r\n        </tr>\r\n        <tr height=\"19\" style=\"height:14.25pt\">\r\n            <td width=\"174\" height=\"19\" style=\"height: 14.25pt;\">&nbsp;</td>\r\n            <td width=\"543\" align=\"left\">20x, WD5.1mm</td>\r\n        </tr>\r\n        <tr height=\"19\" style=\"height:14.25pt\">\r\n            <td width=\"174\" height=\"19\" style=\"height: 14.25pt;\">&nbsp;</td>\r\n            <td width=\"543\" align=\"left\">50x, WD0.32mm</td>\r\n        </tr>\r\n        <tr height=\"19\" style=\"height:14.25pt\">\r\n            <td width=\"174\" height=\"19\" align=\"left\" style=\"height: 14.25pt;\">Nosepiece</td>\r\n            <td width=\"543\" align=\"left\">Quintuple</td>\r\n        </tr>\r\n        <tr height=\"19\" style=\"height:14.25pt\">\r\n            <td width=\"174\" height=\"19\" align=\"left\" style=\"height: 14.25pt;\">Stage</td>\r\n            <td width=\"543\" align=\"left\">Double layer mechanical stage 142x133mm/75x50mm, slide holder,   Anti-scratch coating</td>\r\n        </tr>\r\n        <tr height=\"19\" style=\"height:14.25pt\">\r\n            <td width=\"174\" height=\"19\" align=\"left\" style=\"height: 14.25pt;\">Focusing</td>\r\n            <td width=\"543\" align=\"left\">Coaxial Fine &amp; Coarse Adjustment</td>\r\n        </tr>\r\n        <tr height=\"19\" style=\"height:14.25pt\">\r\n            <td width=\"174\" height=\"19\" align=\"left\" style=\"height: 14.25pt;\">Epi-Illumination</td>\r\n            <td width=\"543\" align=\"left\">6V/20W Halogen lamp, Koehler illuminator with iris aperture   diaphragm and iris field diaphragm, brightness and center adjustable</td>\r\n        </tr>\r\n        <tr height=\"19\" style=\"height:14.25pt\">\r\n            <td width=\"174\" height=\"19\" align=\"left\" style=\"height: 14.25pt;\">Transmitted Illumination</td>\r\n            <td width=\"543\" align=\"left\">6V/20w Halogen Lamp</td>\r\n        </tr>\r\n        <tr height=\"19\" style=\"height:14.25pt\">\r\n            <td width=\"174\" height=\"19\" align=\"left\" style=\"height: 14.25pt;\">Filters</td>\r\n            <td width=\"543\" align=\"left\">Blue, Green, Yellow &amp; Ground Glass</td>\r\n        </tr>\r\n        <tr height=\"19\" style=\"height:14.25pt\">\r\n            <td width=\"174\" height=\"19\" align=\"left\" style=\"height: 14.25pt;\">Optional Eyepieces</td>\r\n            <td width=\"543\" align=\"left\">WF8x/18, WF10x/18 w/0.1mm scale and cross line, WF12.5x/15</td>\r\n        </tr>\r\n        <tr height=\"19\" style=\"height:14.25pt\">\r\n            <td width=\"174\" height=\"19\" align=\"left\" style=\"height: 14.25pt;\">Optional Objectives</td>\r\n            <td width=\"543\" align=\"left\">4x/25.4mm, 40x/3.7mm, 80x/0.2mm, 100x/0.7mm/0</td>\r\n        </tr>\r\n    </tbody>\r\n</table>','CSD-MG-T5','27','','','');

--
-- Table structure for table `web_product_message_seq`
--

CREATE TABLE `web_product_message_seq` (
  `id` int(10) unsigned NOT NULL AUTO_INCREMENT,
  PRIMARY KEY (`id`)
) ENGINE=MyISAM AUTO_INCREMENT=126 DEFAULT CHARSET=utf8;

--
-- Dumping data for table `web_product_message_seq`
--

INSERT INTO `web_product_message_seq` (`id`) VALUES (125);

--
-- Table structure for table `web_product_property`
--

CREATE TABLE `web_product_property` (
  `article_id` int(11) NOT NULL DEFAULT '0',
  `property1` smallint(1) NOT NULL DEFAULT '0',
  `property2` smallint(1) NOT NULL DEFAULT '0',
  `property3` smallint(1) NOT NULL DEFAULT '0',
  `property4` smallint(1) NOT NULL DEFAULT '0',
  `property5` smallint(1) NOT NULL DEFAULT '0',
  `property6` smallint(1) NOT NULL DEFAULT '0',
  PRIMARY KEY (`article_id`)
) ENGINE=MyISAM DEFAULT CHARSET=utf8;

--
-- Dumping data for table `web_product_property`
--

INSERT INTO `web_product_property` (`article_id`, `property1`, `property2`, `property3`, `property4`, `property5`, `property6`) VALUES (1,0,0,0,0,0,0),(38,0,0,1,0,0,1),(22,0,0,0,0,0,0),(36,0,0,0,0,0,0),(23,0,0,0,1,0,0),(34,0,0,0,1,0,0),(37,0,0,1,1,0,0),(35,0,0,0,1,1,0),(32,0,0,0,1,0,0),(31,0,0,0,0,0,0),(16,0,0,0,0,0,0),(17,0,0,0,1,0,0),(18,1,0,0,1,0,0),(19,1,1,0,0,0,0),(20,0,0,1,1,0,0),(21,0,0,1,0,0,1),(24,1,0,0,1,0,0),(25,0,0,0,1,1,0),(26,0,0,0,0,0,1),(27,0,0,0,1,0,0),(28,0,0,1,0,0,0),(39,0,0,1,1,0,0),(40,0,0,1,1,0,0),(41,0,0,1,1,0,0),(42,1,0,1,1,0,0),(43,0,0,1,1,1,0),(44,0,0,0,0,0,0),(45,0,0,0,1,0,0),(46,1,0,0,1,0,0),(47,0,0,0,1,0,0),(48,0,0,0,0,0,1),(49,0,0,1,0,0,0),(50,0,0,1,1,0,0),(51,1,0,1,1,0,0),(52,0,0,1,1,0,0),(107,0,0,1,0,0,0),(106,0,0,0,0,0,0),(55,0,0,0,0,0,0),(59,0,0,1,0,0,0),(61,0,0,0,0,0,0),(125,0,1,1,0,0,0),(63,0,0,0,0,0,0),(124,1,1,1,0,0,0),(65,0,0,0,0,0,0),(66,1,0,0,1,0,0),(67,0,0,0,0,0,0),(68,0,0,0,0,0,0),(69,0,0,0,0,0,0),(70,0,0,0,0,0,0),(71,0,0,0,0,0,0),(72,0,0,0,0,0,0),(73,0,0,0,0,0,0),(74,0,0,0,0,0,0),(75,0,0,0,0,0,0),(76,0,0,0,0,0,0),(101,0,0,1,0,0,0),(78,0,0,0,0,0,0),(79,0,0,0,0,0,0),(80,0,0,0,0,0,0),(81,0,0,0,0,0,0),(82,0,0,0,0,0,0),(83,0,0,0,0,0,0),(84,0,0,0,0,0,0),(85,0,0,0,0,0,0),(99,0,0,1,1,0,0),(98,0,0,1,0,0,1),(89,1,0,0,1,0,0),(90,0,0,0,0,0,0),(91,0,0,0,0,0,0),(92,0,0,0,0,0,0),(93,0,0,0,1,0,0),(94,0,0,0,1,0,0),(95,0,0,0,1,0,0),(96,0,0,0,1,0,0),(97,0,0,1,0,0,0),(102,0,0,1,0,0,1),(103,0,0,0,0,0,0),(121,0,0,1,0,0,0),(120,0,0,0,1,0,0),(108,1,0,1,0,0,0),(109,0,0,0,0,0,0),(110,0,0,0,0,0,0),(111,0,0,1,0,0,0),(112,0,0,0,1,0,0),(113,0,0,0,0,0,0),(114,0,0,0,1,1,0),(115,1,0,0,0,0,0),(118,0,1,1,0,0,0),(119,1,1,1,0,0,0),(122,0,0,0,0,0,0),(123,0,0,0,0,0,0);

--
-- Table structure for table `web_product_property_seq`
--

CREATE TABLE `web_product_property_seq` (
  `id` int(10) unsigned NOT NULL AUTO_INCREMENT,
  PRIMARY KEY (`id`)
) ENGINE=MyISAM AUTO_INCREMENT=79 DEFAULT CHARSET=utf8;

--
-- Dumping data for table `web_product_property_seq`
--

INSERT INTO `web_product_property_seq` (`id`) VALUES (77);

--
-- Table structure for table `web_product_role`
--

CREATE TABLE `web_product_role` (
  `article_id` int(11) NOT NULL DEFAULT '0',
  `role_id` int(11) NOT NULL DEFAULT '0'
) ENGINE=MyISAM DEFAULT CHARSET=utf8;

--
-- Dumping data for table `web_product_role`
--

INSERT INTO `web_product_role` (`article_id`, `role_id`) VALUES (2,2),(2,1),(2,0),(38,2),(38,1),(38,0),(22,2),(22,1),(22,0),(36,2),(36,1),(36,0),(23,2),(23,1),(23,0),(34,2),(34,1),(34,0),(37,2),(37,1),(37,0),(35,2),(35,1),(35,0),(32,2),(32,1),(32,0),(31,2),(31,1),(31,0),(16,2),(16,1),(16,0),(17,2),(17,1),(17,0),(18,2),(18,1),(18,0),(19,2),(19,1),(19,0),(20,2),(20,1),(20,0),(21,2),(21,1),(21,0),(24,0),(24,1),(24,2),(25,0),(25,1),(25,2),(26,0),(26,1),(26,2),(27,2),(27,1),(27,0),(28,2),(28,1),(28,0),(40,2),(40,1),(40,0),(39,2),(39,1),(39,0),(41,0),(41,1),(41,2),(42,2),(42,1),(42,0),(43,0),(43,1),(43,2),(44,2),(44,1),(44,0),(45,0),(45,1),(45,2),(46,0),(46,1),(46,2),(47,0),(47,1),(47,2),(48,0),(48,1),(48,2),(49,0),(49,1),(49,2),(50,0),(50,1),(50,2),(51,0),(51,1),(51,2),(52,2),(52,1),(52,0),(107,2),(107,1),(107,0),(106,2),(106,1),(106,0),(55,0),(55,1),(55,2),(59,2),(59,1),(59,0),(61,2),(61,1),(61,0),(125,2),(125,1),(125,0),(63,2),(63,1),(63,0),(124,2),(124,1),(124,0),(65,2),(65,1),(65,0),(66,2),(66,1),(66,0),(67,0),(67,1),(67,2),(68,0),(68,1),(68,2),(69,2),(69,1),(69,0),(70,2),(70,1),(70,0),(71,2),(71,1),(71,0),(72,0),(72,1),(72,2),(73,2),(73,1),(73,0),(74,2),(74,1),(74,0),(75,2),(75,1),(75,0),(76,0),(76,1),(76,2),(101,2),(101,1),(101,0),(78,0),(78,1),(78,2),(79,2),(79,1),(79,0),(80,0),(80,1),(80,2),(81,0),(81,1),(81,2),(82,0),(82,1),(82,2),(83,0),(83,1),(83,2),(84,0),(84,1),(84,2),(85,0),(85,1),(85,2),(99,2),(99,1),(99,0),(98,2),(98,1),(98,0),(89,2),(89,1),(89,0),(90,2),(90,1),(90,0),(91,2),(91,1),(91,0),(92,2),(92,1),(92,0),(93,2),(93,1),(93,0),(94,2),(94,1),(94,0),(95,0),(95,1),(95,2),(96,0),(96,1),(96,2),(97,0),(97,1),(97,2),(102,2),(102,1),(102,0),(103,2),(103,1),(103,0),(121,2),(121,1),(121,0),(120,2),(120,1),(120,0),(108,2),(108,1),(108,0),(109,0),(109,1),(109,2),(110,0),(110,1),(110,2),(111,2),(111,1),(111,0),(112,0),(112,1),(112,2),(113,0),(113,1),(113,2),(114,2),(114,1),(114,0),(115,2),(115,1),(115,0),(118,2),(118,1),(118,0),(119,2),(119,1),(119,0),(122,0),(122,1),(122,2),(123,0),(123,1),(123,2);

--
-- Table structure for table `web_product_seq`
--

CREATE TABLE `web_product_seq` (
  `id` int(10) unsigned NOT NULL AUTO_INCREMENT,
  PRIMARY KEY (`id`)
) ENGINE=MyISAM AUTO_INCREMENT=126 DEFAULT CHARSET=utf8;

--
-- Dumping data for table `web_product_seq`
--

INSERT INTO `web_product_seq` (`id`) VALUES (125);

--
-- Table structure for table `web_product_series`
--

CREATE TABLE `web_product_series` (
  `series_id` int(11) NOT NULL DEFAULT '0',
  `article_type_id` int(11) NOT NULL DEFAULT '0',
  `series_name` varchar(255) NOT NULL DEFAULT '',
  `status` smallint(1) NOT NULL DEFAULT '0',
  `date_create` int(11) NOT NULL DEFAULT '0',
  PRIMARY KEY (`series_id`)
) ENGINE=MyISAM DEFAULT CHARSET=utf8;

--
-- Dumping data for table `web_product_series`
--

INSERT INTO `web_product_series` (`series_id`, `article_type_id`, `series_name`, `status`, `date_create`) VALUES (10,6,'DSZ - 44',1,1227757046),(19,6,'SPZ - 50',1,1227757062),(20,6,'DSZ - 70',1,1227757073),(17,5,'Binocular',1,1227685481),(18,5,'Trinocular',1,1227685493),(22,17,'ALL',1,1247541488),(23,18,'ALL',1,1247541642),(25,20,'Binocular',1,1305953294),(27,21,'Trinocular',1,1305960281);

--
-- Table structure for table `web_product_series_seq`
--

CREATE TABLE `web_product_series_seq` (
  `id` int(10) unsigned NOT NULL AUTO_INCREMENT,
  PRIMARY KEY (`id`)
) ENGINE=MyISAM AUTO_INCREMENT=28 DEFAULT CHARSET=utf8;

--
-- Dumping data for table `web_product_series_seq`
--

INSERT INTO `web_product_series_seq` (`id`) VALUES (27);

--
-- Table structure for table `web_product_type`
--

CREATE TABLE `web_product_type` (
  `article_type_id` int(2) NOT NULL DEFAULT '0',
  `type_icon` varchar(255) NOT NULL DEFAULT '',
  PRIMARY KEY (`article_type_id`)
) ENGINE=MyISAM DEFAULT CHARSET=utf8;

--
-- Dumping data for table `web_product_type`
--

INSERT INTO `web_product_type` (`article_type_id`, `type_icon`) VALUES (1,''),(2,''),(3,''),(4,''),(5,''),(6,''),(8,'1'),(9,'1'),(10,'1'),(12,'1'),(13,'1'),(14,'1'),(15,'1'),(16,'1'),(17,''),(18,''),(20,''),(21,'');

--
-- Table structure for table `web_product_type_message`
--

CREATE TABLE `web_product_type_message` (
  `article_type_message_id` int(11) NOT NULL DEFAULT '0',
  `article_type_id` int(2) NOT NULL DEFAULT '0',
  `web_lang_id` int(2) NOT NULL DEFAULT '0',
  `type_name` varchar(128) NOT NULL DEFAULT '',
  `description` varchar(255) NOT NULL DEFAULT '',
  PRIMARY KEY (`article_type_message_id`)
) ENGINE=MyISAM DEFAULT CHARSET=utf8;

--
-- Dumping data for table `web_product_type_message`
--

INSERT INTO `web_product_type_message` (`article_type_message_id`, `article_type_id`, `web_lang_id`, `type_name`, `description`) VALUES (1,1,1,'Gem Microscope',''),(2,2,1,'Biological',''),(3,3,1,'Import Microscope',''),(4,4,1,'Accessories',''),(5,5,1,'NSW',''),(6,6,1,'ZOOM',''),(8,8,1,'MILLING (การเซาะ/กัด/ตัด/เฉือน)','subcontractor'),(9,9,1,'DRILLING/TAPPING (การเจาะ/ตีเกลียว)','subcontractor'),(10,10,1,'BUFFER / SANDING (การลบมุม/ปรับผิว)','subcontractor'),(12,12,1,'NC/CNC/HMC/LATHE (การกลึง)','subcontractor'),(13,13,1,'PAINTING / OVEN (การพ่นสี/อบชิ้นงาน)','subcontractor'),(14,14,1,'MOLDING (การอัดผงพลาสติก)','subcontractor'),(15,15,1,'ASSEMBLING (การประกอบชิ้นงาน)','subcontractor'),(16,16,1,'LENS POLISHING (การขัดเลนส์)','subcontractor'),(17,17,1,'MICROSCOPE SYSTEMS',''),(18,18,1,'NEW PRODUCTS',''),(20,20,1,'BH',''),(21,21,1,'METALLURGICAL','');

--
-- Table structure for table `web_product_type_message_seq`
--

CREATE TABLE `web_product_type_message_seq` (
  `id` int(10) unsigned NOT NULL AUTO_INCREMENT,
  PRIMARY KEY (`id`)
) ENGINE=MyISAM AUTO_INCREMENT=22 DEFAULT CHARSET=utf8;

--
-- Dumping data for table `web_product_type_message_seq`
--

INSERT INTO `web_product_type_message_seq` (`id`) VALUES (21);

--
-- Table structure for table `web_product_type_role`
--

CREATE TABLE `web_product_type_role` (
  `article_type_id` int(2) NOT NULL DEFAULT '0',
  `role_id` int(11) NOT NULL DEFAULT '0'
) ENGINE=MyISAM DEFAULT CHARSET=utf8;

--
-- Dumping data for table `web_product_type_role`
--

INSERT INTO `web_product_type_role` (`article_type_id`, `role_id`) VALUES (1,0),(1,1),(1,2),(2,0),(2,1),(2,2),(3,0),(3,1),(3,2),(4,0),(4,1),(4,2),(5,2),(5,1),(5,0),(6,0),(6,1),(6,2),(8,2),(8,1),(8,0),(9,0),(9,1),(9,2),(10,0),(10,1),(10,2),(12,2),(12,1),(12,0),(13,0),(13,1),(13,2),(14,0),(14,1),(14,2),(15,0),(15,1),(15,2),(16,0),(16,1),(16,2),(17,2),(17,1),(17,0),(18,2),(18,1),(18,0),(20,2),(20,1),(20,0),(21,0),(21,1),(21,2);

--
-- Table structure for table `web_product_type_seq`
--

CREATE TABLE `web_product_type_seq` (
  `id` int(10) unsigned NOT NULL AUTO_INCREMENT,
  PRIMARY KEY (`id`)
) ENGINE=MyISAM AUTO_INCREMENT=22 DEFAULT CHARSET=utf8;

--
-- Dumping data for table `web_product_type_seq`
--

INSERT INTO `web_product_type_seq` (`id`) VALUES (21);

--
-- Table structure for table `web_role`
--

CREATE TABLE `web_role` (
  `role_id` int(11) NOT NULL DEFAULT '-1',
  `name` varchar(255) DEFAULT NULL,
  `description` text,
  `date_created` datetime DEFAULT NULL,
  `created_by` int(11) DEFAULT NULL,
  `last_updated` datetime DEFAULT NULL,
  `updated_by` int(11) DEFAULT NULL,
  PRIMARY KEY (`role_id`)
) ENGINE=MyISAM DEFAULT CHARSET=utf8;

--
-- Dumping data for table `web_role`
--

INSERT INTO `web_role` (`role_id`, `name`, `description`, `date_created`, `created_by`, `last_updated`, `updated_by`) VALUES (-1,'unassigned','not assigned a role',NULL,NULL,NULL,NULL),(0,'guest','public user',NULL,NULL,NULL,NULL),(1,'root','super user',NULL,NULL,NULL,NULL),(2,'member','has a limited set of privileges',NULL,NULL,NULL,NULL);

--
-- Table structure for table `web_role_permission`
--

CREATE TABLE `web_role_permission` (
  `role_permission_id` int(11) NOT NULL DEFAULT '0',
  `role_id` int(11) NOT NULL DEFAULT '0',
  `permission_id` int(11) NOT NULL DEFAULT '0',
  PRIMARY KEY (`role_permission_id`),
  KEY `permission_id` (`permission_id`),
  KEY `role_id` (`role_id`)
) ENGINE=MyISAM DEFAULT CHARSET=utf8;

--
-- Dumping data for table `web_role_permission`
--

INSERT INTO `web_role_permission` (`role_permission_id`, `role_id`, `permission_id`) VALUES (1,2,22),(2,2,21),(3,2,95),(4,2,43),(5,2,46),(6,2,44),(7,2,45),(8,2,96),(9,2,48),(10,2,47),(11,2,97),(12,2,58),(13,2,59),(14,2,68),(15,2,69),(16,2,72),(17,2,73),(18,2,74),(19,2,93),(20,2,94);

--
-- Table structure for table `web_role_permission_seq`
--

CREATE TABLE `web_role_permission_seq` (
  `id` int(10) unsigned NOT NULL AUTO_INCREMENT,
  PRIMARY KEY (`id`)
) ENGINE=MyISAM AUTO_INCREMENT=22 DEFAULT CHARSET=utf8;

--
-- Dumping data for table `web_role_permission_seq`
--

INSERT INTO `web_role_permission_seq` (`id`) VALUES (20);

--
-- Table structure for table `web_role_seq`
--

CREATE TABLE `web_role_seq` (
  `id` int(10) unsigned NOT NULL AUTO_INCREMENT,
  PRIMARY KEY (`id`)
) ENGINE=MyISAM AUTO_INCREMENT=4 DEFAULT CHARSET=utf8;

--
-- Dumping data for table `web_role_seq`
--

INSERT INTO `web_role_seq` (`id`) VALUES (2);

--
-- Table structure for table `web_section`
--

CREATE TABLE `web_section` (
  `section_id` int(11) NOT NULL DEFAULT '0',
  `title` varchar(32) DEFAULT NULL,
  `resource_uri` varchar(128) DEFAULT NULL,
  `perms` varchar(32) DEFAULT NULL,
  `trans_id` int(11) DEFAULT NULL,
  `parent_id` int(11) DEFAULT NULL,
  `root_id` int(11) DEFAULT NULL,
  `left_id` int(11) DEFAULT NULL,
  `right_id` int(11) DEFAULT NULL,
  `order_id` int(11) DEFAULT NULL,
  `level_id` int(11) DEFAULT NULL,
  `is_enabled` smallint(6) DEFAULT NULL,
  `is_static` smallint(6) DEFAULT NULL,
  `access_key` char(1) DEFAULT NULL,
  `rel` varchar(16) DEFAULT NULL,
  PRIMARY KEY (`section_id`),
  KEY `AK_key_root_id` (`root_id`),
  KEY `AK_key_order_id` (`order_id`),
  KEY `AK_key_left_id` (`left_id`),
  KEY `AK_key_right_id` (`right_id`),
  KEY `AK_id_root_l_r` (`section_id`,`root_id`,`left_id`,`right_id`),
  KEY `AK_key_level_id` (`level_id`)
) ENGINE=MyISAM DEFAULT CHARSET=utf8;

--
-- Dumping data for table `web_section`
--

INSERT INTO `web_section` (`section_id`, `title`, `resource_uri`, `perms`, `trans_id`, `parent_id`, `root_id`, `left_id`, `right_id`, `order_id`, `level_id`, `is_enabled`, `is_static`, `access_key`, `rel`) VALUES (1,'root','uriEmpty:','1',1,0,0,0,0,0,0,0,0,'',''),(2,'User menu','uriEmpty:','-2',2,0,2,1,12,1,1,1,0,'',''),(4,'Admin menu','uriEmpty:','1',4,0,4,1,80,2,1,1,0,'',''),(5,'Blocks','block/block','1',5,4,4,2,5,1,2,0,NULL,NULL,NULL),(7,'Manage Blocks','block/block','1',7,5,4,3,4,1,3,0,NULL,NULL,NULL),(9,'General','default/module','1',9,4,4,6,15,2,2,0,0,'',''),(11,'Manage Modules','default/module','1',11,9,4,7,8,1,3,0,NULL,NULL,NULL),(13,'Configuration','default/config','1',13,9,4,9,10,2,3,0,NULL,NULL,NULL),(15,'Maintenance','default/maintenance','1',15,9,4,11,12,3,3,0,NULL,NULL,NULL),(17,'Module Generator','default/modulegeneration','1',17,9,4,13,14,4,3,0,NULL,NULL,NULL),(19,'Home','default/default','0',19,2,2,2,3,1,2,0,NULL,NULL,NULL),(21,'Admin Home','default/default','1',21,2,2,4,5,2,2,1,NULL,NULL,NULL),(23,'Admin','default/module','1',23,2,2,6,7,3,2,0,NULL,NULL,NULL),(25,'Users and security','user/user','1',25,4,4,16,25,3,2,1,NULL,NULL,NULL),(27,'Manage users','user/user','1',27,25,4,17,18,1,3,1,NULL,NULL,NULL),(29,'Manage permissions','user/permission','1',29,25,4,19,20,2,3,0,0,'',''),(31,'Manage roles','user/role','1',31,25,4,21,22,3,3,0,0,'',''),(33,'Manage preferences','user/preference','1',33,25,4,23,24,4,3,0,0,'',''),(35,'My Account','user/account','1',35,4,4,26,33,4,2,1,NULL,NULL,NULL),(37,'Summary','user/account','1',37,35,4,27,28,1,3,1,NULL,NULL,NULL),(39,'View Profile','user/account/action/viewProfile','1',39,35,4,29,30,2,3,1,NULL,NULL,NULL),(41,'Edit Preferences','user/userpreference','1',41,35,4,31,32,3,3,0,0,'',''),(43,'My Account','user/account','2',43,2,2,8,9,4,2,1,NULL,NULL,NULL),(45,'Navigation','navigation/section','1',45,4,4,34,37,5,2,0,NULL,NULL,NULL),(47,'Manage Navigation','navigation/section','1',47,45,4,35,36,1,3,0,NULL,NULL,NULL),(49,'Webformmail','main/adminwebform','1',49,4,4,38,39,6,2,1,NULL,NULL,NULL),(51,'Article','articleweb/adminarticleweb','1',51,4,4,40,45,7,2,0,NULL,NULL,NULL),(53,'Manage Type','articleweb/adminarticletypeweb','1',53,51,4,41,42,1,3,0,NULL,NULL,NULL),(55,'Manage Article','articleweb/adminarticleweb','1',55,51,4,43,44,2,3,0,NULL,NULL,NULL),(57,'Article','articleweb/articleviewweb/action/viewArticleAllType','0,2,1',57,2,2,10,11,5,2,0,NULL,NULL,NULL),(59,'News and Event','newsevent/adminnewsevent','1',59,4,4,46,47,8,2,0,NULL,NULL,NULL),(61,'Tips Management','tips/admintips','1',61,4,4,48,49,9,2,0,NULL,NULL,NULL),(63,'Stereo Microscope','productweb/adminstereomicroscope','1',63,4,4,50,57,10,2,0,NULL,NULL,NULL),(65,'Add Group','productweb/adminstereomicroscopetype/action/addview','1',65,63,4,51,52,1,3,0,NULL,NULL,NULL),(67,'Add Series','productweb/adminstereomicroscope','1',67,63,4,53,54,2,3,0,NULL,NULL,NULL),(69,'Add Product','productweb/adminstereomicroscope','1',69,63,4,55,56,3,3,0,NULL,NULL,NULL),(71,'Gem Microscope','productweb/adminstereomicroscope','1',71,4,4,58,61,11,2,0,NULL,NULL,NULL),(73,'Add Product','productweb/adminarticleweb','1',73,71,4,59,60,1,3,0,NULL,NULL,NULL),(75,'Biological Microscope','productweb/adminstereomicroscope','1',75,4,4,62,65,12,2,0,NULL,NULL,NULL),(77,'Add Product','productweb/adminarticleweb','1',77,75,4,63,64,1,3,0,NULL,NULL,NULL),(79,'Import Product','productweb/adminstereomicroscope','1',79,4,4,66,69,13,2,0,NULL,NULL,NULL),(81,'Add Product','productweb/adminarticleweb','1',81,79,4,67,68,1,3,0,NULL,NULL,NULL),(83,'Accessories','productweb/adminstereomicroscope','1',83,4,4,70,73,14,2,0,NULL,NULL,NULL),(85,'Add Product','productweb/adminarticleweb','1',85,83,4,71,72,1,3,0,NULL,NULL,NULL),(87,'Subcontractor','productweb/adminsubcontractor','1',87,4,4,74,79,15,2,0,NULL,NULL,NULL),(89,'Add group','productweb/adminarticletypeweb','1',89,87,4,75,76,1,3,0,NULL,NULL,NULL),(91,'Add Product','productweb/adminarticletypeweb','1',91,87,4,77,78,2,3,0,NULL,NULL,NULL);

--
-- Table structure for table `web_section_seq`
--

CREATE TABLE `web_section_seq` (
  `id` int(10) unsigned NOT NULL AUTO_INCREMENT,
  PRIMARY KEY (`id`)
) ENGINE=MyISAM AUTO_INCREMENT=94 DEFAULT CHARSET=utf8;

--
-- Dumping data for table `web_section_seq`
--

INSERT INTO `web_section_seq` (`id`) VALUES (91);

--
-- Table structure for table `web_table_lock`
--

CREATE TABLE `web_table_lock` (
  `lockID` char(32) NOT NULL DEFAULT '',
  `lockTable` char(32) NOT NULL DEFAULT '',
  `lockStamp` int(11) DEFAULT NULL,
  PRIMARY KEY (`lockID`,`lockTable`)
) ENGINE=MyISAM DEFAULT CHARSET=utf8;

--
-- Dumping data for table `web_table_lock`
--


--
-- Table structure for table `web_uri_alias`
--

CREATE TABLE `web_uri_alias` (
  `uri_alias_id` int(11) unsigned NOT NULL DEFAULT '0',
  `uri_alias` varchar(255) DEFAULT NULL,
  `section_id` int(11) DEFAULT NULL,
  `title` varchar(255) DEFAULT NULL,
  `keywords` text,
  `description` text,
  PRIMARY KEY (`uri_alias_id`),
  UNIQUE KEY `uri_alias` (`uri_alias`)
) ENGINE=MyISAM DEFAULT CHARSET=utf8;

--
-- Dumping data for table `web_uri_alias`
--


--
-- Table structure for table `web_user_cookie`
--

CREATE TABLE `web_user_cookie` (
  `usr_id` int(11) NOT NULL DEFAULT '0',
  `cookie_name` varchar(32) NOT NULL DEFAULT '',
  `login_time` datetime NOT NULL DEFAULT '0000-00-00 00:00:00',
  KEY `usr_id` (`usr_id`),
  KEY `cookie_name` (`cookie_name`)
) ENGINE=MyISAM DEFAULT CHARSET=utf8;

--
-- Dumping data for table `web_user_cookie`
--

INSERT INTO `web_user_cookie` (`usr_id`, `cookie_name`, `login_time`) VALUES (1,'8dd63295b861b26fdb48a5c8b7398a20','2008-11-18 10:46:18'),(1,'df5f4f9e0e5476e6ba4ac88c237f47bf','2008-11-20 16:33:43'),(1,'df0e57fe733a81a3f28799008fde93a9','2009-04-01 15:15:57'),(1,'159941799ada9a7a803045b33ddc361e','2009-07-14 10:05:20'),(1,'59101705738d9c613fa04a1d366e8ac9','2009-07-14 10:15:46'),(1,'1075b985a04bc9c2b1e2aaf9f5b4eb81','2009-07-14 10:59:01'),(1,'300e97ad12178b32356b16d56921a83e','2009-07-15 15:46:36'),(1,'24a2961ea78e7ea51ff91c438ae03d4e','2009-07-21 09:57:10'),(1,'b72cfb5302617f76951cac3ffceb627e','2010-06-14 16:23:05'),(1,'2b7a24b239a510164fed8af51d4b3d0d','2010-06-14 16:34:50'),(1,'b936eaea3af8d223b1d81d9afb4255d6','2011-01-05 14:36:57'),(1,'b18cf7bde2e4dfec2df8c66fdb564f50','2011-05-21 09:15:38'),(1,'ee8107c0e66e9dcf85ebeb9992f7b571','2012-09-27 08:58:44'),(1,'463d83ea17019d9d9fc352044fe72f29','2016-08-05 11:33:26'),(1,'45c21517977be38c7e8ee908f45513ac','2016-08-05 11:37:35'),(1,'f593a2aaa57791313d84b785f0296a5c','2016-08-06 08:15:54'),(1,'4f49a3454d31f078b032c3137d7504e2','2016-08-06 08:26:02');

--
-- Table structure for table `web_user_hash`
--

CREATE TABLE `web_user_hash` (
  `user_hash_id` int(11) NOT NULL DEFAULT '0',
  `usr_id` int(11) NOT NULL DEFAULT '0',
  `hash` varchar(64) NOT NULL DEFAULT '',
  `ctime` int(11) NOT NULL DEFAULT '0',
  PRIMARY KEY (`user_hash_id`),
  KEY `usr_id` (`usr_id`)
) ENGINE=MyISAM DEFAULT CHARSET=utf8;

--
-- Dumping data for table `web_user_hash`
--


--
-- Table structure for table `web_user_permission`
--

CREATE TABLE `web_user_permission` (
  `user_permission_id` int(11) NOT NULL DEFAULT '0',
  `usr_id` int(11) NOT NULL DEFAULT '0',
  `permission_id` int(11) NOT NULL DEFAULT '0',
  PRIMARY KEY (`user_permission_id`),
  KEY `usr_id` (`usr_id`),
  KEY `permission_id` (`permission_id`)
) ENGINE=MyISAM DEFAULT CHARSET=utf8;

--
-- Dumping data for table `web_user_permission`
--

INSERT INTO `web_user_permission` (`user_permission_id`, `usr_id`, `permission_id`) VALUES (1,2,22),(2,2,21),(3,2,95),(4,2,43),(5,2,46),(6,2,44),(7,2,45),(8,2,96),(9,2,48),(10,2,47),(11,2,97),(12,2,58),(13,2,59),(14,2,68),(15,2,69),(16,2,72),(17,2,73),(18,2,74),(19,2,93),(20,2,94);

--
-- Table structure for table `web_user_permission_seq`
--

CREATE TABLE `web_user_permission_seq` (
  `id` int(10) unsigned NOT NULL AUTO_INCREMENT,
  PRIMARY KEY (`id`)
) ENGINE=MyISAM AUTO_INCREMENT=21 DEFAULT CHARSET=utf8;

--
-- Dumping data for table `web_user_permission_seq`
--

INSERT INTO `web_user_permission_seq` (`id`) VALUES (20);

--
-- Table structure for table `web_user_preference`
--

CREATE TABLE `web_user_preference` (
  `user_preference_id` int(11) NOT NULL DEFAULT '0',
  `usr_id` int(11) NOT NULL DEFAULT '0',
  `preference_id` int(11) NOT NULL DEFAULT '0',
  `value` varchar(128) DEFAULT NULL,
  PRIMARY KEY (`user_preference_id`),
  KEY `web_usr_user_preference_fk` (`usr_id`),
  KEY `web_preference_user_preference_fk` (`preference_id`)
) ENGINE=MyISAM DEFAULT CHARSET=utf8;

--
-- Dumping data for table `web_user_preference`
--

INSERT INTO `web_user_preference` (`user_preference_id`, `usr_id`, `preference_id`, `value`) VALUES (1,1,1,'1800'),(2,1,2,'Asia/Bangkok'),(3,1,3,'rvtheme'),(4,1,4,'UK'),(5,1,5,'en-utf-8'),(6,1,6,'30'),(7,1,7,'0'),(8,1,8,'th_TH.utf8'),(9,2,1,'1800'),(10,2,2,'Asia/Bangkok'),(11,2,3,'rvtheme'),(12,2,4,'UK'),(13,2,5,'en-utf-8'),(14,2,6,'30'),(15,2,7,'0'),(16,2,8,'th_TH.utf8');

--
-- Table structure for table `web_user_preference_seq`
--

CREATE TABLE `web_user_preference_seq` (
  `id` int(10) unsigned NOT NULL AUTO_INCREMENT,
  PRIMARY KEY (`id`)
) ENGINE=MyISAM AUTO_INCREMENT=17 DEFAULT CHARSET=utf8;

--
-- Dumping data for table `web_user_preference_seq`
--

INSERT INTO `web_user_preference_seq` (`id`) VALUES (16);

--
-- Table structure for table `web_user_session`
--

CREATE TABLE `web_user_session` (
  `session_id` varchar(255) NOT NULL DEFAULT '',
  `last_updated` datetime DEFAULT NULL,
  `data_value` text,
  `usr_id` int(11) NOT NULL DEFAULT '0',
  `username` varchar(64) DEFAULT NULL,
  `expiry` int(11) NOT NULL DEFAULT '0',
  PRIMARY KEY (`session_id`),
  KEY `last_updated` (`last_updated`),
  KEY `usr_id` (`usr_id`),
  KEY `username` (`username`)
) ENGINE=MyISAM DEFAULT CHARSET=utf8;

--
-- Dumping data for table `web_user_session`
--


--
-- Table structure for table `web_usr`
--

CREATE TABLE `web_usr` (
  `usr_id` int(11) NOT NULL DEFAULT '0',
  `organisation_id` int(11) DEFAULT '0',
  `role_id` int(11) NOT NULL DEFAULT '0',
  `username` varchar(64) DEFAULT NULL,
  `passwd` varchar(32) DEFAULT NULL,
  `first_name` varchar(128) DEFAULT NULL,
  `last_name` varchar(128) DEFAULT NULL,
  `telephone` varchar(16) DEFAULT NULL,
  `mobile` varchar(16) DEFAULT NULL,
  `email` varchar(128) DEFAULT NULL,
  `addr_1` varchar(128) DEFAULT NULL,
  `addr_2` varchar(128) DEFAULT NULL,
  `addr_3` varchar(128) DEFAULT NULL,
  `city` varchar(64) DEFAULT NULL,
  `region` varchar(32) DEFAULT NULL,
  `country` varchar(2) DEFAULT NULL,
  `post_code` varchar(16) DEFAULT NULL,
  `is_email_public` smallint(6) DEFAULT NULL,
  `is_acct_active` smallint(6) DEFAULT NULL,
  `security_question` smallint(6) DEFAULT NULL,
  `security_answer` varchar(128) DEFAULT NULL,
  `date_created` datetime DEFAULT NULL,
  `created_by` int(11) DEFAULT NULL,
  `last_updated` datetime DEFAULT NULL,
  `updated_by` int(11) DEFAULT NULL,
  PRIMARY KEY (`usr_id`)
) ENGINE=MyISAM DEFAULT CHARSET=utf8;

--
-- Dumping data for table `web_usr`
--

INSERT INTO `web_usr` (`usr_id`, `organisation_id`, `role_id`, `username`, `passwd`, `first_name`, `last_name`, `telephone`, `mobile`, `email`, `addr_1`, `addr_2`, `addr_3`, `city`, `region`, `country`, `post_code`, `is_email_public`, `is_acct_active`, `security_question`, `security_answer`, `date_created`, `created_by`, `last_updated`, `updated_by`) VALUES (0,1,0,'nobody','21232f297a57a5a743894a0e4a801fc3','Nobody','Nobody','','','none@none.com','none','','','None','','GB','55555',0,0,1,'rover','2003-12-09 18:02:44',1,'2004-06-10 11:07:27',1),(1,1,1,'admin','133f0f1b3f99471fa621b80f386d0c5e','Carton','Trading','02909-5931-40','081-371-1392','account@cartonmicroscope.com','145/85 หมู่ที่ 3 ถนนรามอินทรา','แขวงท่าแร้ง ?เขตบางเขน','','กรุงเทพมหานคร','','TH','10220',0,1,2,'14/11/2008','2008-11-14 12:08:48',1,'2008-11-14 14:22:49',1),(2,1,2,'Damon','5d96214cae9df57a1fa8001069e31c28','Damon','Damon','0681 716 78 21','','gotovo@serphawk.com','Stollenstrasse 62','Stollenstrasse 62','Stollenstrasse 62','Oberwolbling','TX','AT','3124',NULL,1,4,'UL','2013-10-11 16:12:37',NULL,'2013-10-11 16:12:37',NULL),(3,1,1,'chin','5fd46d934946deb68ab0a2ce52fa4ed7','Damon','Damon','0681 716 78 21','','chinnapat@netway.co.th','Stollenstrasse 62','Stollenstrasse 62','Stollenstrasse 62','Oberwolbling','TX','AT','3124',NULL,1,4,'UL','2013-10-11 16:12:37',NULL,'2013-10-11 16:12:37',NULL);

--
-- Table structure for table `web_usr_seq`
--

CREATE TABLE `web_usr_seq` (
  `id` int(10) unsigned NOT NULL AUTO_INCREMENT,
  PRIMARY KEY (`id`)
) ENGINE=MyISAM AUTO_INCREMENT=3 DEFAULT CHARSET=utf8;

--
-- Dumping data for table `web_usr_seq`
--

INSERT INTO `web_usr_seq` (`id`) VALUES (2);

--
-- Table structure for table `web_web_lang`
--

CREATE TABLE `web_web_lang` (
  `web_lang_id` int(2) NOT NULL DEFAULT '0',
  `lang_key` varchar(32) NOT NULL DEFAULT '',
  PRIMARY KEY (`web_lang_id`)
) ENGINE=MyISAM DEFAULT CHARSET=utf8;

--
-- Dumping data for table `web_web_lang`
--

INSERT INTO `web_web_lang` (`web_lang_id`, `lang_key`) VALUES (1,'en-utf-8');

--
-- Table structure for table `web_web_lang_seq`
--

CREATE TABLE `web_web_lang_seq` (
  `id` int(10) unsigned NOT NULL AUTO_INCREMENT,
  PRIMARY KEY (`id`)
) ENGINE=MyISAM AUTO_INCREMENT=3 DEFAULT CHARSET=utf8;

--
-- Dumping data for table `web_web_lang_seq`
--

INSERT INTO `web_web_lang_seq` (`id`) VALUES (1);

--
-- Dumping events for database 'cartonmi_seagull'
--

--
-- Dumping routines for database 'cartonmi_seagull'
--


