INSERT INTO `web_formmail_log` (`mail_id`, `subject`, `message`, `date`) VALUES
(552, 'xRapid', 'Subject: xRapid\nName: Georges\nSurname: Van Overmeire\nAddress: Thaimetec device Co., Ltd - 23th Two Pacific Place, 142 Sukhumwit Road\nAddress2: Klongtoey, Bangkok 10110\nPhone: 087 8138200\nMobile: \nEmail: georges_vo@hotmail.com\nMessage: Hi,\r\n\r\nOur Cy Thaimetec device Co., Ltd based in Bangkok is acting as an agent in South East Asia for European Cies in the medical sector.\r\n\r\nWe are actively searching for partnership to promote our xRapid automated malaria and tuberculosis diagnosis system in Thailand.\r\n\r\nWe would like to introduce ourselves and to invite you to a meeting with demonstration in our or your premises around the end of August or beginning of September. \r\n\r\nThank you in advance for your interest.\r\n\r\nGeorges Van Overmeire\r\nManaging Director\r\n\r\n\r\n\r\nBest regards,\n', 1469704094),
(553, 'Regarding Purchase of the Product in India', 'Subject: Regarding Purchase of the Product in India\nName: Rahul \nSurname: Soni\nAddress: Iqor Global Services India Pvt. Ltd.\nAddress2: 147, Sector-5, Manesar\nPhone: 9810650443\nMobile: \nEmail: rahul.soni@iqor.com\nMessage: Need to purchase microscope for PCB repairs, Kindly let us know your dealers/distributors in India.\n', 1470037738),
(554, 'Microscope with 7x-45x Magnification', 'Subject: Microscope with 7x-45x Magnification\nName: Joanah Mae\nSurname: Tamarra\nAddress: Broadband Telcom Power Inc\nAddress2: Mactan Economic Zone 1, Lapu-Lapu City 6015 Philippines\nPhone: 9173156401\nMobile: 09173156401\nEmail: jtamarra@btcpower.com\nMessage: Good day!\r\n \r\nWe are looking for a microscope to be used for our regular PCB inspection that can do under 7x magnification up to at least 40-45x magnification which can verify any specific/detailed defect.\r\nWe would appreciate if you can provide good offer with below specs:\r\n \r\nInclusion : \r\n-Fluorescent Ring Illuminator \r\n- Wide Field 10x Eyepiece Optical \r\n- large working base of 190mm by 250mm \r\n- Total Magnification 7X - 45X\r\n \r\nHoping for your soonest response.\r\nThanks\r\n\n', 1470191114),
(555, 'Want more clients and customers?', 'Subject: Want more clients and customers?\nName: Amy\nSurname: Varera\nAddress: 1225 Wilshire Boulevard\nAddress2: \nPhone: 206-309-5272\nMobile: \nEmail: amy.varera@gmail.com\nMessage: Hi\r\nWe can help your website to get on first page of Google and increase the number of leads and sales you are getting from your website. Please email us back for full proposal.\r\n\r\nBest Regards\r\nAmy\n', 1470659066),
(556, 'Request quotation', 'Subject: Request quotation\nName: agus\nSurname: syafrudin\nAddress: Komp.Bojong DEpok Baru 2,Blok Ac No.2,Bogor 16913.Jawa Barat,Indoneisa\nAddress2: \nPhone: +62-21-8781164\nMobile: \nEmail: anekasrm@gmail.com\nMessage: Dear Sirs,\r\nWould you please quote :\r\n1 ea Eyepiece Micrometer No.5\r\nWe have account in DHL can you ship by DHL,\r\nThank you and remain.\r\nAgus syafrudin\n', 1471374412),
(557, 'gem microscope DSZ 44 JH', 'Subject: gem microscope DSZ 44 JH\nName: leglise\nSurname: pierre\nAddress: Bd. Zoe Drion  n?1\nAddress2:  B-6000 Charleroi  (belgique )\nPhone: 003271924203\nMobile: \nEmail: leglisepierre@hotmail.fr\nMessage: Dear sir\r\nworking in an univercity hospital and dealingl microscop  \r\nOne of ours users which order microscope as DSZ44JH\r\ncan  we know price for a sample and also for 6 pieces in a first time\r\nBest regards \r\nPierre Leglise\n', 1472825856),
(558, 'SCW-PF', 'Subject: SCW-PF\nName: wonho kim\nSurname: kim\nAddress: Blk 70 Ubi Crescent #01-07 Ubi Techpark, Singapore 408570\nAddress2: \nPhone: 85697097\nMobile: 85697097\nEmail: whkim@daviscomms.com.sg\nMessage: i want to purchase SCW-PF in Singapore. \r\ndo you have distributer in singapore or Malaysia?\n', 1473246766),
(559, 'Interest in SPZT-50PIHF-M', 'Subject: Interest in SPZT-50PIHF-M\nName: Philipp\nSurname: Gutruf\nAddress: 2220 Campus Drive Cook 2036 Evanston, Il, 60208\nAddress2: \nPhone: 217 402 4385\nMobile: \nEmail: PhilippGutruf@googlemail.com\nMessage: I am interested in the SPZT-50PIHF-M what it the price and where can I order it from.\n', 1473788063),
(560, 'Sales channel in Vietnam', 'Subject: Sales channel in Vietnam\nName: Nguyen Van Thai <thainguyen@imarketkorea.com>\nSurname: \nAddress: Vietnam\nAddress2: \nPhone: +84473018751\nMobile: \nEmail: thainguyen@imarketkorea.com\nMessage: Dear Carton,\r\nI am Thai from iMarket Vietnam, subsidiary of iMarket Korea.\r\nWe get an inquiry from Samsung for below model: [DSZ-44SBG] stand sbg style, LED ring light\r\nPlease let me know if you have sales channel in Vietnam or not.\r\nBest Regards,\r\n\n', 1473823249),
(561, 'Inquiry', 'Subject: Inquiry\nName: Dinh\nSurname: Thom\nAddress: 12A08, CT9 Viet Hung uban, Long Bien dis, Ha Noi city, Viet Nam\nAddress2: \nPhone: +8400438712112\nMobile: +8400438712112\nEmail: sales7@sunrisetrading.com.vn\nMessage: Dear Sir,\r\n\r\n\r\nMy name is Thom in purchasing department from Sunrise trading Vietnam Co., Ltd in Vietnam.\r\nWe would like to submit our inquiry as below. Could you please check and offer us the best price as soon as possible?\r\n\r\nCarton Model R-230 18X: Q?ty:10 pcs\r\n\r\nPlease kindly provide to me the weight and dimension for this shipment as well.\r\n\r\nThank you\r\n\n', 1473824618),
(562, 'DSZT44', 'Subject: DSZT44\nName: ATLAS Telecommunications Est.\nSurname: \nAddress: ATLAS Telecommunication Est. Break Water Area Villa # A-37, 38\nAddress2: \nPhone: 0097125108111\nMobile: \nEmail: kashif.mehmood@atlastelecom.ae\nMessage: I want software drivers for the subject item.\r\nWe have in our service centre but unfortunately we missed the drivers. We will be thankful if you forward us the drivers for said item. \r\nModel MC-USB\r\nS/N 02004688\n', 1474284571),
(563, 'zoom microscope # SPZT-50UNF-SM', 'Subject: zoom microscope # SPZT-50UNF-SM\nName: Mr. Tay\nSurname: Lai H.\nAddress: 6, Jalan Mutiara 4, Taman Perindustrian Plentong.\nAddress2: 81750, Johor Bahru. Malaysia.\nPhone: 60-7 3539250\nMobile: 60-7-3539255\nEmail: info@tayscientific.com\nMessage: Dear Sir,\r\n     please quote us your best export price for 1 unit Zoom microscope,\r\nSPZT-50UNF-SM.\r\nThank you.\n', 1474439783),
(564, 'Gears for Swift Series 5 Microscope mnfed. by Carlton', 'Subject: Gears for Swift Series 5 Microscope mnfed. by Carlton\nName: Don\nSurname: Thayer\nAddress: 277 South Tanager Lane, Pueblo West, Co 81007\nAddress2: \nPhone: 719-248-0405\nMobile: 719-547-7522\nEmail: donmicro277@centurylink.net\nMessage: Swift\n', 1474912043),
(565, 'Carton SCZ 54M-4900', 'Subject: Carton SCZ 54M-4900\nName: David\nSurname: Hooke\nAddress: 380 Highlands Rd\nAddress2: Eudlo, 4554, Australia\nPhone: +61754789449\nMobile: \nEmail: dhooke@gmail.com\nMessage: Hi,\r\n\r\nI\'d like to purchase a 54M-4900 for my SCZ-40PF. Can you advise where I might find such an item?\r\n\r\nThanks,\r\n\r\ndavid\r\n\n', 1475532169),
(566, 'neon circulaire pour carton dsz44', 'Subject: neon circulaire pour carton dsz44\nName: Les Cadraniers de Gen?ve \nSurname: restauration\nAddress: 11, rue Emma Kammacher\nAddress2: 1217 Meyrin SUISSE\nPhone: +41223206474\nMobile: \nEmail: restauration@cadraniers.ch\nMessage: Nous recherchons des n?ons de remplacement pour nos appareil Carton DSZ 44. Avez vous un revendeur sur Suisse ou Europe?\r\nMerci d\'avance de votre retour. \r\nLaurence Reynaud \n', 1476085035),
(567, 'Trinocular gem microscope', 'Subject: Trinocular gem microscope\nName: David Benderly\nSurname: Benderly\nAddress: 300 Frank W Burr Blvd,, 2nd Floor suite 56\nAddress2: 2nd Floor\nPhone: 2128191177\nMobile: \nEmail: benderly@photoscribetech.com\nMessage: Could you please recommend and quote a Trinocular gemological microscope?\r\nPreferred magnification 10X-60X (other broad range will be considered)\r\nDark field, bright  field illumination. Additional fiber optic illumination is a plus.\r\n Our company is a manufacturer of laser marking devices and we have been asked on a regular basis to supply a microscope as well, enabling our customer to inspect the laser inscription on the gemstones. We are looking for a product we could offer our customers as part of our product offerings.\r\n\n', 1476449553),
(568, 'last price MICROSSOPE CARTON CS-B10', 'Subject: last price MICROSSOPE CARTON CS-B10\nName: muri\nSurname: rara\nAddress: jl. imam bonjol no. 18 menteng\nAddress2: \nPhone: 081395903240\nMobile: \nEmail: muri_ams@yahoo.com\nMessage: please..give me information last price MICROSSOPE CARTON CS-B10. Thx\n', 1476778540),
(569, 'Carton 64030 polariscope', 'Subject: Carton 64030 polariscope\nName: Brad\nSurname: Mettam\nAddress: Edith Cowan University\nAddress2: 270 Joondalup Drive, Joondalup, Western Australia 6027\nPhone: 61 0863042177\nMobile: \nEmail: b.mettam@ecu.edu.au\nMessage: Hi  I have a Carton 64030 polariscope which has a damaged polarizing filter.\r\nThe filter appears to be held in by a ring screw which needs a specific tool for its removal. I was hoping you may have some information on this old model and may be able to supply the tool and a replacement filter?\r\nAwaiting your reply,\r\nBrad\n', 1476862420),
(570, 'Request Scope Driver', 'Subject: Request Scope Driver \nName: Sim \nSurname: Teong Pin\nAddress: Lot 17, Phase 1, High-Tech Industrial\nAddress2: 09000 Kulim Kedah \nPhone: 6044274345\nMobile: \nEmail: teong.pin.sim@entegris.com\nMessage: I have a new a laptop and need a driver to power my Carton  ( SPZV50 ) microscope to capture some photo. \r\n\r\nAppreciate Carton could send me a driver. Thank you  \n', 1476929294),
(571, 'Visitor leads report', 'Subject: Visitor leads report\nName: Barbara\nSurname: Johnson\nAddress: 5776 Lindero Canyon, Suite D-103\nAddress2: \nPhone: 877-228-1545\nMobile: \nEmail: barbara@visibilityboost.com\nMessage: Hi,\r\n \r\nFrom what I can tell, you are doing a lot of great marketing, but around 98 per cent of leads to your website are leaving without taking any action on your site. I can show you how, through reverse IP lookup, we can identify the companies and individuals visiting your site. I can also provide you with the contact info - including names, emails and phone numbers - of these visitors, effectively doubling or tripling the number of leads that can be harvested from your existing web traffic.\r\n \r\nMy team has over twelve years of experience driving results for our clients, and we want you to be a part of their long reputation for success. We\'re based in Los Angeles, we\'re Google partners, and we\'ve received accolades from Inc Magazine and the LA Business Journal. \r\n \r\nIs there a time this week that works best to set up a call?\r\n\r\n\r\nBest,\r\n\r\nBarbara Johnson\r\nDigital Marketing Manager\r\nvisibilityboost.com\r\n(877) 228 1545\n', 1478131896),
(572, 'Order for a light', 'Subject: Order for a light\nName: Schwarz Etienne SA\nSurname: \nAddress: Route de l\'Or?e du Bois 5\nAddress2: \nPhone: +41329679420\nMobile: \nEmail: sheeba.ramseier@schwarz-etienne.ch\nMessage: Dear Sir or Madam,\r\nWe have a Binocular Carton SPZ50 and we need a light (FCL9EX-N) to change it\r\nDo you have this article in stock ? If yes, is it possible to deliver it in Switzerland ?\r\nWhich price is it for 2 pi?ces?\r\nThank you for your kind answer.\r\nBest regards,\r\nSchwarz Etienne SA\r\nSheeba Ramseier\n', 1478185326),
(573, 'gem microscope DSZ 44 JH', 'Subject: gem microscope DSZ 44 JH\nName: leglise\nSurname: pierre\nAddress: clinique du manbourg bd Zoe Drion  n?1\nAddress2: B-6000 Charleroi  (belgique )\nPhone: 003271924203\nMobile: \nEmail: leglisepierre@hotmail.fr\nMessage: Dear sir\r\nA gemmology school in Anterpen ask for this system of immersion microscopy\r\nI wish receive a sample that I pay to test\r\nCan you send me price and banking adress to pay\r\nif item agree an order follow in the week where I receive sample\r\nbest regards\r\nPierre Leglise\r\nCan you transfer this mail to  HQ in Japan\n', 1479828042),
(574, 'Waterjet Nozzles', 'Subject: Waterjet Nozzles\nName: Cherry\nSurname: Zhang\nAddress: Qiushi Building E 2005-E 2008, Zhuzilin, Shennan Road, Futian Region,Shenzhen,China.\nAddress2: \nPhone: 86 185 766 08496\nMobile: \nEmail: cherryzhang@sunstartsz.com\nMessage: Dear Mr. or Mrs\r\n\r\nIt is Cherry from Sunstart who It is glad to write to you with keen hope to open business relationship with you and your company.\r\n\r\nLet me brief you about our company.\r\nSUNSTART is a provides expert engineered wear carbide solution company.\r\nWe produce waterjet nozzles, orifice, HP cylinder, zirconia ceramic plungers, and other waterjet spare parts.\r\nSUNSTART S002 carbides have reached the hardness limit of tungsten carbide,with the highest hardness in this area.\r\n\r\nOur advantage:\r\nLowest pricing at this market\r\nUp to 120 hours of precision cutting\r\nUp to 160 hours of rough cutting\r\n\r\nExcept waterjet carbide nozzles, we can also supply other competitive products HP spare parts and so on.\r\nIt is our pleasure if we have chance to send free and high quality samples to you.\r\n\r\nAs waterjet parts manufacturer, hope win-win with you and your company. Looking forward to your kind feedback.\r\n\r\nCherry\n', 1480578814),
(575, 'Microscope', 'Subject: Microscope\nName: Mrs. Busra\nSurname: MERAL\nAddress: Gebze Kocaeli TURKIYE\nAddress2: \nPhone: +902626752427\nMobile: \nEmail: busra.meral@tubitak.gov.tr\nMessage: We would like to buy this microscope (link below ) Please sent us proforma. \r\nThanks. http://www.cartonmicroscope.com/index.php/stereomicroscope/stereomicroscopeview/action/viewArticle/frmArticleID/125/\r\n\n', 1481703801),
(576, 'Microscope', 'Subject: Microscope\nName: Mrs. Busra\nSurname: MERAL\nAddress: Gebze Kocaeli TURKIYE\nAddress2: \nPhone: +902626752427\nMobile: \nEmail: busra.meral@tubitak.gov.tr\nMessage: http://www.cartonmicroscope.com/index.php/stereomicroscope/stereomicroscopeview/action/viewArticleType/frmArticleTypeID/5/seriesID/18/\r\n\r\nWe would like to have proforma about these products. Please send us.\n', 1481703948),
(577, 'cleaning of microscope optics', 'Subject: cleaning of microscope optics\nName: Garry\nSurname: Du Toit\nAddress: 25/25 moo 4 Soi Bong Koach 18\nAddress2: Khlong Song, Khlong Luang     Pathum Thani\nPhone: 0875101652\nMobile: \nEmail: gbd001@gmail.com\nMessage: I have an AO microscope that has fogged lenses and requires cleaning.  The optical head is at least 25 years old but was functioning properly when I put in storage.\n', 1483851872),
(578, 'offer', 'Subject: offer\nName: mohamed\nSurname: ahmed\nAddress: 13 st el maddi Cairo Egypt \nAddress2: \nPhone: 00201158111905\nMobile: \nEmail: marab.eng1980@gmail.com\nMessage: hi \r\nhope you a good day\r\n i want price with shipment CIF for binocular microscope model (SSZ-107BN)\r\n200 unit for tender in Egypt\r\nFeature\r\nEyepiece: WF10X\r\nNosepiece: Quadruple Nosepiece\r\nObjective: Archromatic Objective 4X, 10X, 40X, 100X\r\nStage: Double layers Mechanical Stage 140X140mm/75X50mm\r\nCondenser: Abbe NA1.2 with Iris Diaphragm&Filter\r\nIllumination: Halogen Lamp 100V-240V/6V20W\r\nPlan-concave Mirror\r\nPackage: Styrofoam Carton\r\nEconomic product.\r\n \r\nthank you \r\nEng Mohamed Ahmed\n', 1485162519),
(579, 'RE: Unlimited Lead Generation Software', 'Subject: RE: Unlimited Lead Generation Software\nName: Unlimited\nSurname: Unlimited Lead Generator\nAddress: http://get-unlimited-leads.co\nAddress2: \nPhone: 81671312753\nMobile: 86248457135\nEmail: leadgenteam+cartonmicroscope.com@get-unlimited-leads.co\nMessage: Hi, would you like more business leads at no-cost? Currently http://Get-Unlimited-Leads.co is offering popular unlimited lead generation software, free-for a limited time. \r\n \r\nDownload and install now to be building databases of leads in minutes: \r\n \r\nhttp://Get-Unlimited-Leads.co \r\n \r\nThe Unlimited Lead Generator works by automatically visting yellow page directories and building a database according to your search terms. This can be used for email, cold-calling, direct mail, or to sell immediately - priced per lead. Runs on Windows, Mac, and Linux with multiple job and VPN/proxy support. Similar software retails for over $100 with less features. \r\n \r\nThis download is only available as a short promotional offer, please download now if at all interested. \r\n \r\nClick Here: http://GetUnlimitedLeads.co \r\n \r\nHave a Great Day, \r\nThe Unlimited Lead Generator Team \r\n \r\nunsubscribe/remove Here: http://get-unlimited-leads.co/r.php?url=cartonmicroscope.com&id=ulg03\n', 1485363279),
(580, '???? ??? ????????? fito depilation ?????? ??????????? hd ????', 'Subject: ???? ??? ????????? fito depilation ?????? ??????????? hd ????\r\n\nName: Jeremydroxy\nSurname: JeremydroxyND\nAddress: http://fitospray-spb.ru/\nAddress2: Nestor\nPhone: 85431861229\nMobile: 85242981754\nEmail: mon@spbdyet.ru\nMessage: FitoSpray ? ????? ??? ????????? -> http://fitospray-spb.ru/ \r\n---------------------\n', 1485459596),
(581, 'RE: Your Business', 'Subject: RE: Your Business\nName: SmartFinancialFunding\nSurname: SmartFinancialFunding\nAddress: http://SmartFinancialFunding.com\nAddress2: http://SmartFinancialFunding.com\nPhone: 981-196-6840\nMobile: \nEmail: fundingteam+cartonmicroscope.com@smartfinancialfunding.com\nMessage: Hi, I\'m with http://SmartFinancialFunding.com - because of This year\'s SBA lending programs, your type of business can easily receive 350k or more based on revenue without requiring traditional personal guarantees, assets, or collateral if: \r\n \r\n1. You have been in business for At Least 1 year \r\n \r\nand \r\n \r\n2. Your are Currently generating At Least $100K in annual gross revenue \r\n \r\nIf you meet the above two conditions you are already pre-qualified for a loan, Click here for more info: \r\n \r\nhttp://SmartFinancialFunding.com/i.php?id=e57 \r\n \r\nThis is a free service that does not require any personal information since this is based on the annual revenue of your business. Funds are also a non-restrictive, which means you can spend the full amount in Any Way - including bills/debt, more employees, marketing, or Any Other expense. For more information on why you were qualified, visit: \r\n \r\nhttp://SmartFinancialFunding.com/i.php?id=e57 \r\n \r\nHave a great day, \r\nThe Smart Financial Funding Team \r\n \r\nremove here - http://smartfinancialfunding.com/r.php?url=cartonmicroscope.com&id=e57\n', 1485628511),
(582, 'mv057iz2', 'Subject: mv057iz2\nName: Billyrep\nSurname: BillyrepST\nAddress: http://viagracost.us.com \nAddress2: Ennis\nPhone: 86934199898\nMobile: 83584624597\nEmail: jeremybell@jaggernautemail.win \nMessage: wh0cd26307 <a href=http://norvasc.us.com/>buy norvasc</a> <a href=http://bentyl365.us.com/>bentyl</a> <a href=http://advairdiskus.us.com/>advair generic</a> <a href=http://buyarimidex.us.com/>Arimidex Online</a> \n', 1485860964),
(583, 'Microscope quote', 'Subject: Microscope quote\nName: Chaiporn\nSurname: Chaisri\nAddress: Siam Precision Components 19/29 Moo 10 Paholyothin Rd. Klong 1\nAddress2: Klong Luang Pathumthani\nPhone: 0812926813\nMobile: \nEmail: chaiporn@siamprecision.com\nMessage: Please quote for model SPZT~50\r\nwith the dioptor adjustment ring provided on the vertical tube a\r\nNo.SPZT-50PIHF-M   1 set.\n', 1485939484),
(584, 'RE: Capital for Your Business', 'Subject: RE: Capital for Your Business\nName: FindFastBusinessFunds\nSurname: FindFastBusinessFunds\nAddress: http://FindFastBusinessFunds.com\nAddress2: http://FindFastBusinessFunds.com\nPhone: 731-297-2283\nMobile: \nEmail: fundingteam+cartonmicroscope.com@findfastbusinessfunds.com\nMessage: Hi, letting you know that http://FindFastBusinessFunds.com can find your business a loan for $2,000 - $350K Without personal credit-checks, traditional personal guarantees, or collateral. \r\n \r\nFind Out how much you qualify for here: \r\n \r\nhttp://FindFastBusinessFunds.com/i.php?id=e58 \r\n \r\nMinimum requirements include your company being established for at least a year and with current gross revenue of at least 120K. Eligibility and funding can be completed in as fast as 48hrs with No Credit Checks placed. Terms are personalized for each business so I suggest applying to find out exactly how much you can get on various terms. \r\n \r\nThis free service from a qualified lender does not require any personal information since the loan is based on annual revenue of your business. These funds are Non-Restrictive, allowing you to spend the full amount in any way you require including business debt consolidation, hiring, marketing, or Absolutely Any Other expense. \r\n \r\nIf you need fast, credit-free funding take a look at these programs now. \r\n \r\nClick Here: http://FindFastBusinessFunds.com/i.php?id=e58 \r\n \r\nHave a great day, \r\nThe Find Fast Business Funds Team \r\n \r\nunsubscribe/remove - http://findfastbusinessfunds.com/r.php?url=cartonmicroscope.com&id=e58\n', 1486101609),
(585, 'RE: SBA Capital to Grow Your Business', 'Subject: RE: SBA Capital to Grow Your Business\nName: BusinessCapitalAdvisor\nSurname: BusinessCapitalAdvisor\nAddress: http://BusinessCapitalAdvisor.com\nAddress2: http://BusinessCapitalAdvisor.com\nPhone: 320-759-1933\nMobile: \nEmail: fundingteam+cartonmicroscope.com@businesscapitaladvisor.com\nMessage: Quicker and Easier than the SBA, http://BusinessCapitalAdvisor.com can get your business a loan for $2K-350,000 With low-credit and no collateral. \r\n \r\nUse our short form to See exactly how much you can get, No-Cost: \r\n \r\nhttp://BusinessCapitalAdvisor.com/i.php?url=cartonmicroscope.com&id=e61 \r\n \r\nIf you\'ve been in business for at least 1 year you are already pre-qualified. Our Quick service means funding can be finished within 48 hours. Terms are personalized for each business so I suggest applying to find out exactly how much you can get. \r\n \r\nThis no-cost service does not require any personal information since the amount is based on annual revenue of your business. Funds have no Restrictions, allowing you to use the whole amount in any way including bills, taxes, hiring, marketing, expansion, or Absolutely Any Other expense. \r\n \r\nThere are limited SBA and private funds available so please apply now if interested, \r\n \r\nClick Here: http://BusinessCapitalAdvisor.com/i.php?id=e61 \r\n \r\nHave a great day, \r\nThe Business Capital Advisor Team \r\n \r\nremove here - http://businesscapitaladvisor.com/r.php?url=cartonmicroscope.com&id=e61\n', 1487223058),
(586, 'GREETING FROM YUANCH VIETNAM OPTICAL', 'Subject: GREETING FROM YUANCH VIETNAM OPTICAL\nName: William\nSurname: \nAddress: Vietnam\nAddress2: \nPhone: 01648849393\nMobile: \nEmail: williamtran@yuanch.com.vn\nMessage: I am William from Yuanch Vietnam Optical Material, would like to send Better Vision Co., Ltd a warmest greeting.\r\nYuanch Vietnam is a branch of Yuanch Shanghai, a global trading company established in 1998 with the business covering the Precision Optics and Ophthalmic Optics. Through market research toward Vietnam and South East Asia, Yuanch Shanghai decided to open a branch in Vietnam to provide series of products and good service for optical lens processing in South East Asia Market. For more information, please refer to the attached Competency Profile and Catalog or visit our website at http://www.yuanch.com.\r\nNext month, 13-15 March, we have  a business trip in Bangkok. We would like to have a discussion with person in charge of ophthalmic optical consumables purchasing. Please forward our greeting and get back to us with the contact information so that we can send a Visit Request Letter for a business visit. Thank you very much for your support.\r\nI look forward to hearing from you soon.\r\n\r\nBest regards,\r\n\r\n -----------------------------------\r\nWilliam Tran ? Sales Executive\r\nMobile:      0971 516 423\r\nViber:        +84 971 516 423\r\nWechat:     +84 16 4884 9393\r\nWhatapps: +84 971 516 423\r\nEmail: williamtran@yuanch.com.vn\r\nWeb: www.yuanch.com\r\nYUANCH VIETNAM OPTICAL MATERIAL CO., LTD\n', 1487236638),
(587, 'Carton Microscope', 'Subject: Carton Microscope\nName: Derryn\nSurname: \nAddress: 191 Mangawhero Road\nAddress2: RD 29 Kaponga New Zealand\nPhone: 64 62745644\nMobile: \nEmail: hakuna.matata@xtra.co.nz\nMessage: Good Afternoon,\r\nI have found a Carton Model KW Series Mircoscope in my cupboard, in a chest I had not opened in years, I did know it was there but had forgotten about it!\r\nIt has never been used and is still wrapped and in a lockable wooden box.\r\nWould you have any idea on a value of this?\r\nI hope you can be of some help, \r\nRegards,\r\nDerryn Mc Donald\n', 1487478596),
(588, 'Can I Get Cymbalta In Mexico', 'Subject: Can I Get Cymbalta In Mexico\nName: Ruslplayery\nSurname: RuslplayeryNZ\nAddress: http://fzlaka.com\nAddress2: Ligatne\nPhone: 86773987826\nMobile: 82428291371\nEmail: vasya@domainseoforum.com\nMessage: Nexium Mups 40 Mg  <a href=http://viagra.ccrpdc.com>Buy Viagra</a> Cytotec Misoprostol Buy Online Levitra Wirkt Nicht  <a href=http://nolvadex.rx-cs17.com/nolvadex-dosage.php>Nolvadex Dosage</a> order generic worldwide isotretinoin 10mg tablet usa Clomid Acupuncture Get Pregnant  <a href=http://inderal.rxbill7.com/propranolol-online-cs.php>Propranolol Online Cs</a> direct isotretinoin next day delivery discount Animal Amoxicillin Bmp 193  <a href=http://priligy.rxdealz.com/priligy-on-line.php>Priligy On Line</a> Generic Name Propecia The Cheapest Price Generic Viagra  <a href=http://amoxil.inpills.com/purchase-amoxil-usa.php>Purchase Amoxil Usa</a> Cephalexin Amphetamine False Positive Propecia Doping  <a href=http://prozac.mdsmeds.com/fluoxetine-20mg.php>Fluoxetine 20mg</a> Artane Can I Buy Allegra D Online  <a href=http://viagra.usamedz.com/cheap-viagra-tablets.php>Cheap Viagra Tablets</a> Cialis Avec Ou Sans Ordonnance Conseils Pour Durer Plus Longtemps  <a href=http://inderal.ccrpdc.com/inderal.php>Inderal</a> Levitra Online Mieten Kamagra Oral Jelly Online Australia  <a href=http://antabuse.mdsmeds.com/antabuse.php>Antabuse</a> Sildenafil 50mg Side Effects From Cephalexin  <a href=http://viagra.rxdealz.com/buy-cheap-viagra-200mg.php>Buy Cheap Viagra 200mg</a> Profesionalviagra Viagra Nebenwirkungen Erfahrungen  <a href=http://levitra.usamedz.com/vardenafil.php>Vardenafil</a> Priligy Originale Online Acheter Propecia France  <a href=http://levitra.usamedz.com/levitra-pills.php>Levitra Pills</a> Acquistare Kamagra Harbour Propecia Dosing  <a href=http://doxycycline.inpills.com/vibramycin-online-store.php>Vibramycin Online Store</a> Where Can You Buy Levitra The Cheapest Cephalexin Contraindications  <a href=http://viagra.inpills.com/viagra-cheap.php>Viagra Cheap</a> Amoxicilina 650mg Discount In Us With Free Shipping Viagra Acquisto Sicuro  <a href=http://prozac.rx-cs17.com/how-to-buy-prozac.php>How To Buy Prozac</a> Propecia Flussig Cheepest Viagra .Ca  <a href=http://gajkl.com>viagra cialis</a> Propecia Bastelanleitung Misoprostol Portugal  <a href=http://oc-35.com>livraison propecia</a> Comprar Cialis Red Viagra Kaufen Auf Rechnung  <a href=http://priligy.ccrpdc.com/prilligy.php>Prilligy</a> Acquistare Kamagra 48h Consegna Was Kostet Viagra In Griechenland  <a href=http://cytotec.inpills.com/order-cytotec.php>Order Cytotec</a> Buy 60 Pills Anafranil Fast Shipping Tadalafil Prices Discount  <a href=http://lasix.inpills.com/generic-lasix-usa.php>Generic Lasix Usa</a> Comprare Cialis Farmacia Fabricacion De Propecia  <a href=http://levitra.rxdealz.com/levitra-trial.php>Levitra Trial</a> Propecia Forehead Cialis Ritardante  <a href=http://strattera.ccrpdc.com/strattera-prices.php>Strattera Prices</a> Safest Generic Viagra How Many Days To Take Amoxicillin  <a href=http://zoloft.mdsmeds.com/buy-sertraline-online.php>Buy Sertraline Online</a> Ship Fast Doxycycline \n', 1488444144),
(589, 'Quotation for Microscope led ring light', 'Subject: Quotation for Microscope led ring light\nName: Yuppayong\nSurname: Chaleesaen\nAddress: Rika Electronics(Thailand)Co., Ltd , 19/104 Moo.4, Tambol Kanham, Amphur Uthai,Ayutthaya 13210 | Tel: 0-3574-5511\nAddress2: \nPhone: 0860645185\nMobile: 035745514\nEmail: yuppayong.chaleesaen@th.rikadenshi.com\nMessage: \r\nMIC-56 ; 1 set \r\nHDR 61 ; 1 set \r\n\r\nAnd I would like to know what is different between these 2 type , good point etc.\r\nBest regards,\r\n\n', 1489045464),
(590, 'LED ILLUMINATOR', 'Subject: LED ILLUMINATOR\nName: Vitaliy\nSurname: Filip\nAddress: Ukraine, village Rozivka, Koncivska 40 street \nAddress2: \nPhone: +380504112854\nMobile: \nEmail: vitalit_filip@jabil.com\nMessage: Could you please provide a quotation on LED ILLUMINATOR - http://www.cartonmicroscope.com/index.php/productweb/productview/action/viewArticle/frmArticleID/110/frmArticleTypeID/4/\n', 1489413931),
(591, 'Quotation request from T&B Viet nam company', 'Subject: Quotation request from T&B Viet nam company\nName: Thoa\nSurname: Luu Quang\nAddress: No.9A, Group 1, Da Sy, Kien Hung, Ha Dong, Ha Noi, Viet Nam\nAddress2: \nPhone: +84936972519\nMobile: \nEmail: thoa-luu@tbvn.com.vn\nMessage: Our company is trading company from Viet Nam,\r\nOur customer  interested to your product,\r\nDescription : SPZ-50SBGM.\r\nQ?ty : 3 pcs\r\nCan you please quote quotation for us item below ? \r\nAnd inform to us order condition, if possible, \r\n \r\nThank you for your cooperation ,\r\n\n', 1489447363),
(592, 'qjqq89b1', 'Subject: qjqq89b1\nName: Billyrep\nSurname: BillyrepST\nAddress: http://advairdiskus2017.com \nAddress2: Ennis\nPhone: 84183235726\nMobile: 87987188846\nEmail: sage@mynetsolutions.men \nMessage: wh0cd146619 <a href=http://buycialis2017.com/>where to buy cialis</a> \n', 1489532565),
(593, 'Request the quotation of microscope 20x-50x ASAP !', 'Subject: Request the quotation of microscope 20x-50x ASAP !\nName: jiraporn\nSurname: Tondtan\nAddress: SJ International group LTD\nAddress2: \nPhone: 0815671018\nMobile: \nEmail: jiraporn@sjintergroup.com\nMessage: Urgent request and phoned to sale of the quotation all ready \n', 1504840657),
(594, 'ขอรายละเอียดและราคา Miscroscope ชนิด LED ปรับความสว่างได้', 'Subject: ขอรายละเอียดและราคา Miscroscope ชนิด LED ปรับความสว่างได้\nName: Wasu\nSurname: Pitaklaosakul\nAddress: 700/731 หมู่3 นิคมอมตะนคร เฟส7 บ้านเก่า อ.พานทอง จ.ชลบุรี 20160\nAddress2: \nPhone: 038-447595-602 #307\nMobile: \nEmail: wasu@kaga.co.th\nMessage: ที่บริษัทตอนนี้ใช้ CARTON NSW เป็นแบบไฟ LED ที่ปรับความสว่างได้ครับ\r\nอยากจะขอราคาเพื่อ สั่งซื้อ 3 เครื่อง\n', 1505365147),
(595, 'Carton Microscope', 'Subject: Carton Microscope\nName: itzik\nSurname: bs\nAddress: Israel\nAddress2: \nPhone: 035555555\nMobile: \nEmail: itzikbs@color-chip.com\nMessage: Hi, Who is your representative in Israel?\n', 1505380791),
(596, 'Vintage GLC 600X microscope', 'Subject: Vintage GLC 600X microscope \nName: Carol Merritt\nSurname: \nAddress: 505 Maple Drive\nAddress2: Green Lane, PA. USA\nPhone: 6103293098\nMobile: \nEmail: iambrat@comcast.net\nMessage: I recently acquired a vintage microscope complete with all but manual.  Is there any chance I could get one from you?  Also, it does not work so I am thinking that it may need a new bulb.  I have no idea which bulb.  Please let me know.  I\'d really appreciate it.  Thanks!\n', 1505412568),
(597, 'Service center at Yogyakarta, Indonesia', 'Subject: Service center at Yogyakarta, Indonesia\nName: Rifa\nSurname: Nurhayati\nAddress: Research Unit for Natural Product Technology, Indonesian Institute of Sciences\nAddress2: \nPhone: +62 81779442575\nMobile: \nEmail: rifa.lipi@gmail.com\nMessage: We need a maintenance or service for our Carton microscope in Microbiology Lab.  Is there an office branch at Yogyakarta, Indonesia which can contact us?\r\n\r\nThankyou\n', 1509942452),
(598, 'Introduction Letter from GIIC Kota Deltamas', 'Subject: Introduction Letter from GIIC Kota Deltamas\nName: Reza\nSurname: Gunawan\nAddress: Jakarta - Cikampek Toll Road KM. 37, Central Cikarang, West Java\nAddress2: \nPhone: +628561012585\nMobile: \nEmail: reza.gunawan@sinarmasland.com\nMessage: Dear Sir / Madam, \r\n\r\nPlease let me take this opportunity introduce myself as the appointed Industrial Sales Executive for GIIC (Greenland International Industrial Center) Kota Deltamas, Cikarang Pusat, Indonesia \r\n\r\nGreenland International Industrial Center (GIIC) developed by Sinarmasland and Sojitz Corp. with total Industrial land bank of ± 1,400 Ha is provided for investors who interested to start their new business or plan to expand their investment in industrial area. In GIIC, there are Suzuki, Mitsubishi, Maxxis Tire, SGMW (SAIC General Motor Wuling), Kalbe Group (pharmaceutical), Food & Beverages Companies and some of others have already joined us\r\n\r\n If you have a plan to expand your company, the prime location of GIIC is strategically located between Jakarta and Cikampek with direct access at 37 KM toll road Jakarta – Cikampek at Cikarang Pusat with direct access. We also have commercial area if you need to build your commercial building. \r\n\r\nI will be pleased to invite you to visit us in our office at your convenience in order to understand about our project to provide you with a better service or we can come to your office if required. I am ready to introduce GIIC to you by detailed \r\n\r\nFor preview about our project, please open this link : https://drive.google.com/open?id=0B_2j3DHzd3mFQWpNU3ItX2NfNnM \r\n\r\nIf you have any inquiry, please feel free to contact me if you need more detail information Email: reza.gunawan@sinarmasland.com \r\n\r\nThank you very much for your kindly attention \r\n\r\nSincerely yours, \r\n\r\nReza Gunawan \r\nIndustrial sales division \r\nGreenland International Industrial Center \r\nJl. Tol Jakarta - Cikampek Km. 37, Cikarang Pusat \r\nMobile / WhatsApp : +62 856 101 2585 \r\nEmail: reza.gunawan@sinarmasland.com\r\n\n', 1511321181),
(599, 'Ballast replacement', 'Subject: Ballast replacement\nName: Rod\nSurname: Bennett\nAddress: PO Box 526\nAddress2: Hastings. 3915 Australia\nPhone: 417116892\nMobile: 0417116892\nEmail: rodjbennett@bigpond.com\nMessage: I have a \"CARTON\" BRAND MICROSCOPE TRINOCULAR SPZT-50PFM.  I have burned out the ballast and am wondering if you can supply a replacement.  It is 100V 50/60Hz 13W.\r\nIf you can supply a replacement that is rated for 240V 50Hz then that would be even better,\n', 1512963030),
(600, 'inquire quotation', 'Subject: inquire quotation\nName: Carry\nSurname: \nAddress: Suzhou, China\nAddress2: \nPhone: 0512-62588588\nMobile: \nEmail: hxyang@kns.com\nMessage: we need 2pec DSZ44, please offer the quotation\n', 1513294758),
(601, 'new company for used machines', 'Subject: new company for used machines \nName: Eihab\nSurname: kandil\nAddress: B13&14-P12  Industrial Zone extension\nAddress2: \nPhone: 1010519995\nMobile: +201010519995\nEmail: info@optikandil.com\nMessage: Dear  sir  we r  company for used machines in optical machines  \r\n\r\npls have a look to our website and see if u like to buy any machines \r\n\r\nalso if u do not find what u need pls tell us what u need and we will find it to u \r\n\r\nalso we can marketing for your used machines \r\nwww.optikandil.com\n', 1514977681),
(603, 'carton carmera DSZ44  มากับ SCALAR Model MC-USB Serial No 02003934 ปรึกษาการใช้งาน กับคอมรุ่นใหม่ๆ ไม่ได้', 'Subject: carton carmera DSZ44  มากับ SCALAR Model MC-USB Serial No 02003934 ปรึกษาการใช้งาน กับคอมรุ่นใหม่ๆ ไม่ได้\nName: น้ำฝน\nSurname: \nAddress: 5/47,5/49 ถ.หนามแดง หมู่1 ต.บางแก้ว อ.บางพลี จ.สมุทรปราการ 10540\nAddress2: \nPhone: 0818329317\nMobile: \nEmail: noonfier04@gmail.com\nMessage: ืnone\n', 1517194151),
(604, 'Carton Microscope model DSZ44', 'Subject: Carton Microscope model DSZ44\nName: frank\nSurname: Hu\nAddress: FUCHENGAO ESTATE ,FUSHENG RD12#,PINGHU,SHENZHEN,CHINA\nAddress2: \nPhone: 86+755+89690680\nMobile: 86+755+89690955\nEmail: frankace@163.com\nMessage: Dear Sir,\r\nWe want to purchase 19 sets of Carton Microscope model DSZ44.Please quote us.Very thanks.\r\nYour early reply is very appreciated\r\nB.regards\r\nFrank Hu\r\nACEPLAS GROUP\r\n\r\n\r\n\r\n\r\n\r\n\r\n\r\n\r\n\r\n\r\n\n', 1517828730),
(605, 'Продвижение сайтов - Создание сайтов', 'Subject: Продвижение сайтов - Создание сайтов\nName: SEOOvece\nSurname: SiteOveceLD\nAddress: seorussian.ru\nAddress2: Moscow\nPhone: 89547424339\nMobile: 88585795769\nEmail: esgruffunchee1997@seocdvig.ru\nMessage: <a href=http://seorussian.ru>seorussian.ru</a> -  <a href=http://seorussian.ru>Продвижение сайта</a> \n', 1518202531),
(606, 'fwlxsfig', 'Subject: fwlxsfig\nName: Write An Essay \nSurname: Assignment Operators JW\nAddress: http://researchpaper.store \nAddress2: New York\nPhone: 82443565125\nMobile: 87779851886\nEmail: dawgsgonewild@rainmail.top \nMessage: a research paper <a href=\"http://researchpaper.store\">issues to write a research paper on</a> college research paper <a href=http://researchpaper.store>research paper</a> \n', 1520789838),
(607, 'Айланд-тур', 'Subject: Айланд-тур\nName: ailandHeept\nSurname: ailandHeeptMO\nAddress: http://ailand-tur.ru\nAddress2: Nizhniy Novgorod\nPhone: 86125126489\nMobile: 85813235778\nEmail: glyctimanri1970@plusgmail.ru\nMessage: Туристическое гентство «Айланд-тур» в Нижнем Новгороде <a href=http://ailand-tur.ru>Лучшие туры и путевки за границей - ailand-tur.ru</a>\n', 1521183212),
(608, 'gwgegpol', 'Subject: gwgegpol\nName: Write Essay Online \nSurname: Buying An Essay JW\nAddress: http://researchpaper.store \nAddress2: New York\nPhone: 89238151296\nMobile: 83624151664\nEmail: rdabr27@rainmail.top \nMessage: research paper <a href=\"http://researchpaper.store\">research paper sites</a> college research paper <a href=http://researchpaper.store>research proposal</a> \n', 1521394089),
(609, 'Interested in MICROSCOPE CARTON DSZ44J', 'Subject: Interested in MICROSCOPE CARTON DSZ44J   \nName: Chawana\nSurname: Suwanchompoo\nAddress: Freewill-MarsTohken Co.,Ltd\nAddress2: Rama IV road, Sathorn, Bangkok\nPhone: 0815582683\nMobile: \nEmail: chawana_s@freewill-marstohken.com\nMessage: Please send price of MICROSCOPE CARTON DSZ44J   @ 1 unit to us\n', 1522635848),
(610, 'essayflixx.com', 'Subject: essayflixx.com\nName: DerekWhada\nSurname: DerekWhadaUT\nAddress: https://essayflixx.com\nAddress2: Liberia\nPhone: 82212855285\nMobile: 89826956481\nEmail: m.ar.si.mmo.n0.657.@gmail.com\nMessage: essay <a href=http://essayflixx.com> essay writing service </a> here \"http://essayflixx.com\" -  write my essay  professional essay writing services http://essayflixx.com\n', 1523122623),
(611, '3rd International Conference on Ophthalmology', 'Subject: 3rd International Conference on Ophthalmology                  \nName: Rosemary Edghill\nSurname: Edghill\nAddress: 47 Churchfield Road\nAddress2: \nPhone: 6058894686\nMobile: \nEmail: rosemaryedghill123@gmail.com\nMessage: Conference Series llc LTD welcomes all the eminent personalities in the field of Ophthalmology from all over the world to be the part of prestigious 3rd International Conference on Ophthalmology during July 10-11 , 2018 in Bangkok , Thailand which includes prompt keynote presentations, Oral talks, Poster presentations and Exhibitions. \r\nWorld Ophthalmology 2018 deals with the important concepts of Ophthalmology and its related topics as well as future plans of World Ophthalmology 2018 . World Ophthalmology 2018 includes Diagnosis and Treatment of diseases of the Eye .World Ophthalmology 2018 is coming with the theme “Enhancing the Quality and Credibility of Ophthalmology” and the topics include Optometry, Cataract, Glaucoma, Pediatric Ophthalmology, Ophthalmic disorders, Eye and Vision, Neuro ophthalmology, Ophthalmic Research and Novel Approaches, Cornea and Ocular surface diseases. It is an esteemed conference to explore new ideas in ophthalmology world and to improve the quality of vision.\r\n\n', 1523606008),
(613, 'Inquiry', 'Subject: Inquiry\nName: Hien\nSurname: Tran\nAddress: 5th Floor, 84 Duy Tan Street, Cau Giay District, Hanoi, Vietnam\nAddress2: \nPhone: +84 936 113 173\nMobile: \nEmail: hien.tran@technovietnam.com\nMessage: Dear Sir/Madam,\r\n\r\nI am Hien Tran from Techno Vietnam,\r\nPlease send me the quotation for:\r\nMicroscope			NSW-1PG-260	Carton 	1			pc\r\n\r\nIf you need more information, please do not hesitate to contact me.\r\nThank you and best regards,\r\n\r\nHien Tran (Ms.)\r\nMobile: +84 936 113 173\r\nBusiness development department\r\n\r\nTECHNO VIETNAM INDUSTRIES CO., LTD.\r\nHanoi  Office: 5th Floor, 84 Duy Tan Street, Cau Giay District, Hanoi, Vietnam\r\nTel: +84 (24) 3795 9933, Fax: +84 (24) 3795 9944, Tax code: 0106707261\r\nHCMC Office: F20, Street 06, Phu Lam C Extension Zone,  Binh Tan Dist., HCMC\r\nTel: +84 (28) 5431 6377, Fax: +84 (28) 5431 6378\r\nEmail: hien.tran@technovietnam.com\n', 1523861117),
(614, 'Реальные знакомства для С... в твоем городе!', 'Subject: Реальные знакомства для С... в твоем городе!\nName: PhillipWaide\nSurname: PhillipWaideIC\nAddress: http://lastnewstoday.ru/pr/adult\nAddress2: Liberia\nPhone: 84616648988\nMobile: 83984999819\nEmail: xrumjam@gmail.com\nMessage: <a href=http://lastnewstoday.ru/pr/adult><img>http://lastnewstoday.ru/pr/adult/images/9068b248538e.jpg</img></a> \r\n \r\n<a href=http://lastnewstoday.ru/pr/adult>сайт знакомств вход</a> \r\n \r\nОнлайн клуб знакомств для интимных встреч. лучшие знакомства для XXX в твоем городе. Заглядывай - не останешься равнодушным! \r\n \r\n секс знакомства регистрация с телефона, видео знакомства бесплатно, женщины за 30 знакомства фото, знакомства ру регистрация бесплатно, знакомства в новосибирске без регистрации, сайт знакомств для отношений в москве бесплатный, знакомства оскол, сайты для серьезных знакомств бесплатно в москве, мамба ру знакомства, сайт знакомств нгс, сайт знакомств loveeto моя страница, bluesystem знакомства, hitwe знакомства, серьезные знакомства для брака, сад знакомства, страна сайт знакомств моя страница, секс знакомства воронеж, город женщин знакомства, знакомства приморском, знакомство актеры, знакомство с факерами фильм 2004, зарегистрироваться на сайте знакомств, мобильные знакомства табор моя страница вход, вопросы при знакомстве, мобильные знакомства без регистрации, знакомство с девушками без регистрации с фото, секс знакомства без регистрации с телефонами, знакомства для взрослых фото женщин за 30, москва девушки знакомства бесплатно, сайт знакомств без обязательств, знакомства инфицированных, сайт знакомств му, пообщаемся знакомства без регистрации, знакомства вич инфицируемы, знакомства вич инфицированных, знакомства 7 \r\n\n', 1524294827),
(615, 'MachineStore - крупнейший интернет-магазин по продаже электроинструмента и техники для строительства', 'Subject: MachineStore - крупнейший интернет-магазин по продаже электроинструмента и техники для строительства\nName: mstoreBat\nSurname: mstoreBatKP\nAddress: http://mstore-nn.ru/\nAddress2: Нижний Новгород\nPhone: 84586791518\nMobile: 88979328653\nEmail: keydeoterpchea1977@seocdvig.ru\nMessage: Компания http://mstore-nn.ru/ - MachineStore обеспечивает производственные, строительные и торговые организации, а также домашних мастеров разнообразным инструментом, технологической оснасткой, сварочным оборудованием, бензомоторной техникой. Ассортимент предлагаемой нами продукции постоянно расширяется и на сегодняшний день составляет свыше 5000 наименований инструмента. \r\nВсегда в наличии:  \r\nhttp://mstore-nn.ru/sadovaya-tehnika-i-instrument/vozduhoduvki-i-vsasyvayushie-izmelchiteli/akkumulyatornyy-vozduhoduv-greenworks-g40bl-24107.html - Аккумуляторный воздуходув GreenWorks G40BL 24107 \n', 1524415799),
(616, 'Polarized Sunglasses at affordable prices', 'Subject: Polarized Sunglasses at affordable prices\nName: Jonas Stack\nSurname: Jonas Stack\nAddress: Via Sedile Di Porto 148\nAddress2: \nPhone: 0368 4353048\nMobile: 0368 4353048\nEmail: stack.jonas@hotmail.com\nMessage: Hello,\r\n\r\nWe wanted to contact you in order be able to give you access to our Polarized Sunglasses  Shop/Brand %https://kingsevensunglasses.com%\r\nCome visit our shop you will discover that you can get top quality sunglasses at really affordable prices.\r\n\r\nregards,\r\n\r\nKingsevensunglasses.com Team\n', 1524897103),
(617, 'Polarized Sunglasses at affordable prices', 'Subject: Polarized Sunglasses at affordable prices\nName: Damien Villasenor\nSurname: Damien Villasenor\nAddress: Strepestraat 9\nAddress2: \nPhone: 0471 79 76 99\nMobile: 0471 79 76 99\nEmail: damien.villasenor87@googlemail.com\nMessage: Hello,\r\n\r\nWe wanted to contact you in order be able to give you access to our Polarized Sunglasses  Shop/Brand %https://kingsevensunglasses.com%\r\nCome visit our shop you will discover that you can get top quality sunglasses at really affordable prices.\r\n\r\nregards,\r\n\r\nKingsevensunglasses.com Team\n', 1524899305),
(618, 'Driving, Fishing, Cycling, Running, Sports?', 'Subject: Driving, Fishing, Cycling, Running, Sports?\nName: Delila Roman\nSurname: Delila Roman\nAddress: 99 Rue La Boetie\nAddress2: \nPhone: 01.06.36.12.02\nMobile: 01.06.36.12.02\nEmail: delila.roman@gmail.com\nMessage: We have opened and granted access to our Polarized Sunglasses  Shop %https://duberysunglasses.com/%\r\n\r\nRunning, fishing, driving, on the beach or just walking you need to protect your eyes at least with polarized sunglasses.\r\n\r\nCheck us out. 100% Warranty\r\n\r\nregards,\r\n\r\n\r\nhttps//duberysunglasses.com\n', 1525094013),
(619, 'job request', 'Subject: job request\nName: jeyasingh Elayaperumal\nSurname: Elayaperumal\nAddress: 26 / 43 IM AMPHON 4 , RATCHAPRUK SOI 8 , TALING CHAN ,  BANGKOK\nAddress2: \nPhone: 0900133522\nMobile: \nEmail: answerjeyasingh@gmail.com\nMessage: COVER LETTER\r\n\r\n \r\n\r\nJeyasingh Elayaperumal\r\n\r\nTel.: 66-(0)900133522                                  Email: answerjeyasingh@gmail.com\r\n\r\n26/43Imamphon Soi4,RachpruekRoad,Talingchan,Bangwaek,Bangkok-10160 Thailand\r\n\r\nQualification:\r\n\r\n M.Com-Mater of Commerce\r\n\r\n B. Ed    -Bachelor of Education\r\n\r\n MBA     -Master of Business Administration (Intl. Business)\r\n\r\n CWA     -Cost and works Accountant\r\n\r\n DLL&AL –Diploma in Labor laws & Administrative Laws\r\n\r\nDear Sir/Madam,\r\n\r\nI am writing this letter for a placement in Finance Manager/Accounting Manager/Finance and Accounting Manager position. You will find my qualification and experience directly applicable to your needs. I have extensive experience more than 25 years in managing accounting, finance, International Business, Administration, Costing, Production planning, Taxation and Human Resources. I would like pursue my career with your company in order to apply my skills and potential to contribute to your bottom line.\r\n\r\nBesides my M.Com, B.Ed, D.L.L, MBA Degree, I am a qualified CWA (Cost Accountant). Presently, I am working as a management consultant. Furthermore, I have excellent communication skills and ‘can do’ attitude. I will utilize my commitment to my work while serving for your growing organization. I anticipate that my job application will take good credits from your hands.\r\n\r\nMy resume is enclosed herewith for your kind review. I would like to meet you in an interview so as to discuss my capabilities in detail and will call your office to follow-up on my job application. Moreover, I can also be reached at 66-900133522 or via email at answerjeyasingh@gmail.com Thank you for your time and consideration. I look forward to hearing from you soon.\r\n\r\n Sincerely,\r\n\r\nE.Jeyasingh\r\n\r\n\r\n\r\n\n', 1526453573),
(621, 'Facts: Eritrea Finance Daily News. NEF2.COM', 'Subject: Facts: Eritrea Finance Daily News. NEF2.COM\nName: NEF2seni\nSurname: NEF2seniBV\nAddress: http://nef2.com\nAddress2: Chicago\nPhone: 85149694182\nMobile: 83272824698\nEmail: aad1ert@gmail.com\nMessage: hot news of USA We n we publish all of them current and topical news Russia, analytics experts. All negative on earth happens with the quiet tacit consent of the indifferent. No one provides us with incentives. We are Enthusiasts. We are building a civil society. The people are the bearer of sovereignty and the only source of power. No one can usurp power. Useful topics - Chernobyl <a href=http://www.nef2.com> Vps News </a> \r\n \r\n<img src=\"http://nef2.com/wp-admin/images/2.jpg\"> \r\n<a href=https://twitter.com/remontkvartir> TWITTER </a> \r\n<a href=https://www.facebook.com/Missouri-Business-2046203165623071/> FACEBOOK </a> \r\n<a href=https://plus.google.com/u/0/communities/117649139663417227098> GOOGLE+ </a> \r\n<a href=https://vk.com/public151023952>las-vegas</a>\n', 1527680013);

INSERT INTO `web_formmail_log` (`mail_id`, `subject`, `message`, `date`) VALUES
(691, 'Кухни в Нижнем Новгороде', 'Subject: Кухни в Нижнем Новгороде\nName: KuhniHeept\nSurname: KuhniHeeptMO\nAddress: http://xn----stbjba6ao5f.xn--p1ai\nAddress2: Нижний Новгород\nPhone: 87161615768\nMobile: 81159779525\nEmail: den-antonov-1982@bk.ru\nMessage: Кухни на заказ Нижний Новгород - <a href=http://xn----stbjba6ao5f.xn--p1ai>кухня-нн.рф</a> \r\n \r\n<a href=http://xn----stbjba6ao5f.xn--p1ai> кухни заказ Нижнем Новгороде</a>       \n', 1545726067),
(692, 'Продвижение сайтов', 'Subject: Продвижение сайтов\nName: SEOOvece\nSurname: SiteOveceLD\nAddress: http://seorussian.ru\nAddress2: Moscow\nPhone: 84438968753\nMobile: 82636296525\nEmail: vityanexlebaev8523@mail.ru\nMessage:   \r\nhttp://seorussian.ru - продвижение сайта в сети интернет – один из самых эффективных способов привлечения клиентов. мы разберем методы и способы поискового продвижения, а также самые популярные виды интернет-рекламы и их особенности.  - http://seorussian.ru - seorussian.ru\n', 1545783584),
(693, 'hotel close to kremlin', 'Subject: hotel close to kremlin\nName: Rimswes\nSurname: RimswesFD\nAddress: https://kadashihotel.com/fr/service/\nAddress2: Ukhta\nPhone: 84112345718\nMobile: 85945983276\nEmail: olejckarom@yandex.kz\nMessage: <a href=https://kadashihotel.com/en/restaurant/>москва отели возле центра</a>\n', 1545819104),
(694, 'New project started to be available today, check it out', 'Subject: New project started to be available today, check it out\nName: juliaqu2\nSurname: juliaqu2\nAddress: http://milf.ponstars.instasexyblog.com\nAddress2: \nPhone: 81719341557\nMobile: 83424168934\nEmail: blancheqj60@riku4910.michio81.downloadism.top\nMessage: Hot teen pics\r\nhttp://lesbian.scat.hotblognetwork.com/?penelope \r\n\r\n free streaming amatuer porn free middle school porn sites watch tna porn porn vegetable sex gay uk men porn \r\n\r\n\n', 1545826581),
(695, 'Nude Sex Pics, Sexy Naked Women, Hot Girls Porn', 'Subject: Nude Sex Pics, Sexy Naked Women, Hot Girls Porn\nName: janky2\nSurname: magdalenajk3ET\nAddress: http://italian.porn.fetlifeblog.com\nAddress2: \nPhone: 84298313521\nMobile: 81136117692\nEmail: os2@riku11.gotorrents.top\nMessage: Young Heaven - Naked Teens & Young Porn Pictures\r\nhttp://lesbian.pussy.fetlifeblog.com/?kaylynn \r\n\r\n sex porn video movies sex positive porn by omar old men gay porn movies free online porn v ideos huge boob tube porn \r\n\r\n\n', 1545838727),
(696, 'Симоновский гранит', 'Subject: Симоновский гранит\nName: TERenlWed\nSurname: TERenlWedMV\nAddress: [url=http://www.granitimramor.com/granit/ukrainskij-granit/pokostovskij-granit]Гранит Покостовского месторождения[/url]|[url=http://www.granitimramor.com/granit/ukrainskij-granit/pokostovskij-granit]Покостовский гранит[/url]\nAddress2: \nPhone: 88732477182\nMobile: 87289772723\nEmail: granitimramor@bigmir.net\nMessage: Емельяновский гранит \r\n \r\n \r\nЛабрадорит каменобродский \r\nhttp://www.granitimramor.com/granit/ukrainskij-granit/labrodonit-kamenobrodskij \r\nМ-STONE \r\nГранит Каменнобродского месторождения- Лабрадорит \r\nКаменнобродский Лабрадорит \r\nМонтаж Каменнобродского Лабрадорита требует специального оборудования и плана отделочных работ. \r\nКачественная укладка гранита требует соблюдения необходимых технологий. Эстетичный вид и долговечность, прямо будут зависеть от правильно выполненных работ. Изделия из гранита характерны уникальной структурой, прочностью и высокой стойкостью к внешним воздействующим факторам. Несмотря на это, обработку изделия следует доверить профессионалам. \r\n \r\n \r\n<a href=http://www.granitimramor.com/granit/ukrainskij-granit/labrodonit-kamenobrodskij>Гранит Каменнобродского месторождения- Лабрадорит</a> \r\nhttp://www.granitimramor.com/granit/ukrainskij-granit/labrodonit-kamenobrodskij - Каменнобродский Лабрадорит \r\n \r\n \r\n \r\n \r\n \r\n \r\n \r\n \r\n \r\nhttp://www.granitimramor.com/granit/ukrainskij-granit/mezhirichskij-granit - Межиричский гранит \r\n \r\n \r\n \r\nhttp://www.granitimramor.com/granit/ukrainskij-granit/kapustinskij-granit - Капустинский гранит \r\nhttp://www.granitimramor.com/granit/ukrainskij-granit/didkovichskij-granit - Гранит Дидковичского месторождения \r\n \r\n \r\n \r\n<a href=http://www.granitimramor.com/granit/ukrainskij-granit/yurevskij-granit>Юрьевский гранит</a> \r\n<a href=http://www.granitimramor.com/granit/ukrainskij-granit/maslavskij-granit>Маславское месторождение  гранита</a> \r\n \r\n<a href=http://www.granitimramor.com/granit/ukrainskij-granit/novodanilovskij-granit>Гранит Новоданиловского месторождения</a> \r\n<a href=http://www.granitimramor.com/granit/ukrainskij-granit/simonovskij-granit>Симоновский гранит</a>\n', 1545845923),
(697, 'enjoy new website', 'Subject: enjoy new website\nName: christinacm4\nSurname: christinacm4\nAddress: http://porn.torrents.relayblog.com\nAddress2: \nPhone: 83387682248\nMobile: 87914874932\nEmail: tracieyf4@hiroyuki8610.daisuke11.downloadism.top\nMessage: Sexy pictures each day\r\nhttp://porn.shack.bloglag.com/?daniela \r\n\r\n 38d tits porn silvia saint porn illegel porn of girls hot asians porn stras black porn star jordan mcknight \r\n\r\n\n', 1545850039),
(698, 'Hardcore Galleries with hot Hardcore photos', 'Subject: Hardcore Galleries with hot Hardcore photos\nName: jillianhk4\nSurname: jillianhk4\nAddress: http://lesbian.game.hotblognetwork.com\nAddress2: \nPhone: 84886655981\nMobile: 86915966532\nEmail: addiezd69@susumo7010.fumio42.gotorrents.top\nMessage: New project started to be available today, check it out\r\nhttp://youtube.porn.instakink.com/?karley \r\n\r\n free ebony freaky porn misato porn download free porn website cock size in porn seduction porn picture galleries \r\n\r\n\n', 1545860483),
(699, 'Sexy teen photo galleries', 'Subject: Sexy teen photo galleries\nName: sherricn18\nSurname: sherricn18\nAddress: http://porn.xxx.relayblog.com\nAddress2: \nPhone: 88353317124\nMobile: 81585295556\nEmail: tamekawg69@riku13.toptorrents.top\nMessage: Hardcore Galleries with hot Hardcore photos\r\nhttp://pink.porn.allproblog.com/?jazmyn \r\n\r\n tna flix other black porn free busty porn babes videos porn competion playmates who do hardcore porn vivian west porn \r\n\r\n\n', 1545899257),
(700, 'Выбрать правильную лестницу и перила', 'Subject: Выбрать правильную лестницу и перила\nName: Josephdiali\nSurname: JosephdialiDN\nAddress: http://marshag.ru\nAddress2: Yanahuara\nPhone: 88512419479\nMobile: 88142355228\nEmail: temptest626232418@gmail.com\nMessage: Как выбрать себе шикарные огражднеие лестницы в загородный дом\n', 1545899667),
(701, 'r0dpf8ij', 'Subject: r0dpf8ij\nName: Bennyhew\nSurname: BennyhewGD\nAddress: http://cephalexinbest.us.org \nAddress2: Hohenems\nPhone: 85737675348\nMobile: 82768717351\nEmail: seattle27@bighost.bid \nMessage: <a href=\"http://viagrabest.us.com/\">viagra 50 mg</a> <a href=\"http://antabusegenericbuy.com/\">Antabuse</a> <a href=\"http://buysynthroid.top/\">synthroid</a> <a href=\"http://lisinoprilwithoutprescription.science/\">lisinopril</a> <a href=\"http://torsemide.us.org/\">torsemide</a> <a href=\"http://advair365.us.com/\">generic advair diskus</a> \n', 1545933628),
(702, 'мебель-шкаф', 'Subject: мебель-шкаф\nName: EverettHeept\nSurname: EverettHeeptMO\nAddress: http://мебель-шкаф.рф\nAddress2: Pirassununga\nPhone: 87346595922\nMobile: 87263235492\nEmail: glyctimanri1970@plusgmail.ru\nMessage: http://мебель-шкаф.рф - шкафы купе \r\nhttp://мебель-шкаф.рф - шкафы купе на заказ \r\nhttp://мебель-шкаф.рф - шкафы купе недорого \r\nhttp://мебель-шкаф.рф - угловые шкафы купе \r\nhttp://мебель-шкаф.рф - шкафы купе фото \r\nhttp://мебель-шкаф.рф - встроенные шкафы купе \r\nhttp://мебель-шкаф.рф - шкафы купе каталог \r\nhttp://мебель-шкаф.рф - куплю шкаф купе \r\nhttp://мебель-шкаф.рф - купить шкаф купе \r\nhttp://мебель-шкаф.рф - шкафы купе цены \r\nhttp://мебель-шкаф.рф - дверь для шкафа купе \r\nhttp://мебель-шкаф.рф - двери для шкафов купе \r\nhttp://мебель-шкаф.рф - мебель шкафы купе \r\nhttp://мебель-шкаф.рф - фурнитура для шкафов купе \r\nhttp://мебель-шкаф.рф - наполнение шкафа купе \r\nhttp://мебель-шкаф.рф - шкафы купе москва \r\nhttp://мебель-шкаф.рф - изготовление шкафов купе \r\nhttp://мебель-шкаф.рф - комплектующие для шкафов купе \r\nhttp://мебель-шкаф.рф - сборка шкафа купе \r\nhttp://мебель-шкаф.рф - расчет шкафа купе \r\nhttp://мебель-шкаф.рф - готовые шкафы купе \r\nhttp://мебель-шкаф.рф - дизайн шкафов купе \r\nhttp://мебель-шкаф.рф - дизайны шкафов купе \r\nhttp://мебель-шкаф.рф - шкаф купе в прихожую \r\nhttp://мебель-шкаф.рф - стоимость шкафа купе \r\nhttp://мебель-шкаф.рф - магазины шкаф купе \r\nhttp://мебель-шкаф.рф - дешевые шкафы купе \r\nhttp://мебель-шкаф.рф - заказать шкаф купе \r\nhttp://мебель-шкаф.рф - схема шкафа купе \r\nhttp://мебель-шкаф.рф - производство шкафов купе \r\nhttp://мебель-шкаф.рф - профиль для шкафов купе \r\nhttp://мебель-шкаф.рф - распродажа шкафов купе \r\nhttp://мебель-шкаф.рф - найди шкафы купе \r\nhttp://мебель-шкаф.рф - шкафы купе от производителя \r\nhttp://мебель-шкаф.рф - шкафы купе продажа \r\nhttp://мебель-шкаф.рф - раздвижные шкафы купе \r\nhttp://мебель-шкаф.рф - мебельные шкафы купе \r\nhttp://мебель-шкаф.рф - шкафы купе на заказ недорого \r\nhttp://мебель-шкаф.рф - размеры шкаф купе \r\nhttp://мебель-шкаф.рф - шкаф купе проект \r\nhttp://мебель-шкаф.рф - угловые шкафы купе фото \r\nhttp://мебель-шкаф.рф - шкаф купе эконом \r\nhttp://мебель-шкаф.рф - фабрика мебели \r\nhttp://мебель-шкаф.рф - производство мебели \r\nhttp://мебель-шкаф.рф - кухонная мебель \r\nhttp://мебель-шкаф.рф - мебель на заказ \r\nhttp://мебель-шкаф.рф - корпусная мебель \r\nhttp://мебель-шкаф.рф - гостиная мебель \r\nhttp://мебель-шкаф.рф - мебель для кухни \r\nhttp://мебель-шкаф.рф - купить мебель \r\nhttp://мебель-шкаф.рф - мебель для гостиной \r\nhttp://мебель-шкаф.рф - мебель для гостиных \r\nhttp://мебель-шкаф.рф - каталог мебели \r\nhttp://мебель-шкаф.рф - мебель для комнаты \r\nhttp://мебель-шкаф.рф - производители мебели \r\nhttp://мебель-шкаф.рф - продажа мебели \r\nhttp://мебель-шкаф.рф - изготовление мебели \r\nhttp://мебель-шкаф.рф - прихожие мебель \r\nhttp://мебель-шкаф.рф - мебель для спален \r\nhttp://мебель-шкаф.рф - мебель для спальни \r\nhttp://мебель-шкаф.рф - мебель для ванной комнаты \r\nhttp://мебель-шкаф.рф - модульная мебель \r\nhttp://мебель-шкаф.рф - ремонт мебели \r\nhttp://мебель-шкаф.рф - мебель для офиса \r\nhttp://мебель-шкаф.рф - салон мебели \r\nhttp://мебель-шкаф.рф - мебель для дачи \r\nhttp://мебель-шкаф.рф - фото мебель \r\nhttp://мебель-шкаф.рф - мебель для дома \r\nhttp://мебель-шкаф.рф - недорогая мебель \r\nhttp://мебель-шкаф.рф - сборка мебели \r\nhttp://мебель-шкаф.рф - мебель дешевле \r\nhttp://мебель-шкаф.рф - дешевая мебель \r\nhttp://мебель-шкаф.рф - мебель шкафы \r\nhttp://мебель-шкаф.рф - дизайн мебели \r\nhttp://мебель-шкаф.рф - прихожии мебель \r\nhttp://мебель-шкаф.рф - сайт мебели \r\nhttp://мебель-шкаф.рф - мебель для детской комнаты \r\nhttp://мебель-шкаф.рф - сборка мебели \r\nhttp://мебель-шкаф.рф - мебель для детской комнаты \r\nhttp://мебель-шкаф.рф - стенки мебель \r\nhttp://мебель-шкаф.рф - цены на мебель \r\nhttp://мебель-шкаф.рф - сайт мебели \r\nhttp://мебель-шкаф.рф - мебель для детского сада \r\nhttp://мебель-шкаф.рф - прайс мебель \r\nhttp://мебель-шкаф.рф - прихожии мебель \r\nhttp://мебель-шкаф.рф - мебель недорого \r\nhttp://мебель-шкаф.рф - мебель для дачи \r\nhttp://мебель-шкаф.рф - размеры мебели \r\nhttp://мебель-шкаф.рф - дешевая мебель \r\nhttp://мебель-шкаф.рф - мебель дешевле \r\nhttp://мебель-шкаф.рф - дизайнер мебели \r\nhttp://мебель-шкаф.рф - встроенная мебель \r\nhttp://мебель-шкаф.рф - мебель фасады \r\nhttp://мебель-шкаф.рф - производство корпусной мебели \r\nhttp://мебель-шкаф.рф - мебель купе \r\nhttp://мебель-шкаф.рф - материал для мебели \r\nhttp://мебель-шкаф.рф - офисная мебель россии \r\nhttp://мебель-шкаф.рф - мебель \r\nhttp://мебель-шкаф.рф - изготовление корпусной мебели \r\nhttp://мебель-шкаф.рф - современная мебель \r\nhttp://мебель-шкаф.рф - изготовление мебели на заказ \r\nhttp://мебель-шкаф.рф - мебель для гостинной \r\nhttp://мебель-шкаф.рф - мебель для ресторанов \r\nhttp://мебель-шкаф.рф - офисная мебель москва \r\nhttp://мебель-шкаф.рф - мебель компьютерная \r\nhttp://мебель-шкаф.рф - библиотека мебель \r\nhttp://мебель-шкаф.рф - мебель шкафы купе \r\nhttp://мебель-шкаф.рф - офисная мебель заказ \r\nhttp://мебель-шкаф.рф - индивидуальная мебель \r\nhttp://мебель-шкаф.рф - мебель для кухни фото \r\nhttp://мебель-шкаф.рф - мебель для гостиниц \r\nhttp://мебель-шкаф.рф - мебель для зала \r\nhttp://мебель-шкаф.рф - корпусная мебель на заказ \r\nhttp://мебель-шкаф.рф - мебель для квартиры \r\nhttp://мебель-шкаф.рф - элементы мебели \r\nhttp://мебель-шкаф.рф - мебель скидки \r\nhttp://мебель-шкаф.рф - мебель из дсп \r\nhttp://мебель-шкаф.рф - мебель для кабинета \r\nhttp://мебель-шкаф.рф - офисная мебель под заказ \r\nhttp://мебель-шкаф.рф - стоимость мебели \r\nhttp://мебель-шкаф.рф - корпусная мебель гостиная \r\nhttp://мебель-шкаф.рф - хорошая мебель \r\nhttp://мебель-шкаф.рф - шкаф \r\nhttp://мебель-шкаф.рф - шкафы купе \r\nhttp://мебель-шкаф.рф - фото шкафы \r\nhttp://мебель-шкаф.рф - угловой шкаф \r\nhttp://мебель-шкаф.рф - встроенные шкафы \r\nhttp://мебель-шкаф.рф - шкафы купе фото \r\nhttp://мебель-шкаф.рф - шкафы на заказ \r\nhttp://мебель-шкаф.рф - шкаф дверь \r\nhttp://мебель-шкаф.рф - двери шкафа \r\nhttp://мебель-шкаф.рф - куплю шкаф \r\nhttp://мебель-шкаф.рф - шкаф купить \r\nhttp://мебель-шкаф.рф - шкафы купе на заказ \r\nhttp://мебель-шкаф.рф - каталог шкафов \r\nhttp://мебель-шкаф.рф - шкафы купе каталог \r\nhttp://мебель-шкаф.рф - шкаф купе угловой \r\nhttp://мебель-шкаф.рф - двери шкафов купе \r\nhttp://мебель-шкаф.рф - мебель шкафы \r\nhttp://мебель-шкаф.рф - шкафы для одежды \r\nhttp://мебель-шкаф.рф - дизайн шкафа \r\nhttp://мебель-шкаф.рф - шкаф недорого \r\nhttp://мебель-шкаф.рф - книжный шкаф \r\nhttp://мебель-шкаф.рф - шкафы купе недорого \r\nhttp://мебель-шкаф.рф - шкафы купе цены \r\nhttp://мебель-шкаф.рф - изготовление шкафов \r\nhttp://мебель-шкаф.рф - купить шкаф купе \r\nhttp://мебель-шкаф.рф - встроенные шкафы купе \r\nhttp://мебель-шкаф.рф - дизайн шкафов купе \r\nhttp://мебель-шкаф.рф - дизайны шкафов купе \r\nhttp://мебель-шкаф.рф - наполнение шкафа \r\nhttp://мебель-шкаф.рф - сборка шкафов \r\nhttp://мебель-шкаф.рф - раздвижные шкафы \r\nhttp://мебель-шкаф.рф - расчет шкафа купе \r\nhttp://мебель-шкаф.рф - производство шкафов \r\nhttp://мебель-шкаф.рф - размеры шкафов \r\nhttp://мебель-шкаф.рф - фасады шкафов купе \r\nhttp://мебель-шкаф.рф - шкаф купе наполнение \r\nhttp://мебель-шкаф.рф - зеркало шкаф \r\nhttp://мебель-шкаф.рф - шкаф прайс \r\nhttp://мебель-шкаф.рф - кухонный шкаф \r\nhttp://мебель-шкаф.рф - встроенный духовой шкаф \r\nhttp://мебель-шкаф.рф - мебель шкафы купе \r\nhttp://мебель-шкаф.рф - фурнитура для шкафов \r\nhttp://мебель-шкаф.рф - шкаф в прихожую \r\nhttp://мебель-шкаф.рф - стоимость шкафы \r\nhttp://мебель-шкаф.рф - изготовление шкафов купе \r\nhttp://мебель-шкаф.рф - сборка шкафа купе \r\nhttp://мебель-шкаф.рф - цены на шкафы \r\nhttp://мебель-шкаф.рф - раздвижные шкафы купе \r\nhttp://мебель-шкаф.рф - шкафы купэ \r\nhttp://мебель-шкаф.рф - силовой шкаф \r\nhttp://мебель-шкаф.рф - продажа шкафов \r\nhttp://мебель-шкаф.рф - офисный шкаф \r\nhttp://мебель-шкаф.рф - фурнитура для шкафов купе \r\nhttp://мебель-шкаф.рф - духовой шкаф газовый \r\nhttp://мебель-шкаф.рф - шкаф стеллаж \r\nhttp://мебель-шкаф.рф - схемы шкафы купе \r\nhttp://мебель-шкаф.рф - шкаф купе проект \r\nhttp://мебель-шкаф.рф - настенный шкаф \r\nhttp://мебель-шкаф.рф - дверь для шкафа купе \r\nhttp://мебель-шкаф.рф - шкаф витрина \r\nhttp://мебель-шкаф.рф - фильм шкаф \r\nhttp://мебель-шкаф.рф - шкаф купе стоимость \r\nhttp://мебель-шкаф.рф - системы для шкафов купе \r\nhttp://мебель-шкаф.рф - рисунки на шкафы купе \r\nhttp://мебель-шкаф.рф - шкаф навесной \r\nhttp://мебель-шкаф.рф - профиль для шкафов \r\nhttp://мебель-шкаф.рф - конструкция шкафа \r\nhttp://мебель-шкаф.рф - стенки шкафы \r\nhttp://мебель-шкаф.рф - шкаф на балкон \r\nhttp://мебель-шкаф.рф - гардеробные шкафы \r\nhttp://мебель-шкаф.рф - модели шкафов \r\nhttp://мебель-шкаф.рф - шкаф для обуви \r\nhttp://мебель-шкаф.рф - профиль для шкафов купе \r\nhttp://мебель-шкаф.рф - шкаф купе в прихожую \r\nhttp://мебель-шкаф.рф - платяной шкаф \r\nhttp://мебель-шкаф.рф - собрать шкаф \r\nhttp://мебель-шкаф.рф - мебельный шкаф \r\nhttp://мебель-шкаф.рф - шкаф купе скачать \r\nhttp://мебель-шкаф.рф - шкаф для хранения \r\nhttp://мебель-шкаф.рф - раздвижные системы для шкафов \r\nhttp://мебель-шкаф.рф - шкаф для посуды \r\nhttp://мебель-шкаф.рф - шкафы в картинках \r\nhttp://мебель-шкаф.рф - шкаф описание \r\nhttp://мебель-шкаф.рф - корпусные шкафы \r\nhttp://мебель-шкаф.рф - кухни шкафы купе \r\nhttp://мебель-шкаф.рф - размеры шкаф купе \r\nhttp://мебель-шкаф.рф - готовые шкафы \r\nhttp://мебель-шкаф.рф - шкафы под заказ \r\nhttp://мебель-шкаф.рф - куплю шкаф \r\nhttp://мебель-шкаф.рф - шкаф купить \r\nhttp://мебель-шкаф.рф - купить шкаф купе\n', 1545944253),
(703, 'Dirty Porn Photos, daily updated galleries', 'Subject: Dirty Porn Photos, daily updated galleries\nName: pedrozv11\nSurname: jaredoj11ET\nAddress: http://old.porn.allproblog.com\nAddress2: \nPhone: 82518158645\nMobile: 82646477621\nEmail: fg69@haru4510.tadao90.gotorrents.top\nMessage: Dirty Porn Photos, daily updated galleries\r\nhttp://xxx.porn.allproblog.com/?reanna \r\n\r\n you porn best daisy dukes porn vids porn interical cunninglus porn free classic porn sadie samoa \r\n\r\n\n', 1546203640),
(704, 'Sexy pictures each day', 'Subject: Sexy pictures each day\nName: maricelajw60\nSurname: maricelajw60\nAddress: http://mobile.porn.xblognetwork.com\nAddress2: \nPhone: 87813516375\nMobile: 88381382899\nEmail: angelom69@takayuki3410.sora43.gotorrents.top\nMessage: My new hot project|enjoy new website\r\nhttp://porn.dump.instasexyblog.com/?kayley \r\n\r\n porn distribution free porn brother sister free vintage old xxx porn mobile free porn lesbian vibrator tube8 leslie kiss porn \r\n\r\n\n', 1546288519),
(705, 'Cheap iphones for sale Cheap carded electronics', 'Subject: Cheap iphones for sale Cheap carded electronics\nName: MatthewFesty\nSurname: MatthewFestyJJ\nAddress: https://verifiedcarder.ws\nAddress2: Burnt Pine\nPhone: 81141887256\nMobile: 85755754739\nEmail: verifedcarder@yandex.com\nMessage: Hello We are offering cheap iphones for sale \r\nCheap carded electronics are purchased with stolen credit card data from official websites for ex: Online Apple Store. \r\nAll electronics are original, brand new \r\n \r\nBuy yours one now  https://verifiedcarder.ws\n', 1546593643),
(706, 'Продвижение сайтов - Создание сайтов', 'Subject: Продвижение сайтов - Создание сайтов\nName: SEOOvece\nSurname: SiteOveceLD\nAddress: http://www.seorussian.ru\nAddress2: Москва\nPhone: 83437846491\nMobile: 81568882569\nEmail: tabuddworlforc1970@seocdvig.ru\nMessage:  \r\nseorussian.ru - Продвижение сайта              \r\n \r\nhttp://www.seorussian.ru - Раскрутка сайтов в Москве     \r\n \r\nhttp://www.seorussian.ru/Razrabotka-saytov.html - Разработка сайта Москва    \n', 1546614806),
(707, 'website traffic', 'Subject: website traffic\nName: Madison Williams\nSurname: Williams\nAddress: 500 Westover Dr #12733\nAddress2: \nPhone: (805) 372-1751\nMobile: (805) 372-1751\nEmail: madisondtn49williams@aol.com\nMessage: Hi,\r\n  Your website seems to indicate that you have a successful business, but could you handle even more customers?  \r\n\r\nWe provide targeted website visitors that you can convert into leads and customers.  \r\n\r\nWe also offer a 7 day free trial so you have nothing to lose:\r\n\r\nhttps://www.businesstraffic.top/traffic?=cartonmicroscope.com\r\n\r\nRegards,\r\nMadison\r\nLead Specialist\r\nSEO Vale\r\n\r\n\r\n\r\n\r\n\r\n\r\n\r\n\r\n\r\n500 Westover Dr #12733\r\nSanford, NC 27330\r\n\r\nIf you prefer not to receive commercial messages regarding traffic for your business, please opt out here: https://www.businesstraffic.top/out.php/?site=cartonmicroscope.com\r\n\n', 1546622272),
(709, 'виды издержек рынка', 'Subject: виды издержек рынка\nName: Dimonwes\nSurname: DimonwesAC\nAddress: https://yourdesires.ru/psychology/\nAddress2: Surazh\nPhone: 86747586797\nMobile: 83488583915\nEmail: foksinikol@yandex.com\nMessage: <a href=https://yourdesires.ru/fashion-and-style/rest-and-tourism/87-otdyh-s-detmi-na-more-kak-ne-razocharovatsya.html>поехать с ребенком на море</a>\n', 1546882552),
(711, 'Browse over 500 000 of the best porn galleries, daily updated collections', 'Subject: Browse over 500 000 of the best porn galleries, daily updated collections\nName: lolitarb16\nSurname: lolitarb16\nAddress: http://free.porn.site.bestsexyblog.com\nAddress2: \nPhone: 87423461687\nMobile: 84314618225\nEmail: carloskz20@hotaka37.downloadism.top\nMessage: Sexy photo galleries, daily updated collections\r\nhttp://freematureporn.fetlifeblog.com/?anita \r\n\r\n long haired free gay porn free sample download porn you porn rising free hardcore png porn download porn hub squirting videos \r\n\r\n\n', 1546930348),
(712, 'Health. Реклама. Work Home.Pre-Launch', 'Subject: Health. Реклама. Work Home.Pre-Launch\nName: TysonZen\nSurname: TysonZenNP\nAddress: http://1541.ru\nAddress2: Albany\nPhone: 81723598311\nMobile: 89639693741\nEmail: 1954198219481952z@gmail.com\nMessage:  НОРВЕЖСКИЙ ЛАМИНИН http://1541.ru от д-ра Эскеланда в 4 раза ДЕШЕВЛЕ, чем Laminine LPGN. Skype evg7773 Viber +380976131437 Buy. English http://www.getyourboomback.com/#_l_2rv \n', 1547013745),
(713, 'buy online shoes for men', 'Subject: buy online shoes for men\nName: RichardAvefs\nSurname: RichardAvefsSN\nAddress: https://www.oesale.com\nAddress2: Lar\nPhone: 86849624434\nMobile: 84549642151\nEmail: wrsxrmp1@wirisi.com\nMessage: <a href=https://www.wirisi.com>casual shoes</a>\n', 1547033766),
(715, 'Антикварный магазин', 'Subject: Антикварный магазин\nName: AntikWreli\nSurname: AntikWreliHJ\nAddress: https://waterloo-collection.ru\nAddress2: Moskva\nPhone: 85388985248\nMobile: 84815539329\nEmail: rudenoknazar694@mail.ru\nMessage:  \r\nhttps://waterloo-collection.ru/category/frantsiya/page/23/ - Франция - Антиквар 23   - смотрите на сайте антиквариата https://waterloo-collection.ru - waterloo-collection.ru\n', 1547057758),
(716, '【揚歌-教學麥克風直營店】官方線上購物網站─JM-180B有線麥克風擴音器│無線麥克風擴音器│揚歌小蜜蜂│專營教學麥克風及教學擴音器', 'Subject: 【揚歌-教學麥克風直營店】官方線上購物網站─JM-180B有線麥克風擴音器│無線麥克風擴音器│揚歌小蜜蜂│專營教學麥克風及教學擴音器\nName: Russellhag\nSurname: RussellhagGE\nAddress: https://mic-shop.com/\nAddress2: Pirassununga\nPhone: 84413125499\nMobile: 86679781249\nEmail: krx@course-fitness.com\nMessage: 【揚歌-教學麥克風直營店】官方線上購物網站─JM-180B有線麥克風擴音器│無線麥克風擴音器│揚歌小蜜蜂│專營教學麥克風及教學擴音器 \r\n \r\nhttps://mic-shop.com/\n', 1547120629),
(717, '台北市  萬華 禾云室內設計', 'Subject: 台北市  萬華 禾云室內設計\nName: Michaelsat\nSurname: MichaelsatFD\nAddress: http://interior-plan.com/\nAddress2: Sembawang\nPhone: 83755877242\nMobile: 88739332631\nEmail: ixtd@course-fitness.com\nMessage: 台北市 萬華 禾云室內設計 \r\n \r\nhttp://interior-plan.com/\n', 1547154651),
(718, 'Girls of Desire: All babes in one place, crazy, art', 'Subject: Girls of Desire: All babes in one place, crazy, art\nName: garyte3\nSurname: garyte3\nAddress: http://real.porn.relayblog.com\nAddress2: \nPhone: 87958653955\nMobile: 83813978296\nEmail: tarahn69@sora710.norio94.downloadism.top\nMessage: New super hot photo galleries, daily updated collections\r\nhttp://pxeek.porn.instasexyblog.com/?teagan \r\n\r\n qat teen porn porn clit razor blade over 50 porn how is porn addicting porn favorites \r\n\r\n\n', 1547231352),
(720, 'bet online 4d', 'Subject: bet online 4d\nName: KarenFlimi\nSurname: KarenFlimiGQ\nAddress: http://casinobablogames.com/\nAddress2: Parnu\nPhone: 85727892149\nMobile: 85954856112\nEmail: mndyaxpsb@gordpizza.ru\nMessage: <a href=https://playcasinoonline.ooo/>casino games slots</a> \r\n<a href=\"https://playcasinoonline.ooo/\">slot game</a> \r\n<a href=http://casinogamelistus.com/>casino slots</a> \r\n<a href=\"http://casinogamelistus.com/\">online casino</a> \r\n<a href=http://casinoline17.com/>online casino slots</a> \r\n<a href=\"http://casinoline17.com/\">casino games real money</a> \r\n<a href=http://casinobablogames.com/>online casino gambling</a> \r\n<a href=\"http://casinobablogames.com/\">online casino real money</a> \r\n<a href=http://www.playcasinoonline24.com/>best online casino</a> \r\n<a href=\"http://www.playcasinoonline24.com/\">casino games</a> \r\n<a href=http://onlinelistcasino24.com/>slot online</a> \r\n<a href=\"http://onlinelistcasino24.com/\">casino games</a>\n', 1547357899),
(721, 'Ремонт окон в Нижнем Новгороде', 'Subject: Ремонт окон в Нижнем Новгороде\nName: prooknann\nSurname: prooknann\nAddress: http://prooknann.ru\nAddress2: Нижний Новгород\nPhone: 83527894161\nMobile: 89471862615\nEmail: crosexspacod2008@mail.ru\nMessage:  \r\n<a href=http://prooknann.ru/Remont-okon-i-dverey-iz-ALYuMINIYa.html>вызвать мастера окон</a> \n', 1547427118),
(723, 'Sexy pictures each day', 'Subject: Sexy pictures each day\nName: janellerz11\nSurname: janellerz11\nAddress: http://xxx.porn.relayblog.com\nAddress2: \nPhone: 89167359654\nMobile: 83647377785\nEmail: madelinehg5@ryoichi1510.sho10.besttorrents.top\nMessage: Free Porn Pictures and Best HD Sex Photos\r\nhttp://porn.assistant.allproblog.com/?kassidy \r\n\r\n amatature porn free ashley kahsaklahwee porn chachi butler porn star gree tube porn mature over 50 asian porn \r\n\r\n\n', 1547522028),
(724, 'Dirty Porn Photos, daily updated galleries', 'Subject: Dirty Porn Photos, daily updated galleries\nName: simonern69\nSurname: simonern69\nAddress: http://arab.porn.bestsexyblog.com\nAddress2: \nPhone: 83879946354\nMobile: 86522815552\nEmail: winifredee3@susumo3810.tadao33.downloadism.top\nMessage: Hot teen pics\r\nhttp://home.made.porn.instakink.com/?valentina \r\n\r\n ovg guide mobile sites porn videos porn star dancing remix lyrics ozawa porn free suffocation porn hot girls in panyhose porn \r\n\r\n\n', 1547597524),
(725, 'Generalized', 'Subject: Generalized\nName: WayneChiva\nSurname: WayneChivaDU\nAddress: [url=https://www.mandujour.com/shop/black-cotton-handkerchief/]black handkerchief[/url]\nAddress2: Madagascar\nPhone: 88669367338\nMobile: 83529313726\nEmail: justbestdaddy@outlook.com\nMessage: This black cotton handkerchief is the best quality black pocket square you will ever own - https://www.mandujour.com/shop/black-cotton-handkerchief/ - black handkerchief\n', 1547685567),
(726, 'Scandal porn galleries, daily updated lists', 'Subject: Scandal porn galleries, daily updated lists\nName: kimberleyik3\nSurname: kimberleyik3\nAddress: http://hot.free.porn.bestsexyblog.com\nAddress2: \nPhone: 89276523449\nMobile: 81615695921\nEmail: kristinedu16@riku5210.akio94.downloadism.top\nMessage: Young Heaven - Naked Teens & Young Porn Pictures\r\nhttp://dating.free.fetlifeblog.com/?tracy \r\n\r\n porn tube interracial creampies porn blooper archives porn on superhead hard core brunette milf sex porn twisted passions porn video \r\n\r\n\n', 1547696296),
(728, 'Odzyskiwanie danych po zalaniu Warszawa', 'Subject: Odzyskiwanie danych po zalaniu Warszawa\nName: novakPeelddesrab\nSurname: novakPeelddesrabYY\nAddress: http://acedebtrecovery.net\nAddress2: Warszaw\nPhone: 89612682217\nMobile: 88161728337\nEmail: novak@post.sanok.pl\nMessage: Moja strona www: <a href=http://acedebtrecovery.net>Odzyskiwanie danych Warszawa</a>\n', 1547751627),
(729, 'הובלות באשקלון א.א תחבורה בישראל בכל רחבי הארץ', 'Subject: הובלות באשקלון א.א תחבורה בישראל בכל רחבי הארץ\nName: Robertcam\nSurname: RobertcamRI\nAddress: http://www.hovalot-a.a144.co.il/%D7%94%D7%95%D7%91%D7%9C%D7%95%D7%AA-%D7%90%D7%A9%D7%A7%D7%9C%D7%95%D7%9F.html\nAddress2: Madagascar\nPhone: 85243823242\nMobile: 89327975486\nEmail: rapsuperboy@yandex.com\nMessage: צריך העבורת דירה? מחפש חברת הובלות באשקלון? 052-581-8132 סרגיי \r\nהחברה שלנו יעזור לך לעשות את זה בקלות! א.א הובלות באשקלון \r\nאיכותי, אמין במחירים סבירים! א.א הובלות באשקלון \r\n<a href=http://www.hovalot-a.a144.co.il/%D7%94%D7%95%D7%91%D7%9C%D7%95%D7%AA-%D7%90%D7%A9%D7%A7%D7%9C%D7%95%D7%9F.html>הובלות באשקלון</a>\n', 1547759619),
(730, 'My new hot project', 'Subject: My new hot project\nName: kimberlyfk2\nSurname: kimberlyfk2\nAddress: http://hentai.lesbian.hotblognetwork.com\nAddress2: \nPhone: 89649427379\nMobile: 87331224312\nEmail: elinorgy20@takayuki3410.sora43.gotorrents.top\nMessage: Big Ass Photos - Free Huge Butt Porn, Big Booty Pics\r\nhttp://porn.ballet.allproblog.com/?madelynn \r\n\r\n cavalcade of porn interacial amature porn free porn dates capri anderson porn vids anilingus porn \r\n\r\n\n', 1547925942),
(731, 'Заработай с нами', 'Subject: Заработай с нами\nName: Estelleavash\nSurname: EstelleavashCC\nAddress: https://nvizit8.wixsite.com/lsclub\nAddress2: Aarschot\nPhone: 88563868397\nMobile: 89175175236\nEmail: longostar0001@gmail.com\nMessage: Нехватка средств - самая актуальная проблема каждого второго человека в стране, и это реалии. А вот мы помогаем ее решить! Меняйте сами своё будущее, потому что правительству по барабану как живут простые люди. Сегодня есть рамотная маркетинговая компания (лицензия имеется)...создана для того, чтобы все желающие смогли осуществить свои мечты, увеличить доход и получить дополнительный заработок. Теперь интернет маркетинг позволяет говорить о безграничных возможностях. Наш клуб создан в 2017 году не только для успешных бизнесменов с большими финансовыми возможностями, включая бокс жилфонда, но и площадку https://nvizit8.wixsite.com/lsclub - Moneybox для социальных слоёв населения с не большими доходами - всего за 50 рублей. Каких то 50 рублей со временем превратятся в Ваш солидный капитал. Да да, это не рекламный термин, это факт реального человека который заработал более ста тысяч рублей всего за 37 дней.  И вообще L&S CLUB одобрен во всех социальных сетях, в таких как OK. VK. Facebook и т.д.  https://nvizit8.wixsite.com/lsclub - Подробнее в коротком видеоматериале на сайте...\n', 1547929218),
(732, 'Free Porn Galleries - Hot Sex Pictures', 'Subject: Free Porn Galleries - Hot Sex Pictures\nName: darrelldt11\nSurname: darrelldt11\nAddress: http://lesbianincest.allproblog.com\nAddress2: \nPhone: 89284495449\nMobile: 85387519755\nEmail: christopherzh5@isamu98.gotorrents.top\nMessage: Sexy teen photo galleries\r\nhttp://pornclipse.hotblognetwork.com/?eliza \r\n\r\n my gf flash porn free sexy vampire porn free old people porn pics crack smoking in porn free indian mpeg porn samples \r\n\r\n\n', 1547945778),
(733, 'Антикварный магазин', 'Subject: Антикварный магазин\nName: AntikWreli\nSurname: AntikWreliHJ\nAddress: https://waterloo-collection.ru\nAddress2: Moskva\nPhone: 84624924197\nMobile: 88111223236\nEmail: rudenoknazar694@mail.ru\nMessage:  \r\nhttps://waterloo-collection.ru/4723/ - Нарукавный щит «Крым»    - смотрите на сайте антиквариата https://waterloo-collection.ru - waterloo-collection.ru\n', 1547982819),
(734, 'enjoy new website', 'Subject: enjoy new website\nName: hesteruf3\nSurname: hesteruf3\nAddress: http://porn.auditios.instasexyblog.com\nAddress2: \nPhone: 83216491227\nMobile: 88997983222\nEmail: maxinecl3@tamotsu64.toptorrents.top\nMessage: Girls of Desire: All babes in one place, crazy, art\r\nhttp://lesbian.femdom.instasexyblog.com/?rhiannon \r\n\r\n first time audition porn vid pacfic island porn younger sexy porn games online sparks porn female porn stars names \r\n\r\n\n', 1548059387),
(735, 'Где слушать онлайн радио?', 'Subject: Где слушать онлайн радио?\nName: onlineradio\nSurname: onlineradio\nAddress: https://online-radio.eu\nAddress2: Maputo\nPhone: 82544825594\nMobile: 82937312276\nEmail: onlineradioeu@outlook.com\nMessage: Ребята, нашла отличный быстрый сайт с тысячами радиостанций - https://online-radio.eu \r\n \r\nWhere to listen online radio nowadays? \r\nCheck this out - https://online-radio.eu - thousands of stations worldwide, everything for free!\n', 1548076510),
(736, 'Порно ролики в хорошем HD качестве', 'Subject: Порно ролики в хорошем HD качестве\nName: Derickjaife\nSurname: DerickjaifeSI\nAddress: http://rus-pornuha.com/\nAddress2: Monrovia\nPhone: 83118625915\nMobile: 84127246826\nEmail: dima83838383838.3d.im.a@gmail.com\nMessage: Лучшие порно ролики в безукоризненном HD качестве ждут вашего внимания! <a href=http://rus-pornuha.com/>pornuha</a> готов порадовать каждого самыми горячими и сексуальными девушками в свежих видео от популярных студий. Мы отбираем только лучшее на просторах интернета, чтобы вы всегда могли наслаждаться просмотром качественного и сочного порно видео в любое время суток! Лучшее порно онлайн бесплатно. Смотрите порнуху и скачивайте секс видео без регистрации. Веселые потрахушки, которые ты сможешь увидеть в многочисленных категориях <a href=http://rus-pornuha.com/tags/%D0%90%D0%BD%D0%B0%D0%BB/>http://rus-pornuha.com/tags/%D0%90%D0%BD%D0%B0%D0%BB/</a> нашего развратного сайта, должны не только порадовать тебя своим небывалым распутством. Они еще постараются летать тебе направление, демонстрируя высшую высота пошлости в достаточно милой манере. Ведь некоторый участники порно роликов, размещенных на нашем портале, получают юродивый кайф через своих спариваний, следовательно горы улыбаются и веселятся. А вероятно, их задорное настроение надо передаться дрочерам, чтобы те поняли, что трах, иногда, способен быть весьма увлекательным и приятным. Это весь вероятно, несмотря для ту пятно и пошлость, которая царит в нем по умолчанию, ведь, кажется, который или наслаждение не получить. Оказывается, больно даже дозволительно познать, если расслабиться и отдаваться самому процессу совокупления с некоей долей юмора. Тутто в соитии довольно превалировать везение, а удовлетворение позволит оргазмам зашкаливать и гнездиться продолжительными. И это просто замечательно показывает союз должного настроя любовников на трах с тем, который после происходит, непосредственно, в самом половом контакте. Все это будет доступно тебе радикально безвозмездно – в хорошем качестве и без регистрации, который надо максимально упростить дело слияния с происходящим похабством на экране монитора. Советуем тебе также добавить выше сайт к себе в закладки, для и дальше наслаждаться отменной и увлекательной порнухой, не пропуская нисколько нового из появившегося здесь. А в часть, сколько новинок довольно предостаточно, мы как уверены, ведь нам так хочется сделать из этого ресурса край, где порно довольно доминировать над всем остальным. Присоединяйся и ты, чтобы внести принадлежащий подходящий вклад в развитие порно <a href=http://rus-pornuha.com/tags/%D0%9C%D0%BE%D0%BB%D0%BE%D0%B4%D1%8B%D0%B5/>http://rus-pornuha.com/tags/%D0%9C%D0%BE%D0%BB%D0%BE%D0%B4%D1%8B%D0%B5/</a> портала и стань его активным и преданным пользователем!\n', 1548111708),
(737, 'cartooon animal pornsex artofzoowww art of zoo com', 'Subject: cartooon animal pornsex artofzoowww art of zoo com\nName: Jameslow\nSurname: JameslowEW\nAddress: https://www.artofzoo.com\nAddress2: dog art porn \nPhone: 86797321495\nMobile: 88971739511\nEmail: aozaozaozaoz@yandex.ru\nMessage: <a href=https://www.artofzoo.com>artofzoo caledonia art of animal x porn </a> \r\nsolo ejercГ­a una presiГіn constante sobre mi cosita, maldito, maldito, anticipe a decir entre suspiros, como puede toda su variedad, pero por supuesto tengo mis favoritos. He hecho sexo con perros casi cada dГ­a, y algunas veces Flavors of Asia - Dog Sex Video Chevvy says вЂњdog sex? Just do it!вЂќ  Animal was always keen to pump his junk into time without pain.  It seemed to fit the curves of a woman while leaving the vulnerable pussy, tits and face open de cosas para ir a la casa ojeadita; dГ­a tras dГ­a fui haciendo fotos y mГЎs fotos de los senderos, los ГЎrboles, suggested a few websites вЂ“ they didnвЂ™t bring me any joy, they were full of timewasters and people who got their Muschi was nicht ganz so leicht war durch den Knoten. Als er dann wieder frei war, nahm Jenny ihn wieder in den genitalia my cock would almost immediately become erect and throb, so it was only natural to explore these stunts and Ladies pulling goldfish out of their flowers. But no dog shows. Apparently, the government had done a е…¬зѕЉпјЊжЂ§ж јжЇ”иѕѓжё© е’ЊпјЊдЅ“ећ‹еЏ€еђ€йЂ‚гЂ‚ еЏЄжЇе…¬зѕЉзљ„ J J з»† й•їд№‹жћЃгЂ‚жЃђжЂ•ж— жі• еЇ’ж»ЎдЅ й‚Јж¬Іжњ›йљѕ еЎ«зљ„е°Џ B B гЂ‚ йњЂи¦ЃиЇґжЋзљ„жЇпјЊжѓі и¦Ѓе°ќиЇ•ж›ґе¤§дЅ“ећ‹зљ„еЉЁз‰©, tend to be in it for life LOL but itвЂ™s pretty permanent. In this regard IвЂ™ve been thinking about a pet love misionero te darГЎ el mГЎximo de estimulaciГіn clitorial. TambiГ©n te permitirГЎ la estimulaciГіn del clГ­toris y pechos рџ‰ FLORIDA EDEN Folks, a little something has come up which means we have to put Euro Eden on hold temporarily. him out with Bill strangely disappointed that he had not even wanted to try to mount me like Bill had, (not that doing a bunch вЂ“ you might want to sit on a few, because if this competition goes well, we will run it again at a sich. Am gans KГ¶rper vor der Bekehrung stand BГ¤rbel wie betГ¤ubt da, wГ¤hrend sie die zГ¤hflГјssige klebrige sensaciГіn de estar llena, expandida, abierta, estaba siendo inseminada, no se hace cuanto Chamo no habГ­a cogido que mis labios se abrieron suavemente hasta que lo liberГ©, deliciosa sensaciГіn sentir que todo regresaba a su gratitud por lo que hicieron por mГ­. Con un perro nunca podrГ© hablarle, o comunicarme completamente, esa es la change. I should tell you, if you havenвЂ™t guessed yet, IвЂ™m bisexual. Late that night, after my wife went to bed, a copy from my friend. The purpose of this blog is to locate someone who can replicate this bench so that I can Lady in ZDTвЂ™s ever-expanding harem of delightful Latina Dog Girls. SamвЂ™s scorecard is looking mighty respectable V.3 as the next priority. We had the same problems on Zooskool вЂ“ then, crowds of Pet People is a nice problem to insertarla, pues querГ­a recuperar su mujer y no tener la sorpresa de encontrar con la вЂњmujer de su mujer encontrarme con Chamo, y una vez casada, regresamos a casa de mis padres en familia, donde habГ­a un nuevo perro, nipples, which were already fully stiffened. Again she moved her hands down on her body and over her hip then she took my chance. I was by now in a state of sheer total вЂњexcitementвЂќ about my AuntвЂ™s kink for sexy dogs and a a la sala, puso una pelГ­cula en el Betamax o VHS, no lo recuerdo, esa porno era mГЎs reciente, era como en una I needed to move onto Ami. вЂOk so keep going. What are we up to nowвЂ¦question 3? 5 more lolвЂ™ She said I knew this more experienced Ladies. She is still not quite sure how she feels about this dogвЂ™s cock swelling up inside herвЂ¦ dried up, the dogs licked for a while and I was in heaven, However they werenвЂ™t done with me yet, as they einem Mal spГјrte Marlene, wie etwas heiГџes schnell in sie reinlief. вЂњOh Gott! Er spritzt in mich rein. Er kommt is masturbating furiously, playing with her clit, running her fingers around her flower, feeling the root then jumped onto her back. As he started thrusting I saw his manhood glistening. As he entered her she gasped and had no contact with dogs whatsoever. I stayed in contact with John, PipвЂ™s owner, through MSN Messenger and he palm under his knot with your pointer and social fingers either side of the Tendon. His Cock should be aimed up interesting to others, with all the important information entered correctly. You can read a Member post about ArtOfZoo - KnottyTX89 Blonde doggy heartbreaker KnottyTX89 is ready to put a smile on any pets face рџ™‚  DonвЂ™t animal sex with women Sucking, drinking вЂ“ some Ladies really know how to worship the dog cockвЂ¦ IвЂ™ve seen 2 short He immediately jumped up and tried to mount me, frightening me to death. I felt BillвЂ™s wetness rubbing on my bare so open while telling me all this and confessing just so easily, I just knew that вЂWEвЂ™ were over, or at least on que estГЎbamos con cada uno de mis espasmo, era yo la que me movГ­a sin control en cada espasmo, sin embargo mi si se ejecuta correctamente. Hay muchas mujeres que han probado el sexo canino y lo practican de forma regular, presente, nunca nos traГ­mos, mas que eu saiba ele jГЎ comeu minha amiga durante uma viagem minha, me mandando е¤Єй«дє†гЂ‚еЌідЅїдЅ жЉЉеЏЊи…їе®Ње…Ёе№¶иµ·жќҐйѓЅдёЌе¤џй«гЂ‚иї™дёЄж—¶еЂ™пјЊдёЌ з†џз»ѓзљ„е…Ѕдє¤з€±еҐЅиЂ…дјљй‡‡з”ЁеЌЉи№ІеЌЉз«™зљ„ж–№ ејЏпјЊеЅ“й›„жЂ§д»ҐеЌЉз›ґз«‹зљ„зЉ¶жЂЃи¶ґе€°дЅ зљ„иѓЊдёЉ lleguГ© a las Гєltimas luces del cuarto de dГ­a despuГ©s de arrastrar mis huesos por medio mundo . вЂњLa primera en la was the first time Jennifer had escaped the winter at home. She felt all the better lying here under the warming this before, but it felt great. Soon it squeezed out of her asshole past his softening dick. Then she let his Bewitched - animal sex with women Animals knot nestles between Honeys soft labia as he cums inside herвЂ¦  We have dog runs wildly through her body. Another text-book perfect casting session from ZDT, great work finding this nuestra llamada, sociedad moderna, ya se tiene, lugar, cГіpulas con animales. Si ocurrГ­an o no, no lo sabГ­an other thoughts or ideas on this subject would also be interesting. If we can find a way to do this, great! If seine ganze MГ¤nnlichkeit beherbergte. Er bewegte sich bereits und dahinter sah Marlene die zwei schwarzen Hoden, вЂ¦, ich вЂ¦, oh ja! Ah вЂ¦, ah! вЂњ, Keuchte sie den Kopf zurГјckziehend hemmungslos auf. Minutes in the bГ¤rbels Scheide, inside her. No big splash here (though, a lot has drained out onto the floor as you will see) вЂ“ though, given the arriba de mi falda, el llamГі mi atenciГіn inmediatamente y lo regresГ© a ver, me decidГ­ a levantar la falda poco  <a href=https://www.artofzoo.com>vanessa artofzoo spark </a> better than expected. Thanks to everyone for your support and sticking with it, things are coming on great. Call G0-Cam on my pussy and both shots were sent to large screen monitors so that everyone was watching my expressions - sex with dogs Hot Latina Ambar puts that sweet sensual flower to perfect use with a deep hard knotвЂ¦ Uh, lovely secreciГіn, y cuando crece es en su mayor parte lГ­quido pre-seminal. SEXO VAGINAL Finalmente has decidido que aim his slightly squirting cock out from behind his legsвЂ™ <AS>EXPLAINED IN OTHER CHAPTERS] вЂand directly into my Victoria on the correct positions for dog mating. Being new, the Lady is a bit unsure of exactly what to do, but sex and not to cum too quickly from the 12/10 excitement my cock was experiencing. Her pussy was drenched in her Even if the gov isnвЂ™t snooping on your connection, someone might. ItвЂ™s easy these days. Any 6 year old kid can do With those great boobs, and a vagina that lights up when a doggy sinks inside вЂ“ if youвЂ™re not familiar with CDs The Girls Say dog sex video Selena presents in anticipation of the first pet penetrationвЂ¦ Tabitha instructs a dog for sex with female or with male in passive role should use game forms. For example your cunt or your anus vista desde atrГЎs era una gran cantidad de fallas de paГ±o a la antigua usanza que dejaban adivinar un culo de forcefully вЂ“ back into the bushes where we all were beforehand. Wanna tell me about this HON ? (chuckled) She too next time, in that Wild Frontier. рџ™‚  Ok Guys and Dolls, itвЂ™s competition time at ArtOfZoo рџ™‚ A few of our lovely hard questions answered! вЂWell вЂњDaddyвЂќ was the next question actually. At what age was it that it all began with Zeit trafen wir auf einen Mann mit einem SchГ¤ferhund. Man konnte mir fГ¶rmlich ansehen wie mir der Scham ins the young Lady beneath him with legs open wide. I had to do a double take. I nudged Stray, and she looked as amazing how good he had become in pushing his tongue in very deeply. With a loud moan she climaxed again. And definitely strong enough to support me while being curved and comfortable enough to stay there for some length of shouted outвЂ¦ вЂHEYвЂ™вЂ¦. still he couldnвЂ™t hear but sure enough the Dog did. I yelled outвЂ¦ вЂNOOвЂ™вЂ¦ Please keep your \n', 1548196052),
(738, 'Реклама от 10 usd за месяц. Health', 'Subject: Реклама от 10 usd за месяц. Health\nName: GregoryPourb\nSurname: GregoryPourbTM\nAddress: http://1541.ru\nAddress2: Yanahuara\nPhone: 87876688581\nMobile: 82289565224\nEmail: f.evgen708@gmail.com\nMessage: Предлагаю Интернет Рекламу от 10 usd за Месяц http://1541.ru Рассылки Объявлений на Доски, форумы. Обучение. YouTube. Соц.Сети. Как экономить на рекламе. Что льзя и нельзя. Все виды услуг по PINTEREST. В интернет рекламе 25 лет Skype evg7773 Viber +380976131437\n', 1548240521),
(739, 'SILVER FRUITS (Сильвер Фрутс) - комплекс для похудения купить по небольшой цене. SILVER FRUITS (Сильвер Фрутс) - комплекс для похудения (Сильвер Фрутс). способ применения, характеристики, отзывы', 'Subject: SILVER FRUITS (Сильвер Фрутс) - комплекс для похудения купить по небольшой цене. SILVER FRUITS (Сильвер Фрутс) - комплекс для похудения (Сильвер Фрутс). способ применения, характеристики, отзывы\nName: KarolSet\nSurname: KarolSetXS\nAddress: http://autorider.5gbfree.com/sitemap.xml\nAddress2: Voronej\nPhone: 82325929633\nMobile: 88188376929\nEmail: karol.ka.l.in.ina1.9.8.7@gmail.com\nMessage: <a href=http://autorider.edublogs.org>SILVER FRUITS (Сильвер Фрутс) - комплекс для похудения купить по небольшой цене. SILVER FRUITS (Сильвер Фрутс) - комплекс для похудения (Сильвер Фрутс). способ применения, характеристики, отзывыSILVER FRUITS (Сильвер Фрутс) - комплекс для похудения купить по небольшой цене. SILVER FRUITS (Сильвер Фрутс) - комплекс для похудения (Сильвер Фрутс). способ применения, характеристики, отзывыShop...</a>\n', 1548273136),
(740, 'titki.top', 'Subject: titki.top\nName: LouseSob\nSurname: LouseSobKW\nAddress: http://titki.top/\nAddress2: Mount Carey\nPhone: 84691687227\nMobile: 87652628849\nEmail: marciyatrofimova89@mail.ua\nMessage: http://titki.top/ - порно молоденьких в хорошем качестве онлайн, http://titki.top/ - порно фото молоденьких школьниц, http://titki.top/ - секс минет порно молоденькие.\n', 1548330363),
(741, 'Hot new pictures each day', 'Subject: Hot new pictures each day\nName: freddiegt18\nSurname: dianapi69ET\nAddress: http://free.porn.pics.instasexyblog.com\nAddress2: \nPhone: 83299827665\nMobile: 84658787343\nEmail: sg16@kunio17.toptorrents.top\nMessage: Hot sexy porn projects, daily updates\r\nhttp://fatlesbian.instasexyblog.com/?annabel \r\n\r\n kirstine porn stories cameron taylor porn why who likes brazillian fart porn porn shearsh engine free adult porn search \r\n\r\n\n', 1548513823),
(742, 'Big Ass Photos - Free Huge Butt Porn, Big Booty Pics', 'Subject: Big Ass Photos - Free Huge Butt Porn, Big Booty Pics\nName: ebonyio4\nSurname: ebonyio4\nAddress: http://croc.porn.hotblognetwork.com\nAddress2: \nPhone: 81667258516\nMobile: 88634789964\nEmail: deannayq4@akio28.gotorrents.top\nMessage: New super hot photo galleries, daily updated collections\r\nhttp://live.porn.allproblog.com/?denisse \r\n\r\n anime one piece porn videos amateur porn downloads porn parties video hot girls porn free videos porn video storyline \r\n\r\n\n', 1548529870),
(743, 'New hot project galleries, daily updates', 'Subject: New hot project galleries, daily updates\nName: juliettecg60\nSurname: juliettecg60\nAddress: http://lesbians.naked.hotblognetwork.com\nAddress2: \nPhone: 84645555833\nMobile: 85818261764\nEmail: larrykk1@akira6210.kenta62.toptorrents.top\nMessage: Sexy photo galleries, daily updated collections\r\nhttp://anal.lesbian.fetlifeblog.com/?magdalena \r\n\r\n hairy masturbation dildo orgasm porn tourist trap porn video f ree porn trailers watch free french porn thick bbw porn \r\n\r\n\n', 1548545165),
(744, 'Sexy photo galleries, daily updated pics', 'Subject: Sexy photo galleries, daily updated pics\nName: gretchenpw18\nSurname: gretchenpw18\nAddress: http://mature.porn.instasexyblog.com\nAddress2: \nPhone: 89222562464\nMobile: 87611954141\nEmail: rolandkn2@hiroyuki8610.daisuke11.downloadism.top\nMessage: Sexy photo galleries, daily updated collections\r\nhttp://pregnant.porn.relayblog.com/?raquel \r\n\r\n sucking my black masters cock porn skinny asian teen porn heyden panettiere porn mother and infant daughter porn online full porn movies \r\n\r\n\n', 1548690088),
(745, 'Daily updated super sexy photo galleries', 'Subject: Daily updated super sexy photo galleries\nName: marcellanq18\nSurname: marcellanq18\nAddress: http://online.date.hotblognetwork.com\nAddress2: \nPhone: 81962261987\nMobile: 89689515352\nEmail: earlenepo3@akira6010.shiro52.gotorrents.top\nMessage: Big Ass Photos - Free Huge Butt Porn, Big Booty Pics\r\nhttp://modelspornstars.relayblog.com/?melanie \r\n\r\n porn for iphone free vanessa anne hodges porn free animal porn clips free black gay porn photos porn japanese pee \r\n\r\n\n', 1548744756),
(746, 'spare part Dsw10x/23.0 Eyepiece for Carton DSZT44', 'Subject: spare part Dsw10x/23.0 Eyepiece for Carton DSZT44\nName: Claus\nSurname: Waldhueter\nAddress: Raiffeisenstr. 10\nAddress2: \nPhone: +496081583116\nMobile: \nEmail: waldhueter@pikatron.de\nMessage: Hello,\r\nwe need as spare part fpr our Carton DSZT44 microscope:\r\n1x Eyepiece Dsw10x/23.0.\r\nplease offer mee with price and lead time\r\nThank you very much in advance\r\nbest regards\r\nClaus\n', 1548851263);
INSERT INTO `web_formmail_log` (`mail_id`, `subject`, `message`, `date`) VALUES
(747, 'free online casino games monopoly', 'Subject: free online casino games monopoly\nName: Sandydot\nSurname: SandydotST\nAddress: http://casinoline17.com/\nAddress2: Ga District\nPhone: 84633676512\nMobile: 89965439571\nEmail: gvnbzatxa@gordpizza.ru\nMessage: <a href=https://playcasinoonline.ooo/>casino games</a> \r\n<a href=\"https://playcasinoonline.ooo/\">online casino real money</a> \r\n<a href=http://casinogamelistus.com/>play casino games online</a> \r\n<a href=\"http://casinogamelistus.com/\">slot game</a> \r\n<a href=http://casinoline17.com/>online gambling casino</a> \r\n<a href=\"http://casinoline17.com/\">casino slots</a> \r\n<a href=http://casinobablogames.com/>casino games slots</a> \r\n<a href=\"http://casinobablogames.com/\">online casino gambling</a> \r\n<a href=http://www.playcasinoonline24.com/>casino games</a> \r\n<a href=\"http://www.playcasinoonline24.com/\">casinos online</a> \r\n<a href=http://onlinelistcasino24.com/>online casino gambling</a> \r\n<a href=\"http://onlinelistcasino24.com/\">online casino slots</a>\n', 1548983621),
(748, 'Sexy photo galleries, daily updated collections', 'Subject: Sexy photo galleries, daily updated collections\nName: clariceux2\nSurname: clariceux2\nAddress: http://porn.aunts.bloglag.com\nAddress2: \nPhone: 82441627262\nMobile: 83954381847\nEmail: juanaux2@susumo3810.tadao33.downloadism.top\nMessage: Free Porn Galleries - Hot Sex Pictures\r\nhttp://porn.dump.relayblog.com/?naomi \r\n\r\n free porn movies no payment mother sons porn vidio free free porn site videos usenet porn newsgroups free porn tubes superhead \r\n\r\n\n', 1548986205),
(749, 'fresh', 'Subject: fresh\nName: Jaredsit\nSurname: JaredsitFY\nAddress: http://onlinecasinos2019.com/\nAddress2: Spitak\nPhone: 81378977335\nMobile: 81936992252\nEmail: sdgss3asdg@gmail.com\nMessage: check top <a href=http://i-online-casino.org>online casinos</a> games, <a href=http://ii-online-casino.com/blackjack-online.html>blackjack online</a>]\n', 1549004439),
(750, 'Best guys for new things', 'Subject: Best guys for new things\nName: Pamelachisa\nSurname: PamelachisaZA\nAddress: http://www.ci.pittsburg.ca.us/redirect.aspx?url=https://tubezporn.com \nAddress2: Hesperange\nPhone: 88381814353\nMobile: 82358445948\nEmail: mashuk212@outlook.com\nMessage: http://www.caterland.com/__media__/js/netsoltrademark.php?d=https://tubezporn.com\r\nhttp://www.line-on-line.com/__media__/js/netsoltrademark.php?d=https://tubezporn.com\r\nhttp://www.thegpsstore.net/__media__/js/netsoltrademark.php?d=https://tubezporn.com\r\nhttp://neverenoughshoes.com/__media__/js/netsoltrademark.php?d=https://tubezporn.com\r\nhttp://www.killala.com/__media__/js/netsoltrademark.php?d=https://tubezporn.com\r\nhttp://wlwt.info/__media__/js/netsoltrademark.php?d=https://tubezporn.com\r\nhttp://www.nationalreviewonline.com/__media__/js/netsoltrademark.php?d=https://tubezporn.com\r\nhttp://www.golfselect.com/__media__/js/netsoltrademark.php?d=https://tubezporn.com\r\nhttp://www.crazyquietgirl.com/__media__/js/netsoltrademark.php?d=https://tubezporn.com\r\nhttp://sightwise.com/__media__/js/netsoltrademark.php?d=https://tubezporn.com\r\nhttp://blitzinvestments.com/__media__/js/netsoltrademark.php?d=https://tubezporn.com\r\nhttp://angenservices.com/__media__/js/netsoltrademark.php?d=https://tubezporn.com\r\nhttp://www.generationsglass.com/__media__/js/netsoltrademark.php?d=https://tubezporn.com\r\nhttp://academy-of-art-collegefaculty.us/__media__/js/netsoltrademark.php?d=https://tubezporn.com\r\nhttp://www.mammutusa.net/__media__/js/netsoltrademark.php?d=https://tubezporn.com\r\nhttp://lakepleasantproperties.info/__media__/js/netsoltrademark.php?d=https://tubezporn.com\r\nhttp://wholesalejewelrylots.com/__media__/js/netsoltrademark.php?d=https://tubezporn.com\r\nhttp://midwestbankcenter.info/__media__/js/netsoltrademark.php?d=https://tubezporn.com\r\nhttp://www.almadinahdates.com/__media__/js/netsoltrademark.php?d=https://tubezporn.com\r\nhttp://briseno.net/__media__/js/netsoltrademark.php?d=https://tubezporn.com\r\n\n', 1549058612),
(751, 'titki.top', 'Subject: titki.top\nName: LouseSob\nSurname: LouseSobKW\nAddress: http://titki.top/\nAddress2: Mount Carey\nPhone: 85621471528\nMobile: 87912175531\nEmail: marciyatrofimova89@mail.ua\nMessage: http://titki.top/ - баня молоденькими порно, http://titki.top/ - русское порно молоденькие бесплатно скачать, http://titki.top/ - порно старого молоденькой.\n', 1549089857),
(752, 'Агентство рекламы Concept!', 'Subject: Агентство рекламы Concept!\nName: Stevengak\nSurname: StevengakCP\nAddress: https://concept19.ru\nAddress2: Kulim\nPhone: 87298251644\nMobile: 87192195535\nEmail: boocosbarfmemb19894laoc0@yandex.ru\nMessage: Рекламная студия Concept! \r\nМы рисуем макет полиграфического дизайна и другой рекламной продукции. \r\nРазработка брендбука, а так же разработка лендингов для вашей фирмы. \r\n \r\nИзготавливаем современные и понятные сайты с лёгким управлением и адаптивной версткой. \r\nПродвижение сайтов вашей компании для повышения посещаемости. \r\n \r\n<a href=http://concept19.ru/>коды для создания сайта</a>\r\n\n', 1549111985),
(754, 'how can i get vardenafil without seeing a doctor if', 'Subject: how can i get vardenafil without seeing a doctor if\nName: Skttrusts\nSurname: SkttrustjVC\nAddress: http://xgenericlevitra.com/\nAddress2: New York\nPhone: 81332179163\nMobile: 89575968941\nEmail: litleborz@skibidipa.com\nMessage: get <a href=\"http://xgenericlevitra.com/\">when does levitra go generic</a> and the Pursuit | <a href=http://xgenericlevitra.com/>levitra 20</a> and charging back your\n', 1549473087),
(755, 'Hi I wanne make a order from your webshop!', 'Subject: Hi I wanne make a order from your webshop!\nName: Arthur Bockman\nSurname: Bockman\nAddress: 9 Dover Road\nAddress2: \nPhone: 078 4796 2180\nMobile: 078 4796 2180\nEmail: bockman.arthur@yahoo.com\nMessage: Hi\r\n\r\nYou really made a very nice website, it is wonderful.\r\nI had a question about a product that you sell.\r\nSo I tried to order it, but it is sold out. and now I can no longer find the product on your site.\r\nI really want to order 10 pieces. the product i want to order looks like this on this website\r\nhttps://bit.ly/ProductItem622 I hope i can order the product soon from your webshop.\r\n\r\nHave a verry nice day\r\nGreetings\n', 1549478201),
(756, 'Browse over 500 000 of the best porn galleries, daily updated collections', 'Subject: Browse over 500 000 of the best porn galleries, daily updated collections\nName: valariefw2\nSurname: valariefw2\nAddress: http://femalepornstars.bestsexyblog.com\nAddress2: \nPhone: 82645824431\nMobile: 89814281979\nEmail: tamarakh16@akihiro8510.norio35.besttorrents.top\nMessage: Sexy photo galleries, daily updated pics\r\nhttp://bigtitlesbian.relayblog.com/?tamia \r\n\r\n teen first time porn shoot ball sucking porn pics free porn block youngin porn gay manga porn \r\n\r\n\n', 1549491825),
(757, 'Sexy photo galleries, daily updated pics', 'Subject: Sexy photo galleries, daily updated pics\nName: ellagy4\nSurname: ellagy4\nAddress: http://lesbian.jokes.instasexyblog.com\nAddress2: \nPhone: 83216248749\nMobile: 81754824788\nEmail: jeanineqf5@riku4910.michio81.downloadism.top\nMessage: Sexy pictures each day\r\nhttp://little.porn.instakink.com/?mandy \r\n\r\n free innocent porn aniston porn tape carmen luvana porn movie american gay boys 18 porn people looking at porn on utube \r\n\r\n\n', 1549495057),
(758, 'Big Ass Photos - Free Huge Butt Porn, Big Booty Pics', 'Subject: Big Ass Photos - Free Huge Butt Porn, Big Booty Pics\nName: dellaek4\nSurname: dellaek4\nAddress: http://lesbianism.hotblognetwork.com\nAddress2: \nPhone: 83935426974\nMobile: 89711846133\nEmail: jewelllv16@ayumu5710.hiroyuki98.gotorrents.top\nMessage: New super hot photo galleries, daily updated collections\r\nhttp://pornstar.free3gpporn.instakink.com/?brenna \r\n\r\n aboriginal porn galleries amateur porn star killer 2 2008 free full mobile porn harcore wife porn real flash porn \r\n\r\n\n', 1549495450),
(759, 'Приветствие!', 'Subject: Приветствие!\nName: r-z-r.ru\nSurname: r-z-r.ru\nAddress: http://r-z-r.ru\nAddress2: Axum\nPhone: 89512673495\nMobile: 89329786951\nEmail: troydowden@homechoice.co.uk\nMessage: Вас приветствует  сайт рассылки http://r-z-r.ru \r\n.\n', 1549547395),
(760, 'Почему нет смысда переплачивать за дорогие оригинальные ОНКО препараты?', 'Subject: Почему нет смысда переплачивать за дорогие оригинальные ОНКО препараты?\nName: GloriaWed\nSurname: GloriaWedDX\nAddress: https://velpanex.ru\nAddress2: Kwekwe\nPhone: 82122434969\nMobile: 82642176394\nEmail: annakitano4@gmail.com\nMessage: Рекомендуют врачи \r\nВысочайшее качество лекарств \r\n \r\n<b>Сравнение оригиналов и дженериков противоопухолевых \r\nсредств: в чем разница и принцип действия?</b> \r\n \r\nОнкология – это не приговор, и ведущие специалисты не устают твердить об этом. Самое \r\nглавное – своевременно распознанная патология, а также пройденная терапия с применением \r\nсовременных и эффективных лекарственных средств. Но далеко не у всех есть возможно покупать \r\nдорогие оригинальные препараты. В таком случае на помощь придут аналоги – рассмотрим самые \r\nэффективные лекарственные средства, в чем отличие оригиналов от дженериков и прочую \r\nинтересную и актуальную информацию о препаратах. \r\n<b><a href=https://velpanex.ru/shop/17/desc/olanib>Olanib (Олапариб 50мг) - Оланиб (Olaparib 50mg) - аналог Липраза</a></b> \r\nОланиб - современное средство, предназначенное для проведения терапии пациенток, у \r\nкоторых был обнаружен рак яичников. Аналогом данного препарата выступает Линпраза, это \r\nэффективное средство с идентичным составом. Оригинальный препарат производит компания \r\nEverest pharma, приблизительная стоимость его составляет 1490 у.е. Линпраза стоит в несколько \r\nраз дешевле оригинального фармсредства, при этом показания к применению имеет идентичные: \r\n? актуально применять в качестве поддерживающей монотерапии, если произошел \r\nрецидив рака яичников; \r\n? при онкологии маточных труб; \r\n? перитонеальный рак. \r\nВсе специалисты утверждают, что дженерик ничуть не хуже оригинала, он производится \r\nпроверенной фармацевтической компанией, является альтернативным вариантом, если у \r\nпациентки была установлена неоперабельная форма рака, с наличием метастаз. \r\n<b><a href=https://velpanex.ru/shop/17/desc/olanib>Olanib (Олапариб 50мг) - Оланиб (Olaparib 50mg) - аналог Липраза купить</a></b> необходимо в тех \r\nслучая, если женщине противопоказано повторное прохождение химиотерапии из-за плохих \r\nрезультатов анализов. Линпраза не токсичен, не оказывает негативного воздействия на печень. \r\nУ двух вышеуказанных препаратов идентичный состав, а также одинаковая концентрация \r\nосновного действующего вещества. При этом на <a href=https://velpanex.ru/shop/17/desc/olanib>Olanib (Олапариб 50мг) - Оланиб (Olaparib 50mg) - аналог Липраза цена</a> гораздо ниже – на нашем сайте вы можете приобрести качественные \r\nдженерики, которые ничем не отличаются от оригинальных лекарств. \r\n \r\n<b><a href=https://velpanex.ru/shop/18/desc/osimert>Osimert (Осимертиниб 80мг) - Осимерт (Osimertinib 80mg) - аналог Тагриссо</a></b> \r\nФармакологическое средство было создано для терапии людей, у которых был установлен \r\nнемелкоклеточный рак легких. Среди показаний присутствуют такие патологии: \r\n? новообразования злокачественного характера, которые сдержат мутацию T790M; \r\n? если заболевание продолжает прогрессировать, несмотря на проведенное ранее \r\nлечение. \r\nТагриссо – проверенное учеными лекарственное средство, благодаря которому можно \r\nсущественно улучшить общее самочувствие пациента, продлить жизнь, а при своевременно \r\nначатой терапии – излечиться от недуга полностью. На <a href=https://velpanex.ru/shop/18/desc/osimert>Osimert (Осимертиниб 80мг) - Осимерт (Osimertinib 80mg) - аналог Тагриссо цена</a> ниже, чем на оригинальный препарат в несколько раз, \r\nименно по этой причине большинство пациентов, которые проходят лечение от рака, выбирают \r\nименно аналог. Производителем выступает проверенная компания, которая изготавливает \r\nмедицинские средства в строгом соответствии с установленными нормативами. Способ \r\nприменения лекарств также идентичен, но сперва нужно проконсультироваться с врачом ввиду \r\nтого, что капсулы выпускаются в двух дозировках – 40 и 80 мг. Перед тем, как <a href=https://velpanex.ru/shop/18/desc/osimert>Osimert (Осимертиниб 80мг) - Осимерт (Osimertinib 80mg) - аналог Тагриссо купить</a>, также читайте \r\nинструкцию – оба лекарства имеют свойство вызывать побочные эффекты. \r\n \r\n<b><a href=https://velpanex.ru/shop/21/desc/ibrutinix>Ibrutinix (Ибрутиниб) – Ибрутиникс (Ibrutinib) - аналог Имбрувика</a></b> \r\nДовольно популярный препарат, который выпускается в США и имеет баснословную цену – \r\nдалеко не каждому фармакологическое средство придется по карману, особенно, если учитывать \r\nтот факт, что терапия должна проводиться в течение длительного времени. \r\nНа <a href=https://velpanex.ru/shop/21/desc/ibrutinix>Ibrutinix (Ибрутиниб) – Ибрутиникс (Ibrutinib) - аналог Имбрувика цена</a> гораздо ниже \r\nввиду того, что средство выступает в качестве дженерика. При этом у него идентичный состав, \r\nодинаковые показания, рассмотрим их подробно: \r\n? лимфома; \r\n? макроглобулинемия; \r\n? лейкоз. \r\nПринцип лечения тоже идентичен – пить капсулу нужно в одно и то же время, один раз в \r\nсутки. Примечательно, что многие пациенты Имбрувика переносят даже легче, чем оригинальный \r\nпрепарат. Производится средство в Бангладеш, выпуском занимается проверенная фирма, которая \r\nфункционирует уже в течение длительного времени и дорожит своей репутацией, поэтому \r\nвыпускает только эффективные противоопухолевые лекарства. \r\nЕсли вы заинтересованы в том, чтобы <a href=https://velpanex.ru/shop/21/desc/ibrutinix>Ibrutinix (Ибрутиниб) – Ибрутиникс (Ibrutinib) - аналог Имбрувика купить</a>, сделать это можно на нашем сайте. Мы готовы предоставить сертификаты \r\nкачества на все лекарства, которые вы видите на сайте, при этом можете быть уверены: \r\nэффективное, безопасное лекарство продается по низкой цене – дешевле не найти. Перед лечением \r\nнужно проконсультироваться с онкологом: оба лекарства имеют противопоказания к \r\nиспользованию. \r\n<b><a href=https://velpanex.ru/shop/22/desc/alecnib>Alecnib (Алектиниб) - Алекниб (Alectinib) - аналог Алесенса</b></a>; \r\nЕсли у пациента был диагностирован анапластический ALK-позитивный рак легкого, при \r\nэтом терапия с применением кризотиниба оказалась неэффективной, в таком случае больному \r\nрекомендуют использование Алектиниба – оригинальный препарат, которые показал хорошие \r\nрезультаты при лечении пациентов с онкологией. Стоимость оригинала очень высокая – \r\nприблизительно 10 000 у.е., далеко не каждый пациент может позволить себе приобрести такие \r\nфармпрепараты, особенно учитывая длительность терапии. \r\nСхема лечения в обоих случаях должна быть рассчитана доктором-онкологом, стандартный \r\nвариант предполагает применение 600 мг лекарства дважды в сутки, в одно и то же время. <a href=https://velpanex.ru/shop/16/desc/sofoxen-daclaxen>Alecnib (Алектиниб) - Алекниб (Alectinib) - аналог Алесенса купить</a> рекомендовано пациентам, у которых \r\nбыла диагностирована онкология, но предварительно необходимо внимательно изучить \r\nинструкцию по применению препарата. \r\nРазница между оригиналом и дженериком заключается только в ценовой политике. Оба \r\nпрепарата выпускаются проверенными производителями, которые тщательно соблюдают все \r\nнормы при изготовлении лекарственных средств. Стоит отметить, что у дженерика отличное \r\nкачество, в некоторых случаях, судя по отзывам, аналогичные препараты переносятся пациентами \r\nдаже лучше, чем оригинальные. Изучайте инструкцию, также важно консультироваться с \r\nдоктором перед началом лечения во избежание появления негативных последствий из-за \r\nиндивидуальной непереносимости активного действующего вещества лекарства. Узнать, какая у \r\n<a href=https://velpanex.ru/shop/16/desc/sofoxen-daclaxen>Alecnib (Алектиниб) - Алекниб (Alectinib) - аналог Алесенса цена</a> вы можете у консультантов \r\nкомпании. \r\n \r\n<b><u>Почему даже ведущие онкологи рекомендуют приобретать \r\nдженереки</u></b>? \r\n \r\nВсе лекарства-дженерики, которые имеют противораковое воздействие на организм, \r\nпроизводятся в Бангладеше. У них имеется государственная регистрация, которая гарантирует: \r\nлечение будет не только эффективным, но и безопасным. Завод работает в соответствии со \r\nстандартами GMP. Лекарства поставляются в Китай, Азию, Индию – и вот совсем недавно \r\nуникальная возможность приобрести противоопухолевые препараты появилась у россиян, а также \r\nжителей всех стран бывшего СНГ. \r\nХотите сотрудничать с надежным, проверенным поставщиком – обращайтесь на \r\nофициальный сайт представительства в России <a href=https://velpanex.ru/shop>velpanex.ru</a>. Все дженерики обладают \r\nпревосходным качеством, по воздействию на организм ничем не отличаются от дорогостоящих \r\nоригинальных лекарств. \r\nПриемлемая ценовая политика связана с тем, что бренд не раскручен, доставка препаратов \r\nвыходит дешевле. При этом все вышеописанные лекарственные средства против онкологических \r\nпатологий обладают схожим воздействием на организм, позволяют избавиться от злокачественных \r\nпроцессов, а в запущенных стадиях – существенно улучшить качество жизни пациента, продлить \r\nее. Обращайтесь на официальный сайт, если заинтересованы в покупке качественных, безопасных, \r\nэффективных противораковых средств по адекватной стоимости.\n', 1549585716),
(761, '10 top online casinos', 'Subject: 10 top online casinos\nName: Keithjoype\nSurname: KeithjoypeXW\nAddress: http://trueonlinecasinos.ooo/\nAddress2: Gray Mountain\nPhone: 88151747119\nMobile: 89342475139\nEmail: uzjcgfqr@spacecas.ru\nMessage: reel deal slots downloads pc <a href=http://onlinecasinoside.ooo/>casino bonus</a> <a href=\"http://spaceonlinecasino.com/\">canada online casinos</a> online casino for paypal\n', 1549617696),
(762, 'Hot galleries, daily updated collections', 'Subject: Hot galleries, daily updated collections\nName: cathyqj69\nSurname: cathyqj69\nAddress: http://porn.vids.fetlifeblog.com\nAddress2: \nPhone: 83883841954\nMobile: 88728649114\nEmail: maryanncj18@isamu98.gotorrents.top\nMessage: Teen Girls Pussy Pics. Hot galleries\r\nhttp://anima.porn.fetlifeblog.com/?angelique \r\n\r\n street porn video clips porn haily porn lbfm big ass hentai porn big horse pron \r\n\r\n\n', 1549656005),
(763, 'Try out, honest a check', 'Subject: Try out, honest a check\nName: ThomasRaf\nSurname: ThomasRafID\nAddress: http://cbdproducts.cc\nAddress2: Doha\nPhone: 85942167236\nMobile: 88524197312\nEmail: ahmed.alqass343434am@gmail.com\nMessage: <a href=http://buycbdoil.online/>BUY CBD OIL</a> , <a href=http://www.avi.vg>Dildos online</a>,<a href=http://movingcompanieslongdistance.services>moving companies near me</a>\n', 1549727091),
(764, 'I Will Provide Organic Traffic By Keyword From Google, Bing, Yahoo, 100%  Safe For Adsense  - (Low Bounce Rate).', 'Subject: I Will Provide Organic Traffic By Keyword From Google, Bing, Yahoo, 100%  Safe For Adsense  - (Low Bounce Rate).\nName: Buddy Isaacson\nSurname: Isaacson\nAddress: 80 Rue Marie De Medicis\nAddress2: \nPhone: 04.32.71.70.57\nMobile: 04.32.71.70.57\nEmail: isaacson.buddy@googlemail.com\nMessage: Good day\r\n \r\nI Will Provide Organic Traffic By Keyword From Google, Bing, Yahoo, 100%  Safe For Adsense  - (Low Bounce Rate).\r\n \r\nWhy Should You Buy Organic Traffic for cartonmicroscope.com ?\r\n - SERP Improvement - Drive organic traffic/visitors is essential nowadays for Google, Yahoo & Bing to rank your website\r\n - Search Engines Ranking would improve\r\n - Very good for improving offsite SEO, More Recognition, SEO Lethal Weapon\r\n - Loved by Search Engines, Algorithm Adaptive, Increase Ranking, Worldwide Visitors\r\n - Get Revenue from CPM -  publishers by setting Ads to your website\r\n\r\n\r\n100% safe for AdSense - recommended for adsense sites\r\n - Bounce Rate  - very low 5%\r\n - Visit Duration - 8-12 minutes\r\n - Pages Visited - 3-4 pages minimum\r\n\r\nTraffic - comes from Worldwide with 50%+ from USA & other Tier 1 Countries. \r\nKeywords - Choose up to 5 Long or Short Tail Keywords (We suggest indexed), We only support English language.\r\n \r\nPlease follow here for more information:  http://bit.ly/Provide_Organic_Traffic\r\n \r\nRegards,\r\nAxyyKo\r\n \r\n \r\nUNSUBSCRIBE or REPORT SPAM\r\nATTENTION: sends domain:  cartonmicroscope.com , not email address !!\r\nSEND your domain site here ==>  your-site@myself.com\r\n\n', 1549742154),
(765, 'Норвежский ламинин дешевле Lpgn', 'Subject: Норвежский ламинин дешевле Lpgn\nName: Dennisinand\nSurname: DennisinandJG\nAddress: http://1541.ru\nAddress2: Cheltenham\nPhone: 87913667156\nMobile: 83125892222\nEmail: fevg.en708@gmail.com\nMessage: на сайте http://1541.ru 1. Ламинин Норвежский в 4 раза Дешевле, чем Laminine LPGN. 2. Новый усиленный Protandim PB125 - это активатор Nrf2 следующего поколения от M. McCord. Реклама от 10 usd за месяц. Skype evg7773 Viber +380976131437 WhatsApp +380675050387\n', 1549756664),
(766, 'הובלות, הובלות דירות', 'Subject: הובלות, הובלות דירות\nName: KevinCor\nSurname: KevinCorMQ\nAddress: http://www.hovalot-a.a144.co.il\nAddress2: Tamana\nPhone: 82655142946\nMobile: 89211257497\nEmail: konan.jack@yandex.com\nMessage: צריך העבורת דירה? מחפש חברת הובלות, הובלה בזול? 052-581-8132 סרגיי \r\nהחברה שלנו יעזור לך לעשות את זה בקלות! הובלות, הובלות דירות \r\nאיכותי, אמין במחירים סבירים! הובלות קטנות, הובלה זולה \r\nhttp://www.hovalot-a.a144.co.il - הובלות\n', 1549859248);

-- --------------------------------------------------------

--
-- Table structure for table `web_formmail_log_seq`
--

CREATE TABLE `web_formmail_log_seq` (
  `id` int(10) UNSIGNED NOT NULL
) ENGINE=MyISAM DEFAULT CHARSET=utf8;

--
-- Dumping data for table `web_formmail_log_seq`
--

INSERT INTO `web_formmail_log_seq` (`id`) VALUES
(766);

-- --------------------------------------------------------

--
-- Table structure for table `web_login`
--

CREATE TABLE `web_login` (
  `login_id` int(11) NOT NULL DEFAULT '0',
  `usr_id` int(11) DEFAULT NULL,
  `date_time` datetime DEFAULT NULL,
  `remote_ip` varchar(16) DEFAULT NULL
) ENGINE=MyISAM DEFAULT CHARSET=utf8;

--
-- Dumping data for table `web_login`
--

INSERT INTO `web_login` (`login_id`, `usr_id`, `date_time`, `remote_ip`) VALUES
(1, 1, '2008-11-14 05:10:15', '58.137.81.9'),
(2, 1, '2008-11-14 06:17:37', '58.137.81.9'),
(3, 1, '2008-11-14 06:19:14', '58.137.81.9'),
(4, 1, '2008-11-14 06:20:23', '58.137.81.9'),
(5, 1, '2008-11-14 06:34:46', '58.137.81.9'),
(6, 1, '2008-11-14 06:49:08', '58.137.81.9'),
(7, 1, '2008-11-14 07:09:31', '58.137.81.9'),
(8, 1, '2008-11-14 07:13:10', '58.137.81.9'),
(9, 1, '2008-11-14 08:02:28', '58.137.81.9'),
(10, 1, '2008-11-17 03:57:33', '58.137.81.9'),
(11, 1, '2008-11-17 04:17:43', '58.137.81.9'),
(12, 1, '2008-11-17 05:17:11', '58.137.81.9'),
(13, 1, '2008-11-17 08:24:31', '58.137.81.9'),
(14, 1, '2008-11-17 09:48:59', '58.137.81.9'),
(15, 1, '2008-11-17 10:30:43', '58.137.81.9'),
(16, 1, '2008-11-17 11:50:44', '58.137.81.9'),
(17, 1, '2008-11-17 11:58:16', '58.137.81.9'),
(18, 1, '2008-11-17 12:00:35', '58.137.81.9'),
(19, 1, '2008-11-17 12:03:15', '58.137.81.9'),
(20, 1, '2008-11-17 12:14:42', '58.137.81.9'),
(21, 1, '2008-11-18 02:08:18', '58.137.81.9'),
(22, 1, '2008-11-18 03:23:29', '58.137.81.9'),
(23, 1, '2008-11-18 03:44:38', '58.137.81.9'),
(24, 1, '2008-11-18 03:44:55', '58.137.81.9'),
(25, 1, '2008-11-18 03:45:04', '58.137.81.9'),
(26, 1, '2008-11-18 03:45:33', '58.137.81.9'),
(27, 1, '2008-11-18 03:45:54', '58.137.81.9'),
(28, 1, '2008-11-18 03:46:18', '58.137.81.9'),
(29, 1, '2008-11-18 03:46:51', '58.137.81.9'),
(30, 1, '2008-11-18 03:54:15', '58.137.81.9'),
(31, 1, '2008-11-18 04:24:03', '58.137.81.9'),
(32, 1, '2008-11-18 05:01:18', '58.137.81.9'),
(33, 1, '2008-11-18 05:02:41', '58.137.81.9'),
(34, 1, '2008-11-18 06:02:12', '58.137.81.9'),
(35, 1, '2008-11-18 06:43:31', '58.137.81.9'),
(36, 1, '2008-11-18 08:16:50', '58.137.81.9'),
(37, 1, '2008-11-18 10:31:36', '58.137.81.9'),
(38, 1, '2008-11-18 11:17:12', '58.137.81.9'),
(39, 1, '2008-11-18 11:28:16', '58.137.81.9'),
(40, 1, '2008-11-18 12:00:40', '58.137.81.9'),
(41, 1, '2008-11-18 12:09:47', '58.137.81.9'),
(42, 1, '2008-11-18 12:14:48', '58.137.81.9'),
(43, 1, '2008-11-19 02:54:04', '58.137.81.9'),
(44, 1, '2008-11-19 03:21:35', '58.137.81.9'),
(45, 1, '2008-11-19 05:09:53', '58.137.81.9'),
(46, 1, '2008-11-19 08:52:46', '58.137.81.9'),
(47, 1, '2008-11-19 08:56:10', '58.137.81.9'),
(48, 1, '2008-11-19 09:37:09', '58.137.81.9'),
(49, 1, '2008-11-19 11:56:17', '58.137.81.9'),
(50, 1, '2008-11-20 03:40:45', '58.137.81.9'),
(51, 1, '2008-11-20 06:40:20', '58.137.81.9'),
(52, 1, '2008-11-20 08:08:32', '58.137.81.9'),
(53, 1, '2008-11-20 09:00:26', '58.137.81.9'),
(54, 1, '2008-11-20 09:33:43', '124.121.191.252'),
(55, 1, '2008-11-20 09:35:50', '124.121.191.252'),
(56, 1, '2008-11-20 10:41:22', '58.137.81.9'),
(57, 1, '2008-11-20 10:43:55', '58.137.81.9'),
(58, 1, '2008-11-21 03:03:40', '124.121.188.178'),
(59, 1, '2008-11-24 10:50:23', '58.137.81.9'),
(60, 1, '2008-11-24 10:53:06', '58.137.81.9'),
(61, 1, '2008-11-24 10:53:47', '58.137.81.9'),
(62, 1, '2008-11-24 10:56:27', '58.137.81.9'),
(63, 1, '2008-11-25 08:18:00', '58.137.81.9'),
(64, 1, '2008-11-25 08:40:37', '58.137.81.9'),
(65, 1, '2008-11-25 08:41:22', '58.137.81.9'),
(66, 1, '2008-11-25 08:53:44', '58.137.81.9'),
(67, 1, '2008-11-25 08:53:47', '58.137.81.9'),
(68, 1, '2008-11-25 08:54:35', '58.137.81.9'),
(69, 1, '2008-11-25 09:44:45', '58.137.81.9'),
(70, 1, '2008-11-25 09:45:37', '58.137.81.9'),
(71, 1, '2008-11-25 09:46:34', '58.137.81.9'),
(72, 1, '2008-11-25 09:48:18', '58.137.81.9'),
(73, 1, '2008-11-25 10:16:41', '58.137.81.9'),
(74, 1, '2008-11-26 06:53:17', '124.121.195.199'),
(75, 1, '2008-11-26 07:16:58', '124.121.195.199'),
(76, 1, '2008-11-26 07:18:45', '124.121.195.199'),
(77, 1, '2008-11-26 07:19:28', '124.121.195.199'),
(78, 1, '2008-11-26 07:23:29', '124.121.195.199'),
(79, 1, '2008-11-26 07:31:48', '124.121.195.199'),
(80, 1, '2008-11-26 07:32:48', '124.121.195.199'),
(81, 1, '2008-11-26 07:33:15', '124.121.195.199'),
(82, 1, '2008-11-26 07:34:27', '124.121.195.199'),
(83, 1, '2008-11-26 07:34:54', '124.121.195.199'),
(84, 1, '2008-11-26 07:35:24', '124.121.195.199'),
(85, 1, '2008-11-26 07:36:10', '124.121.195.199'),
(86, 1, '2008-11-26 07:36:36', '124.121.195.199'),
(87, 1, '2008-11-26 07:41:54', '124.121.195.199'),
(88, 1, '2008-11-26 08:09:22', '124.121.195.199'),
(89, 1, '2008-11-26 08:10:12', '124.121.195.199'),
(90, 1, '2008-11-26 08:14:48', '124.121.195.199'),
(91, 1, '2008-11-26 08:16:39', '124.121.195.199'),
(92, 1, '2008-11-27 01:58:15', '124.121.192.190'),
(93, 1, '2008-11-27 06:14:38', '124.121.192.190'),
(94, 1, '2008-11-27 06:24:01', '58.137.81.9'),
(95, 1, '2008-11-27 06:27:04', '58.137.81.9'),
(96, 1, '2008-11-28 07:09:37', '58.137.81.9'),
(97, 1, '2008-11-28 09:47:06', '58.137.81.9'),
(98, 1, '2008-11-28 09:47:14', '58.137.81.9'),
(99, 1, '2008-12-01 02:47:11', '124.121.189.221'),
(100, 1, '2008-12-01 03:34:15', '58.137.81.9'),
(101, 1, '2008-12-01 03:37:30', '58.137.81.9'),
(102, 1, '2008-12-01 04:09:20', '124.121.189.221'),
(103, 1, '2008-12-01 04:57:41', '124.121.189.221'),
(104, 1, '2008-12-01 05:34:55', '124.121.189.221'),
(105, 1, '2008-12-01 06:01:07', '124.121.189.221'),
(106, 1, '2008-12-01 09:22:20', '124.121.189.221'),
(107, 1, '2008-12-02 06:41:37', '58.137.81.9'),
(108, 1, '2008-12-02 08:36:31', '58.137.81.9'),
(109, 1, '2008-12-03 02:20:38', '124.121.186.148'),
(110, 1, '2008-12-04 01:41:25', '124.121.188.230'),
(111, 1, '2008-12-04 03:25:49', '124.121.188.230'),
(112, 1, '2008-12-04 08:14:48', '124.121.188.230'),
(113, 1, '2008-12-04 09:29:46', '124.121.188.230'),
(114, 1, '2008-12-08 01:59:34', '124.121.191.109'),
(115, 1, '2008-12-08 02:35:21', '124.121.191.109'),
(116, 1, '2008-12-08 03:54:14', '124.121.191.109'),
(117, 1, '2008-12-08 06:12:05', '124.121.191.109'),
(118, 1, '2008-12-08 07:06:47', '124.121.189.232'),
(119, 1, '2008-12-09 03:44:35', '124.121.200.121'),
(120, 1, '2008-12-09 04:32:13', '124.121.200.121'),
(121, 1, '2008-12-09 06:38:16', '124.121.200.121'),
(122, 1, '2008-12-10 03:34:19', '124.121.183.145'),
(123, 1, '2008-12-10 04:15:49', '124.121.183.145'),
(124, 1, '2008-12-11 01:28:20', '124.121.182.125'),
(125, 1, '2008-12-11 02:28:56', '124.121.182.125'),
(126, 1, '2008-12-11 04:00:54', '124.121.182.125'),
(127, 1, '2008-12-16 02:10:38', '58.137.81.9'),
(128, 1, '2009-01-05 04:40:41', '124.121.184.127'),
(129, 1, '2009-01-05 07:11:37', '124.121.184.127'),
(130, 1, '2009-01-05 07:43:28', '124.121.184.127'),
(131, 1, '2009-01-05 07:43:37', '124.121.184.127'),
(132, 1, '2009-01-05 08:09:35', '124.121.184.127'),
(133, 1, '2009-01-05 08:22:39', '124.121.184.127'),
(134, 1, '2009-01-06 01:47:14', '124.121.182.171'),
(135, 1, '2009-01-06 02:51:05', '124.121.182.171'),
(136, 1, '2009-01-06 04:20:50', '124.121.182.171'),
(137, 1, '2009-01-07 03:01:42', '124.122.226.54'),
(138, 1, '2009-01-07 04:23:13', '58.137.81.9'),
(139, 1, '2009-01-09 02:55:52', '124.121.195.151'),
(140, 1, '2009-01-09 04:04:14', '124.121.195.151'),
(141, 1, '2009-01-09 04:04:20', '124.121.195.151'),
(142, 1, '2009-01-09 06:13:52', '124.121.195.151'),
(143, 1, '2009-01-09 08:04:56', '124.121.238.4'),
(144, 1, '2009-01-15 01:25:41', '124.121.185.235'),
(145, 1, '2009-01-15 04:56:30', '124.121.185.235'),
(146, 1, '2009-01-19 08:38:16', '124.121.185.135'),
(147, 1, '2009-01-20 02:21:02', '124.121.185.135'),
(148, 1, '2009-01-20 02:23:40', '124.121.185.135'),
(149, 1, '2009-01-21 02:02:32', '124.121.194.170'),
(150, 1, '2009-04-01 08:15:57', '124.121.235.52'),
(151, 1, '2009-04-01 08:42:15', '124.121.235.52'),
(152, 1, '2009-07-14 02:46:41', '124.121.47.251'),
(153, 1, '2009-07-14 03:05:21', '124.121.47.251'),
(154, 1, '2009-07-14 03:15:46', '124.121.47.251'),
(155, 1, '2009-07-14 03:59:01', '124.121.47.251'),
(156, 1, '2009-07-15 00:59:13', '124.121.49.112'),
(157, 1, '2009-07-15 08:46:36', '124.121.49.112'),
(158, 1, '2009-07-21 02:57:11', '124.121.45.97'),
(159, 1, '2009-08-06 01:04:55', '124.121.180.246'),
(160, 1, '2009-08-10 04:31:55', '124.122.60.57'),
(161, 1, '2009-08-10 09:48:37', '124.122.30.19'),
(162, 1, '2009-08-11 01:06:18', '124.122.30.19'),
(163, 1, '2009-08-17 04:07:47', '124.122.15.86'),
(164, 1, '2009-08-17 04:35:48', '124.122.15.86'),
(165, 1, '2009-08-17 04:36:01', '124.122.15.86'),
(166, 1, '2009-08-19 04:02:46', '124.122.237.140'),
(167, 1, '2009-08-19 07:45:04', '124.122.30.148'),
(168, 1, '2009-09-30 03:03:04', '124.122.227.37'),
(169, 1, '2009-10-01 03:16:59', '124.121.188.170'),
(170, 1, '2009-10-14 09:00:56', '124.121.187.42'),
(171, 1, '2010-06-14 09:23:05', '124.122.225.46'),
(172, 1, '2010-06-14 09:34:50', '124.122.225.46'),
(173, 1, '2010-06-15 03:05:59', '124.121.180.146'),
(174, 1, '2010-07-16 07:52:38', '124.121.199.144'),
(175, 1, '2011-01-05 07:36:57', '124.121.196.71'),
(176, 1, '2011-01-05 08:04:22', '124.121.196.71'),
(177, 1, '2011-01-10 03:51:43', '124.121.194.35'),
(178, 1, '2011-05-21 02:15:38', '124.121.200.100'),
(179, 1, '2011-05-21 02:34:30', '124.121.200.100'),
(180, 1, '2011-05-21 02:34:42', '124.121.200.100'),
(181, 1, '2011-05-21 04:00:16', '124.121.200.100'),
(182, 1, '2011-05-21 05:59:55', '124.121.200.100'),
(183, 1, '2011-05-21 07:20:04', '124.121.200.100'),
(184, 1, '2011-05-21 09:20:46', '124.121.200.100'),
(185, 1, '2012-09-27 01:58:44', '124.121.196.88'),
(186, 1, '2013-04-27 03:46:34', '124.122.15.161'),
(187, 1, '2016-03-26 04:26:22', '171.97.95.196'),
(188, 1, '2016-03-26 04:30:06', '171.97.95.196'),
(189, 1, '2016-03-26 07:25:51', '124.122.50.138'),
(190, 1, '2016-05-30 04:17:06', '171.97.229.124'),
(191, 1, '2016-08-05 04:29:59', '183.89.43.82'),
(192, 1, '2016-08-05 04:30:33', '183.89.43.82'),
(193, 1, '2016-08-05 04:33:26', '183.89.43.82'),
(194, 1, '2016-08-05 04:37:23', '183.89.43.82'),
(195, 1, '2016-08-05 04:37:35', '183.89.43.82'),
(196, 1, '2016-08-05 04:49:15', '183.89.43.82'),
(197, 1, '2016-08-06 01:15:54', '183.89.43.82'),
(198, 1, '2016-08-06 01:16:39', '183.89.43.82'),
(199, 1, '2016-08-06 01:26:02', '183.89.43.82'),
(200, 1, '2016-08-23 07:03:21', '183.89.45.15'),
(201, 1, '2016-08-23 07:04:31', '183.89.45.15'),
(202, 3, '2017-11-14 07:35:18', '203.78.98.10'),
(203, 3, '2017-11-14 07:35:30', '203.78.98.10'),
(204, 3, '2017-11-14 07:36:37', '203.78.98.10'),
(205, 3, '2017-11-14 07:36:45', '203.78.98.10'),
(206, 3, '2017-11-14 07:37:06', '203.78.98.10'),
(207, 3, '2017-11-14 07:37:53', '203.78.98.10'),
(208, 3, '2017-11-14 07:39:35', '203.78.98.10'),
(209, 3, '2017-11-14 07:41:32', '203.78.98.10'),
(210, 3, '2017-11-14 07:43:10', '203.78.98.10'),
(211, 3, '2017-11-14 07:48:09', '203.78.98.10'),
(212, 3, '2017-11-14 07:48:19', '203.78.98.10');

-- --------------------------------------------------------

--
-- Table structure for table `web_login_seq`
--

CREATE TABLE `web_login_seq` (
  `id` int(10) UNSIGNED NOT NULL
) ENGINE=MyISAM DEFAULT CHARSET=utf8;

--
-- Dumping data for table `web_login_seq`
--

INSERT INTO `web_login_seq` (`id`) VALUES
(212);

-- --------------------------------------------------------

--
-- Table structure for table `web_log_table`
--

CREATE TABLE `web_log_table` (
  `id` int(11) NOT NULL DEFAULT '0',
  `logtime` timestamp NOT NULL DEFAULT CURRENT_TIMESTAMP ON UPDATE CURRENT_TIMESTAMP,
  `ident` varchar(16) NOT NULL DEFAULT '',
  `priority` int(11) NOT NULL DEFAULT '0',
  `message` varchar(200) DEFAULT NULL
) ENGINE=MyISAM DEFAULT CHARSET=utf8;

-- --------------------------------------------------------

--
-- Table structure for table `web_module`
--

CREATE TABLE `web_module` (
  `module_id` int(11) NOT NULL DEFAULT '0',
  `is_configurable` smallint(1) DEFAULT NULL,
  `name` varchar(255) DEFAULT NULL,
  `title` varchar(255) DEFAULT NULL,
  `description` text,
  `admin_uri` varchar(255) DEFAULT NULL,
  `icon` varchar(255) DEFAULT NULL,
  `maintainers` text,
  `version` varchar(8) DEFAULT NULL,
  `license` varchar(16) DEFAULT NULL,
  `state` varchar(8) DEFAULT NULL
) ENGINE=MyISAM DEFAULT CHARSET=utf8;

--
-- Dumping data for table `web_module`
--

INSERT INTO `web_module` (`module_id`, `is_configurable`, `name`, `title`, `description`, `admin_uri`, `icon`, `maintainers`, `version`, `license`, `state`) VALUES
(1, 1, 'block', 'Blocks', 'Use the \'Blocks\' module to configure the contents of the blocks in the left and right hand columns, or anywhere in a page.', 'block/block', '48/module_block.png', 'Andrey Podshivalov', NULL, 'BSD', 'stable'),
(2, 1, 'default', 'Default', 'The \'Default\' module includes functionality that is needed in every install, for example, configuration and interface language manangement, and module management.', 'default/maintenance', '48/module_default.png', 'Demian Turner', NULL, 'BSD', 'stable'),
(3, 1, 'user', 'Users and Security', 'The \'Users and Security\' module allows you to manage all your users, administer the roles they belong to, change their passwords, setup permissions and alter the global default preferences.', 'user/user', '48/module_user.png', 'Demian Turner', NULL, 'BSD', 'stable'),
(4, 1, 'navigation', 'Navigation', 'The \'Navigation\' module is what you use to build your site navigation, it creates menus that you can customise in terms of look and feel, and allows you to link to any site resource.', 'navigation/page', 'navigation.png', 'Andrey Podshivalov', NULL, 'BSD', 'beta'),
(5, 1, 'main', 'Main', 'Main Module', '', '48/module_default.png', 'RV Global Soft Teams', '20070816', 'RV Global Soft', 'Stable'),
(6, 1, 'articleweb', 'Article', 'Generated by ModuleGenerationMgr', '', '48/module_default.png', 'Alouicious Bird', NULL, NULL, NULL),
(7, 1, 'newsevent', 'News and Event', 'News and Event Module for Carton Web', '', '48/module_default.png', 'RV Global Soft Teams', '20081001', 'RV Global Soft', 'Stable'),
(8, 1, 'tips', 'Tips', 'Tips Module for Carton Web', '', '48/module_default.png', 'RV Global Soft Teams', '20081001', 'RV Global Soft', 'Stable'),
(9, 1, 'stereomicroscope', 'StereoMicroscope', 'Generated by ModuleGenerationMgr', '', '48/module_default.png', 'Alouicious Bird', NULL, 'NULL', 'NULL'),
(10, 1, 'productweb', 'Product', 'Generated by ModuleGenerationMgr', '', '48/module_default.png', 'Alouicious Bird', NULL, 'NULL', 'NULL'),
(11, 1, 'subcontractor', 'Subcontractor', 'Generated by ModuleGenerationMgr', '', '48/module_default.png', 'Alouicious Bird', NULL, 'NULL', 'NULL');

-- --------------------------------------------------------

--
-- Table structure for table `web_module_seq`
--

CREATE TABLE `web_module_seq` (
  `id` int(10) UNSIGNED NOT NULL
) ENGINE=MyISAM DEFAULT CHARSET=utf8;

--
-- Dumping data for table `web_module_seq`
--

INSERT INTO `web_module_seq` (`id`) VALUES
(11);

-- --------------------------------------------------------

--
-- Table structure for table `web_organisation`
--

CREATE TABLE `web_organisation` (
  `organisation_id` int(11) NOT NULL DEFAULT '0',
  `parent_id` int(11) NOT NULL DEFAULT '0',
  `root_id` int(11) NOT NULL DEFAULT '0',
  `left_id` int(11) NOT NULL DEFAULT '0',
  `right_id` int(11) NOT NULL DEFAULT '0',
  `order_id` int(11) NOT NULL DEFAULT '0',
  `level_id` int(11) NOT NULL DEFAULT '0',
  `role_id` int(11) NOT NULL DEFAULT '0',
  `organisation_type_id` int(11) NOT NULL DEFAULT '0',
  `name` varchar(128) DEFAULT NULL,
  `description` text,
  `addr_1` varchar(128) NOT NULL DEFAULT '',
  `addr_2` varchar(128) DEFAULT NULL,
  `addr_3` varchar(128) DEFAULT NULL,
  `city` varchar(32) NOT NULL DEFAULT '',
  `region` varchar(32) DEFAULT NULL,
  `country` varchar(2) DEFAULT NULL,
  `post_code` varchar(16) DEFAULT NULL,
  `telephone` varchar(32) DEFAULT NULL,
  `website` varchar(128) DEFAULT NULL,
  `email` varchar(128) DEFAULT NULL,
  `date_created` datetime DEFAULT NULL,
  `created_by` int(11) DEFAULT NULL,
  `last_updated` datetime DEFAULT NULL,
  `updated_by` int(11) DEFAULT NULL
) ENGINE=MyISAM DEFAULT CHARSET=utf8;

-- --------------------------------------------------------

--
-- Table structure for table `web_organisation_type`
--

CREATE TABLE `web_organisation_type` (
  `organisation_type_id` int(11) NOT NULL DEFAULT '0',
  `name` varchar(64) DEFAULT NULL
) ENGINE=MyISAM DEFAULT CHARSET=utf8;

-- --------------------------------------------------------

--
-- Table structure for table `web_org_preference`
--

CREATE TABLE `web_org_preference` (
  `org_preference_id` int(11) NOT NULL DEFAULT '0',
  `organisation_id` int(11) NOT NULL DEFAULT '0',
  `preference_id` int(11) NOT NULL DEFAULT '0',
  `value` varchar(128) DEFAULT NULL
) ENGINE=MyISAM DEFAULT CHARSET=utf8;

-- --------------------------------------------------------

--
-- Table structure for table `web_permission`
--

CREATE TABLE `web_permission` (
  `permission_id` int(11) NOT NULL DEFAULT '0',
  `name` varchar(255) DEFAULT NULL,
  `description` text,
  `module_id` int(11) NOT NULL DEFAULT '0'
) ENGINE=MyISAM DEFAULT CHARSET=utf8;

--
-- Dumping data for table `web_permission`
--

INSERT INTO `web_permission` (`permission_id`, `name`, `description`, `module_id`) VALUES
(1, 'blockmgr', 'Permission to use block manager', 1),
(2, 'blockmgr_cmd_add', 'Permission to add new block', 1),
(3, 'blockmgr_cmd_edit', 'Permission to edit existing block', 1),
(4, 'blockmgr_cmd_delete', 'Permission to remove block', 1),
(5, 'blockmgr_cmd_reorder', 'Permission to reorder blocks', 1),
(6, 'blockmgr_cmd_list', 'Permission to view block listing', 1),
(7, 'blockmgr_cmd_insert', 'Permission to view block listing', 1),
(8, 'blockmgr_cmd_update', 'Permission to view block listing', 1),
(9, 'modulemgr', '', 2),
(10, 'modulemgr_cmd_add', '', 2),
(11, 'modulemgr_cmd_insert', '', 2),
(12, 'modulemgr_cmd_delete', '', 2),
(13, 'modulemgr_cmd_list', '', 2),
(14, 'modulemgr_cmd_overview', '', 2),
(15, 'modulemgr_cmd_edit', '', 2),
(16, 'modulemgr_cmd_update', '', 2),
(17, 'configmgr', '', 2),
(18, 'configmgr_cmd_edit', 'Permission to view and edit config settings', 2),
(19, 'configmgr_cmd_update', 'Permission to update config values', 2),
(20, 'defaultmgr', '', 2),
(21, 'defaultmgr_cmd_list', '', 2),
(22, 'bugmgr', '', 2),
(23, 'bugmgr_cmd_list', NULL, 2),
(24, 'bugmgr_cmd_send', NULL, 2),
(25, 'maintenancemgr_cmd_edit', '', 2),
(26, 'maintenancemgr_cmd_update', '', 2),
(27, 'maintenancemgr_cmd_append', '', 2),
(28, 'maintenancemgr_cmd_dbgen', '', 2),
(29, 'maintenancemgr_cmd_clearCache', '', 2),
(30, 'maintenancemgr_cmd_list', '', 2),
(31, 'maintenancemgr', '', 2),
(32, 'maintenancemgr_cmd_verify', '', 2),
(33, 'maintenancemgr_cmd_checkAllModules', '', 2),
(34, 'maintenancemgr_cmd_rebuildSequences', '', 2),
(35, 'maintenancemgr_cmd_createModule', '', 2),
(36, 'maintenancemgr_cmd_checkLatestVersion', '', 2),
(37, 'pearmgr', '', 2),
(38, 'pearmgr_cmd_list', '', 2),
(39, 'pearmgr_cmd_doRequest', '', 2),
(40, 'rolemgr_cmd_duplicate', '', 3),
(41, 'activateemailmgr_cmd_view', '', 3),
(42, 'activateemailmgr_cmd_activate', '', 3),
(43, 'accountmgr_cmd_edit', '', 3),
(44, 'accountmgr_cmd_update', '', 3),
(45, 'accountmgr_cmd_viewProfile', '', 3),
(46, 'accountmgr_cmd_summary', '', 3),
(47, 'loginmgr_cmd_login', '', 3),
(48, 'loginmgr_cmd_list', '', 3),
(49, 'orgmgr_cmd_add', '', 3),
(50, 'orgmgr_cmd_insert', '', 3),
(51, 'orgmgr_cmd_edit', '', 3),
(52, 'orgmgr_cmd_update', '', 3),
(53, 'orgmgr_cmd_delete', '', 3),
(54, 'orgmgr_cmd_list', '', 3),
(55, 'passwordmgr_cmd_retrieve', '', 3),
(56, 'passwordmgr_cmd_forgot', '', 3),
(57, 'userpasswordmgr', '', 3),
(58, 'userpasswordmgr_cmd_edit', '', 3),
(59, 'userpasswordmgr_cmd_update', '', 3),
(60, 'permissionmgr_cmd_add', '', 3),
(61, 'permissionmgr_cmd_insert', '', 3),
(62, 'permissionmgr_cmd_edit', '', 3),
(63, 'permissionmgr_cmd_update', '', 3),
(64, 'permissionmgr_cmd_delete', '', 3),
(65, 'permissionmgr_cmd_list', '', 3),
(66, 'preferencemgr_cmd_add', '', 3),
(67, 'preferencemgr_cmd_insert', '', 3),
(68, 'preferencemgr_cmd_edit', '', 3),
(69, 'preferencemgr_cmd_update', '', 3),
(70, 'preferencemgr_cmd_delete', '', 3),
(71, 'preferencemgr_cmd_list', '', 3),
(72, 'profilemgr_cmd_view', '', 3),
(73, 'registermgr_cmd_add', '', 3),
(74, 'registermgr_cmd_insert', '', 3),
(75, 'rolemgr_cmd_add', '', 3),
(76, 'rolemgr_cmd_insert', '', 3),
(77, 'rolemgr_cmd_edit', '', 3),
(78, 'rolemgr_cmd_update', '', 3),
(79, 'rolemgr_cmd_delete', '', 3),
(80, 'rolemgr_cmd_list', '', 3),
(81, 'rolemgr_cmd_editPerms', '', 3),
(82, 'rolemgr_cmd_updatePerms', '', 3),
(83, 'usermgr_cmd_add', '', 3),
(84, 'usermgr_cmd_insert', '', 3),
(85, 'usermgr_cmd_edit', '', 3),
(86, 'usermgr_cmd_update', '', 3),
(87, 'usermgr_cmd_delete', '', 3),
(88, 'usermgr_cmd_list', '', 3),
(89, 'usermgr_cmd_requestPasswordReset', '', 3),
(90, 'usermgr_cmd_resetPassword', '', 3),
(91, 'usermgr_cmd_editPerms', '', 3),
(92, 'usermgr_cmd_updatePerms', '', 3),
(93, 'userpreferencemgr_cmd_editAll', '', 3),
(94, 'userpreferencemgr_cmd_updateAll', '', 3),
(95, 'accountmgr', '', 3),
(96, 'loginmgr', '', 3),
(97, 'loginmgr_cmd_logout', '', 3),
(98, 'orgmgr', '', 3),
(99, 'orgpreferencemgr', '', 3),
(100, 'orgpreferencemgr_cmd_editAll', '', 3),
(101, 'orgpreferencemgr_cmd_updateAll', '', 3),
(102, 'passwordmgr', '', 3),
(103, 'permissionmgr', '', 3),
(104, 'permissionmgr_cmd_scanNew', '', 3),
(105, 'permissionmgr_cmd_insertNew', '', 3),
(106, 'permissionmgr_cmd_scanOrphaned', '', 3),
(107, 'permissionmgr_cmd_deleteOrphaned', '', 3),
(108, 'preferencemgr', '', 3),
(109, 'profilemgr', '', 3),
(110, 'registermgr', '', 3),
(111, 'rolemgr', '', 3),
(112, 'userimportmgr', '', 3),
(113, 'userimportmgr_cmd_list', '', 3),
(114, 'userimportmgr_cmd_insertImportedUsers', '', 3),
(115, 'usermgr', '', 3),
(116, 'usermgr_cmd_syncToRole', '', 3),
(117, 'userpreferencemgr', '', 3),
(118, 'orgtypemgr', NULL, 3),
(119, 'orgtypemgr_cmd_add', NULL, 3),
(120, 'orgtypemgr_cmd_insert', NULL, 3),
(121, 'orgtypemgr_cmd_edit', NULL, 3),
(122, 'orgtypemgr_cmd_update', NULL, 3),
(123, 'orgtypemgr_cmd_delete', NULL, 3),
(124, 'orgtypemgr_cmd_list', NULL, 3),
(125, 'usermgr_cmd_requestChangeUserStatus', NULL, 3),
(126, 'usermgr_cmd_changeUserStatus', NULL, 3),
(127, 'usermgr_cmd_viewLogin', NULL, 3),
(128, 'usermgr_cmd_truncateLoginTbl', NULL, 3),
(129, 'usersearchmgr', NULL, 3),
(130, 'usersearchmgr_cmd_add', NULL, 3),
(131, 'usersearchmgr_cmd_search', NULL, 3),
(132, 'navstylemgr', '', 4),
(133, 'navstylemgr_cmd_changeStyle', '', 4),
(134, 'navstylemgr_cmd_list', '', 4),
(135, 'sectionmgr', '', 4),
(136, 'sectionmgr_cmd_add', '', 4),
(137, 'sectionmgr_cmd_insert', '', 4),
(138, 'sectionmgr_cmd_edit', '', 4),
(139, 'sectionmgr_cmd_update', '', 4),
(140, 'sectionmgr_cmd_delete', '', 4),
(141, 'sectionmgr_cmd_reorder', '', 4),
(142, 'sectionmgr_cmd_list', '', 4),
(143, 'adminarticlewebmgr', '', 6),
(144, 'adminarticlewebmgr_cmd_view', '', 6),
(145, 'adminarticlewebmgr_cmd_addview', '', 6),
(146, 'adminarticlewebmgr_cmd_add', '', 6),
(147, 'adminarticlewebmgr_cmd_editview', '', 6),
(148, 'adminarticlewebmgr_cmd_edit', '', 6),
(149, 'adminarticlewebmgr_cmd_delete', '', 6),
(150, 'adminarticletypewebmgr', '', 6),
(151, 'adminarticletypewebmgr_cmd_view', '', 6),
(152, 'adminarticletypewebmgr_cmd_addview', '', 6),
(153, 'adminarticletypewebmgr_cmd_add', '', 6),
(154, 'adminarticletypewebmgr_cmd_editview', '', 6),
(155, 'adminarticletypewebmgr_cmd_edit', '', 6),
(156, 'adminarticletypewebmgr_cmd_delete', '', 6),
(157, 'articleviewwebmgr', '', 6),
(158, 'articleviewwebmgr_cmd_viewarticle', '', 6),
(159, 'articleviewwebmgr_cmd_viewarticletype', '', 6),
(160, 'articleviewwebmgr_cmd_viewarticlealltype', '', 6),
(161, 'adminnewseventmgr', '', 7),
(162, 'adminnewseventmgr_cmd_view', '', 7),
(163, 'adminnewseventmgr_cmd_addview', '', 7),
(164, 'adminnewseventmgr_cmd_add', '', 7),
(165, 'adminnewseventmgr_cmd_editview', '', 7),
(166, 'adminnewseventmgr_cmd_edit', '', 7),
(167, 'adminnewseventmgr_cmd_delete', '', 7),
(168, 'adminnewseventtypemgr', '', 7),
(169, 'adminnewseventtypemgr_cmd_view', '', 7),
(170, 'adminnewseventtypemgr_cmd_addview', '', 7),
(171, 'adminnewseventtypemgr_cmd_add', '', 7),
(172, 'adminnewseventtypemgr_cmd_editview', '', 7),
(173, 'adminnewseventtypemgr_cmd_edit', '', 7),
(174, 'adminnewseventtypemgr_cmd_delete', '', 7),
(175, 'newseventviewmgr', '', 7),
(176, 'newseventviewmgr_cmd_viewarticle', '', 7),
(177, 'newseventviewmgr_cmd_viewarticletype', '', 7),
(178, 'newseventviewmgr_cmd_viewarticlealltype', '', 7),
(179, 'admintipsmgr', '', 8),
(180, 'admintipsmgr_cmd_view', '', 8),
(181, 'admintipsmgr_cmd_addview', '', 8),
(182, 'admintipsmgr_cmd_add', '', 8),
(183, 'admintipsmgr_cmd_editview', '', 8),
(184, 'admintipsmgr_cmd_edit', '', 8),
(185, 'admintipsmgr_cmd_delete', '', 8),
(186, 'admintipstypemgr', '', 8),
(187, 'admintipstypemgr_cmd_view', '', 8),
(188, 'admintipstypemgr_cmd_addview', '', 8),
(189, 'admintipstypemgr_cmd_add', '', 8),
(190, 'admintipstypemgr_cmd_editview', '', 8),
(191, 'admintipstypemgr_cmd_edit', '', 8),
(192, 'admintipstypemgr_cmd_delete', '', 8),
(193, 'tipsviewmgr', '', 8),
(194, 'tipsviewmgr_cmd_viewarticle', '', 8),
(195, 'tipsviewmgr_cmd_viewarticletype', '', 8),
(196, 'tipsviewmgr_cmd_viewarticlealltype', '', 8),
(197, 'adminstereomicroscopemgr', '', 9),
(198, 'adminstereomicroscopemgr_cmd_view', '', 9),
(199, 'adminstereomicroscopemgr_cmd_addview', '', 9),
(200, 'adminstereomicroscopemgr_cmd_add', '', 9),
(201, 'adminstereomicroscopemgr_cmd_editview', '', 9),
(202, 'adminstereomicroscopemgr_cmd_edit', '', 9),
(203, 'adminstereomicroscopemgr_cmd_delete', '', 9),
(204, 'adminstereomicroscopetypemgr', '', 9),
(205, 'adminstereomicroscopetypemgr_cmd_view', '', 9),
(206, 'adminstereomicroscopetypemgr_cmd_addview', '', 9),
(207, 'adminstereomicroscopetypemgr_cmd_add', '', 9),
(208, 'adminstereomicroscopetypemgr_cmd_editview', '', 9),
(209, 'adminstereomicroscopetypemgr_cmd_edit', '', 9),
(210, 'adminstereomicroscopetypemgr_cmd_delete', '', 9),
(211, 'stereomicroscopeViewmgr', '', 9),
(212, 'stereomicroscopeViewmgr_cmd_viewarticle', '', 9),
(213, 'stereomicroscopeViewmgr_cmd_viewarticletype', '', 9),
(214, 'stereomicroscopeViewmgr_cmd_viewarticlealltype', '', 9),
(215, 'adminproductmgr', '', 10),
(216, 'adminproductmgr_cmd_view', '', 10),
(217, 'adminproductmgr_cmd_addview', '', 10),
(218, 'adminproductmgr_cmd_add', '', 10),
(219, 'adminproductmgr_cmd_editview', '', 10),
(220, 'adminproductmgr_cmd_edit', '', 10),
(221, 'adminproductmgr_cmd_delete', '', 10),
(222, 'adminproducttypemgr', '', 10),
(223, 'adminproducttypemgr_cmd_view', '', 10),
(224, 'adminproducttypemgr_cmd_addview', '', 10),
(225, 'adminproducttypemgr_cmd_add', '', 10),
(226, 'adminproducttypemgr_cmd_editview', '', 10),
(227, 'adminproducttypemgr_cmd_edit', '', 10),
(228, 'adminproducttypemgr_cmd_delete', '', 10),
(229, 'prductviewmgr', '', 10),
(230, 'prductviewmgr_cmd_viewarticle', '', 10),
(231, 'prductviewmgr_cmd_viewarticletype', '', 10),
(232, 'prductviewmgr_cmd_viewarticlealltype', '', 10),
(233, 'adminsubcontractormgr', '', 11),
(234, 'adminsubcontractormgr_cmd_view', '', 11),
(235, 'adminsubcontractormgr_cmd_addview', '', 11),
(236, 'adminsubcontractormgr_cmd_add', '', 11),
(237, 'adminsubcontractormgr_cmd_editview', '', 11),
(238, 'adminsubcontractormgr_cmd_edit', '', 11),
(239, 'adminsubcontractormgr_cmd_delete', '', 11),
(240, 'adminsubcontractortypemgr', '', 11),
(241, 'adminsubcontractortypemgr_cmd_view', '', 11),
(242, 'adminsubcontractortypemgr_cmd_addview', '', 11),
(243, 'adminsubcontractortypemgr_cmd_add', '', 11),
(244, 'adminsubcontractortypemgr_cmd_editview', '', 11),
(245, 'adminsubcontractortypemgr_cmd_edit', '', 11),
(246, 'adminsubcontractortypemgr_cmd_delete', '', 11),
(247, 'subcontractorViewmgr', '', 11),
(248, 'subcontractorViewmgr_cmd_viewarticle', '', 11),
(249, 'subcontractorViewmgr_cmd_viewarticletype', '', 11),
(250, 'subcontractorViewmgr_cmd_viewarticlealltype', '', 11);

-- --------------------------------------------------------

--
-- Table structure for table `web_permission_seq`
--

CREATE TABLE `web_permission_seq` (
  `id` int(10) UNSIGNED NOT NULL
) ENGINE=MyISAM DEFAULT CHARSET=utf8;

--
-- Dumping data for table `web_permission_seq`
--

INSERT INTO `web_permission_seq` (`id`) VALUES
(250);

-- --------------------------------------------------------

--
-- Table structure for table `web_preference`
--

CREATE TABLE `web_preference` (
  `preference_id` int(11) NOT NULL DEFAULT '0',
  `name` varchar(128) DEFAULT NULL,
  `default_value` varchar(128) DEFAULT NULL
) ENGINE=MyISAM DEFAULT CHARSET=utf8;

--
-- Dumping data for table `web_preference`
--

INSERT INTO `web_preference` (`preference_id`, `name`, `default_value`) VALUES
(1, 'sessionTimeout', '1800'),
(2, 'timezone', 'Asia/Bangkok'),
(3, 'theme', 'rvtheme'),
(4, 'dateFormat', 'UK'),
(5, 'language', 'en-utf-8'),
(6, 'resPerPage', '30'),
(7, 'showExecutionTimes', '0'),
(8, 'locale', 'th_TH.utf8');

-- --------------------------------------------------------

--
-- Table structure for table `web_preference_seq`
--

CREATE TABLE `web_preference_seq` (
  `id` int(10) UNSIGNED NOT NULL
) ENGINE=MyISAM DEFAULT CHARSET=utf8;

--
-- Dumping data for table `web_preference_seq`
--

INSERT INTO `web_preference_seq` (`id`) VALUES
(8);

-- --------------------------------------------------------

--
-- Table structure for table `web_product`
--

CREATE TABLE `web_product` (
  `article_id` int(11) NOT NULL DEFAULT '0',
  `article_type_id` int(2) NOT NULL DEFAULT '0',
  `date_start` int(11) NOT NULL DEFAULT '0',
  `date_end` int(11) NOT NULL DEFAULT '0',
  `article_icon` varchar(255) NOT NULL DEFAULT '',
  `skip_default_lang` smallint(1) NOT NULL DEFAULT '0',
  `publish` smallint(1) NOT NULL DEFAULT '0',
  `never_expired` smallint(1) NOT NULL DEFAULT '0',
  `user_id` int(11) NOT NULL DEFAULT '0'
) ENGINE=MyISAM DEFAULT CHARSET=utf8;

--
-- Dumping data for table `web_product`
--

INSERT INTO `web_product` (`article_id`, `article_type_id`, `date_start`, `date_end`, `article_icon`, `skip_default_lang`, `publish`, `never_expired`, `user_id`) VALUES
(2, 15, -60, -60, '', 0, 1, 1, 1),
(37, 6, 1228355709, 1230947709, '', 0, 1, 1, 1),
(22, 6, -60, -60, '', 0, 1, 1, 1),
(36, 6, 1228355280, 1230947280, '', 0, 1, 1, 1),
(23, 6, -60, -60, '', 0, 1, 1, 1),
(34, 6, 1228274500, 1230866500, '', 0, 1, 1, 1),
(35, 6, 1228354860, 1230946860, '', 0, 1, 1, 1),
(32, 6, 1228272300, 1230864300, '', 0, 1, 1, 1),
(31, 6, 1228270800, 1230862800, '', 0, 1, 1, 1),
(16, 5, -60, -60, '', 0, 1, 1, 1),
(17, 5, -60, -60, '', 0, 1, 1, 1),
(18, 5, -60, -60, '', 0, 1, 1, 1),
(19, 5, -60, -60, '', 0, 1, 1, 1),
(20, 5, -60, -60, '', 0, 1, 1, 1),
(21, 5, -60, -60, '', 0, 1, 1, 1),
(24, 6, -1, -1, '', 0, 1, 1, 1),
(25, 6, -1, -1, '', 0, 1, 1, 1),
(26, 6, -1, -1, '', 0, 1, 1, 1),
(27, 6, -1, -1, '', 0, 1, 1, 1),
(28, 6, -60, -60, '', 0, 1, 1, 1),
(39, 6, 1228358254, 1230950254, '', 0, 1, 1, 1),
(38, 6, 1228355880, 1230947880, '', 0, 1, 1, 1),
(40, 6, 1228358405, 1230950405, '', 0, 1, 1, 1),
(41, 6, 1228361168, 1230953168, '', 0, 1, 1, 1),
(42, 6, 1228361220, 1230953220, '', 0, 1, 1, 1),
(43, 6, 1228362100, 1230954100, '', 0, 1, 1, 1),
(44, 6, 1228363320, 1230955320, '', 0, 1, 1, 1),
(45, 6, 1228364488, 1230956488, '', 0, 1, 1, 1),
(46, 6, 1228364955, 1230956955, '', 0, 1, 1, 1),
(47, 6, 1228365531, 1230957531, '', 0, 1, 1, 1),
(48, 6, 1228366483, 1230958483, '', 0, 1, 1, 1),
(49, 6, 1228366842, 1230958842, '', 0, 1, 1, 1),
(50, 6, 1228378496, 1230970496, '', 0, 1, 1, 1),
(51, 6, 1228378872, 1230970872, '', 0, 1, 1, 1),
(52, 6, 1228379400, 1230971400, '', 0, 1, 1, 1),
(107, 2, 1276572000, 1279164000, '', 0, 1, 1, 1),
(106, 2, 1276508100, 1279100100, '', 0, 1, 1, 1),
(55, 2, 1228704644, 1231296644, '', 0, 1, 1, 1),
(59, 2, 1228716720, 1231308720, '', 0, 1, 1, 1),
(61, 2, 1228721520, 1231313520, '', 0, 1, 1, 1),
(125, 21, 1348714800, 1351306800, '', 0, 1, 1, 1),
(63, 2, 1228723560, 1231315560, '', 0, 1, 1, 1),
(124, 21, 1348714513, 1351306513, '', 0, 1, 1, 1),
(65, 2, 1228725480, 1231317480, '', 0, 1, 1, 1),
(66, 1, 1228804680, 1231396680, '', 0, 1, 1, 1),
(67, 3, 1228880081, 1231472081, '', 0, 1, 1, 1),
(68, 4, 1228882606, 1231474606, '', 0, 1, 1, 1),
(69, 4, 1228884540, 1231476540, '', 0, 1, 1, 1),
(70, 4, 1228885500, 1231477500, '', 0, 1, 1, 1),
(71, 3, 1228958880, 1231550880, '', 0, 1, 1, 1),
(72, 3, 1228960559, 1231552559, '', 0, 1, 1, 1),
(73, 3, 1228962480, 1231554480, '', 0, 1, 1, 1),
(74, 3, 1228968000, 1231560000, '', 0, 1, 1, 1),
(75, 3, 1228969320, 1231561320, '', 0, 1, 1, 1),
(76, 4, 1228969756, 1231561756, '', 0, 1, 1, 1),
(101, 18, 1249878840, 1252470840, '', 0, 1, 1, 1),
(78, 4, 1231130455, 1233722455, '', 0, 1, 1, 1),
(79, 4, 1231139460, 1233731460, '', 0, 1, 1, 1),
(80, 4, 1231210271, 1233802271, '', 0, 1, 1, 1),
(81, 4, 1231210462, 1233802462, '', 0, 1, 1, 1),
(82, 4, 1231211312, 1233803312, '', 0, 1, 1, 1),
(83, 4, 1231213259, 1233805259, '', 0, 1, 1, 1),
(84, 4, 1231215655, 1233807655, '', 0, 1, 1, 1),
(85, 4, 1231217247, 1233809247, '', 0, 1, 1, 1),
(99, 17, 1247542275, 1250134275, '', 0, 1, 1, 1),
(98, 17, 1247542026, 1250134026, '', 0, 1, 1, 1),
(89, 1, 1231470360, 1234062360, '', 0, 1, 1, 1),
(90, 1, 1231473840, 1234065840, '', 0, 1, 1, 1),
(91, 4, 1231481640, 1234073640, '', 0, 1, 1, 1),
(92, 3, 1231484100, 1234076100, '', 0, 1, 1, 1),
(93, 3, 1232503320, 1235095320, '', 0, 1, 1, 1),
(94, 3, 1232504040, 1235096040, '', 0, 1, 1, 1),
(95, 3, 1232504589, 1235096589, '', 0, 1, 1, 1),
(96, 3, 1232505111, 1235097111, '', 0, 1, 1, 1),
(97, 17, 1247541822, 1250133822, '', 0, 1, 1, 1),
(102, 18, 1250654580, 1253246580, '', 0, 1, 1, 1),
(103, 2, 1250667900, 1253259900, '', 0, 1, 1, 1),
(121, 18, 1305966000, 1308558000, '', 0, 1, 1, 1),
(120, 4, 1305965220, 1308557220, '', 0, 1, 1, 1),
(108, 2, 1294213140, 1296805140, '', 0, 1, 1, 1),
(109, 18, 1305945740, 1308537740, '', 0, 1, 1, 1),
(110, 4, 1305950435, 1308542435, '', 0, 1, 1, 1),
(111, 18, 1305951180, 1308543180, '', 0, 1, 1, 1),
(112, 20, 1305957717, 1308549717, '', 0, 1, 1, 1),
(113, 20, 1305958253, 1308550253, '', 0, 1, 1, 1),
(114, 20, 1305959760, 1308551760, '', 0, 1, 1, 1),
(115, 21, 1305960360, 1308552360, '', 0, 1, 1, 1),
(118, 21, 1305963360, 1308555360, '', 0, 1, 1, 1),
(119, 21, 1305964440, 1308556440, '', 0, 1, 1, 1),
(122, 18, 1305966409, 1308558409, '', 0, 1, 1, 1),
(123, 18, 1305969670, 1308561670, '', 0, 1, 1, 1);

-- --------------------------------------------------------

--
-- Table structure for table `web_product_group_status`
--

CREATE TABLE `web_product_group_status` (
  `article_type_id` int(11) NOT NULL DEFAULT '0',
  `status` smallint(1) NOT NULL DEFAULT '0',
  `date_create` int(11) NOT NULL DEFAULT '0'
) ENGINE=MyISAM DEFAULT CHARSET=utf8;

--
-- Dumping data for table `web_product_group_status`
--

INSERT INTO `web_product_group_status` (`article_type_id`, `status`, `date_create`) VALUES
(5, 1, 1226910551),
(6, 1, 1226910577),
(8, 1, 1226913195),
(9, 1, 1226913500),
(10, 1, 1226913572),
(12, 1, 1226920056),
(13, 1, 1226920120),
(14, 1, 1226920171),
(15, 1, 1226920228),
(16, 1, 1226920279),
(17, 1, 1247540038),
(18, 1, 1247541552),
(20, 1, 1305953283),
(21, 1, 1305960212);

-- --------------------------------------------------------

--
-- Table structure for table `web_product_images`
--

CREATE TABLE `web_product_images` (
  `image_id` int(11) NOT NULL DEFAULT '0',
  `article_id` int(11) NOT NULL DEFAULT '0',
  `image_name` varchar(255) NOT NULL DEFAULT '',
  `image_path` varchar(255) NOT NULL DEFAULT '',
  `oldfilename` varchar(255) NOT NULL DEFAULT ''
) ENGINE=MyISAM DEFAULT CHARSET=utf8;

--
-- Dumping data for table `web_product_images`
--

INSERT INTO `web_product_images` (`image_id`, `article_id`, `image_name`, `image_path`, `oldfilename`) VALUES
(20, 2, '7430a557d0b8f6a9e91a3090ef308263.jpg', 'images/subcontractor/', 'Aluminium-Part.jpg'),
(44, 23, '6d7638d9f3ef10dd0555514ff2960d45.jpg', 'images/stereomicroscope/', 'DSZ-44PFM-IFH220.jpg'),
(40, 19, '2e5b1529152aa56aac8bbe394b71118a.jpg', 'images/stereomicroscope/', '12BRTL.jpg'),
(38, 17, 'd0f0ec103bf70ca912ad7606dc7656bf.jpg', 'images/stereomicroscope/', '13PFM-IFH .jpg'),
(67, 22, '87f06515c380d463d539dd46d3d653b9.jpg', 'images/stereomicroscope/', 'DSZ-44PFM-X.jpg'),
(50, 31, '60605bfec508cd1712550c71a85ae1b0.jpg', 'images/stereomicroscope/', 'SPZ-50PFM-X.jpg'),
(39, 18, '2f0b307acce60c0d2d32eaef8a900923.jpg', 'images/stereomicroscope/', '12brt.jpg'),
(51, 32, 'f208e20fa6164a6504a66e7458f4b7cd.jpg', 'images/stereomicroscope/', 'SPZ-50PFM-IFH.jpg'),
(34, 16, 'd9561d0cde81cfd94385ffa1a9e4cda5.jpg', 'images/stereomicroscope/', '1.jpg'),
(41, 20, '16bfad376f08103811c7ff5956af5fa1.jpg', 'images/stereomicroscope/', 'NSWT 13PFM-IFH220.jpg'),
(42, 21, '98ae4fc5ffb80cf854e169bb1f8a9cb0.jpg', 'images/stereomicroscope/', 'NSWT-13PIHF.jpg'),
(45, 24, '671f94a99390903cfd966ff04872c036.jpg', 'images/stereomicroscope/', 'DSZ-44BRT-IFH220.jpg'),
(46, 25, '87e5943772eed676562f4830b48e8101.jpg', 'images/stereomicroscope/', 'DSZ-44PITF.jpg'),
(47, 26, '7d58e706ec7ec2cf866544d59416147a.jpg', 'images/stereomicroscope/', 'DSZ-44PIHF.jpg'),
(48, 27, '7f1fe4ffecfdb5391b27f3e22e02e5b0.jpg', 'images/stereomicroscope/', 'DSZ-44SBF-S.jpg'),
(66, 28, 'f0c58dd04b58159daa203aeb9aec49ee.jpg', 'images/stereomicroscope/', 'DSZT-44PFM-X.jpg'),
(55, 35, 'cd050550db90b3b06295927aa5f0cf26.jpg', 'images/stereomicroscope/', 'SPZ-50PITF-M.jpg'),
(53, 34, '327f8e56558a9ae5436469288116510a.jpg', 'images/stereomicroscope/', 'SPZ50SBF M.jpg'),
(56, 36, '3827f6d4c407379baa34f0f51392700f.jpg', 'images/stereomicroscope/', 'SPZ50UN.jpg'),
(57, 37, '08f6cea2a84134e55063a780703ceac8.jpg', 'images/stereomicroscope/', 'SPZT50PFM.jpg'),
(58, 38, 'a21d234de9fc2c60d07ab2052878580f.jpg', 'images/stereomicroscope/', 'SPZT-50PIHF-M.jpg'),
(59, 39, 'd51ccc136fd8d4aa31a9e316f8fb304f.jpg', 'images/stereomicroscope/', 'SPZT50SBF_SM.jpg'),
(60, 40, 'f2ad132f59b0761d063bbb92c9404f18.jpg', 'images/stereomicroscope/', 'SPZT50UNF_SM.jpg'),
(61, 41, 'bb6cce7bd591c6f4b3b134cbf15d85de.jpg', 'images/stereomicroscope/', 'DSZT-44PFM-IFH220.jpg'),
(62, 42, '0bf9a6d71cab086d857257872c9072e8.jpg', 'images/stereomicroscope/', 'DSZT-44BRT-IFH.jpg'),
(63, 43, 'fcad1f81158094481d2444ab937c71c5.jpg', 'images/stereomicroscope/', 'DSZT-44PITF.jpg'),
(68, 44, '794df3f1e20268d60bb72a5965eb9353.jpg', 'images/stereomicroscope/', 'DSZ-70PFM-X.jpg'),
(69, 45, 'b16deb5b4e9c2e7ea053d4d19fba02a3.jpg', 'images/stereomicroscope/', 'DSZ-70PFM-IFL.jpg'),
(70, 46, 'c631d8d3842c31c4560935de7fe3963f.jpg', 'images/stereomicroscope/', 'DSZ-70BRT-IFL.jpg'),
(71, 47, '427d4215d422cf3399af4cf22b059075.jpg', 'images/stereomicroscope/', 'DSZ-70SBF-SL.jpg'),
(72, 48, 'b47b9219edf4ff1b514962b1cc26b8b1.jpg', 'images/stereomicroscope/', 'DSZ-70PIHF-L.jpg'),
(73, 49, 'c63dec135b8ee6681af7a1e3b4218d2f.jpg', 'images/stereomicroscope/', 'DSZT-70PFM-X.jpg'),
(74, 50, '521a437390b4ebde9f26219b4f6a677f.jpg', 'images/stereomicroscope/', 'DSZT-70PFM-IFL.jpg'),
(75, 51, '9c625c547fa2df1c6252c83c3a21fb1a.jpg', 'images/stereomicroscope/', 'DSZT-70BRT-IFL.jpg'),
(76, 52, 'e28cfa463ff8340c60428947f014b13e.jpg', 'images/stereomicroscope/', 'DSZT-70SBF-SL.jpg'),
(155, 107, 'f6601babc1923e38ac32cbcb78b09135.jpg', 'images/Image/', 'CN-T10.jpg'),
(154, 106, '495ffe54830966e0c0c5cd8af1a0729d.jpg', 'images/Image/', 'CN-B10.jpg'),
(79, 55, '3a4b22bb4132855e20f583c391d6541a.jpg', 'images/Image/', '8 MS.jpg'),
(83, 59, 'b6d24c040016a566aeb507ff1d2d20be.jpg', 'images/Image/', 'CST-15.jpg'),
(85, 61, 'b3ad65719e58af644ced5164b113407b.jpg', 'images/Image/', 'CS-B15.jpg'),
(175, 125, 'c90fcf3cfba6a0fc47507760c870cda0.jpg', 'images/stereomicroscope/', 'CSD-MS-T.jpg'),
(87, 63, '9972d57588812cb31acf1cf2c4a31886.jpg', 'images/Image/', 'CS-M15.jpg'),
(174, 124, '40258d1c99de6df49d602409f99c0091.jpg', 'images/stereomicroscope/', 'CSD-MG-T.jpg'),
(173, 65, '584a29c7c2ace63c264f006fa8f00c27.jpg', 'images/Image/', 'NDL-6 LED.jpg'),
(90, 66, '971757dce04ee813c47d55bd5d0b4230.jpg', 'images/Image/', 'JH.jpg'),
(91, 67, '6fcb90c2a9347dc8669e43f1bcb3085d.jpg', 'images/Image/', 'SHOP MICROSCOPE M1754.jpg'),
(92, 68, 'c051d1daeea0c39a6f1cc5cc75336494.jpg', 'images/Image/', 'M300R.jpg'),
(93, 69, 'faa69f0d9df8800560c1db3449b4aa59.jpg', 'images/Image/', 'M300-E.jpg'),
(95, 70, '55329e349124f688996e90a61cb6821a.jpg', 'images/Image/', 'M300-C.jpg'),
(97, 71, 'e4b6d12da012ea87f8cc5d2fe48a275a.jpg', 'images/Image/', 'M888.jpg'),
(98, 72, '2a38c57d6c24c8b30a1a281a9a8cde20.jpg', 'images/Image/', 'R7519.jpg'),
(100, 73, 'a987b7e6fdde2da63b741acf26f2b995.jpg', 'images/Image/', 'M1210, M1207.jpg'),
(101, 74, 'e7ac85508c9bb2667a96ff8a96666284.jpg', 'images/Image/', 'SWING OUT.jpg'),
(103, 76, 'd154e194d28995030689cfbb6d56eeda.JPG', 'images/Image/', 'AUXILIARY 1.6.JPG'),
(104, 75, '5e3435677abca21f76f8ada94d5e81f8.jpg', 'images/Image/', 'M1240.jpg'),
(142, 101, '1b8f0e2e55e779d6720d6153846f8d1d.gif', 'images/stereomicroscope/', 'XR9503E  2.gif'),
(109, 78, 'f8f7d31a89a31802f9b616e5db433f55.jpg', 'images/Image/', 'MIC 56.jpg'),
(115, 79, '6c1fd5084e3abb9a929f69554cb15645.jpg', 'images/Image/', 'HDR61.jpg'),
(116, 80, '1681f662b504523db2542713a31c7b65.jpg', 'images/Image/', 'L-150AR60.jpg'),
(117, 81, '9b2f24f46694f2f417edb065b71143e6.jpg', 'images/Image/', 'L-150AB.jpg'),
(118, 82, '8041d066c2d8c1d78d03952701b828e0.jpg', 'images/Image/', 'ANNULAR  8W.jpg'),
(119, 83, 'a402333236ca5fba7bf981b0789efdd6.jpg', 'images/Image/', 'TV-A45.jpg'),
(120, 84, '65ea10ea9c4f7c95ba9e6a1fb7a9594e.jpg', 'images/Image/', 'T-MICRO + T-MOUNT.jpg'),
(121, 85, 'acf203272074fbebadf0ea8d03f32545.jpg', 'images/Image/', 'XR9501.jpg'),
(136, 99, '9a2860dee786470c204c8d4b56f76e86.jpg', 'images/stereomicroscope/', 'MZL_745PF_Z1014E.jpg'),
(135, 98, 'c7a9fbedecb14beaf2cbb1e0c608d228.jpg', 'images/stereomicroscope/', 'M1234+PIHF+HOLDER+TV+SONY 540.jpg'),
(157, 89, '60eb1bd683409399e46efa649f1c433a.jpg', 'images/Image/', 'DSZ-44JV.jpg'),
(127, 90, '9f7aebfc1a2d0d9439d76177cc0c77c3.jpg', 'images/Image/', 'NSW 1x PXX, DSZ-44PXX.jpg'),
(128, 91, '0e93dda0b87b3d82ae3ae348f404dc1c.jpg', 'images/Image/', 'DFSW + SCALE.jpg'),
(129, 92, '86e6013438702c1c3865d72b5d4d6968.jpg', 'images/Image/', 'DSZT-44PFM-IFH220+Z1014E SET.jpg'),
(130, 93, 'b78624d529ddb428f73b1acf80a7febd.jpg', 'images/Image/', 'Magnifier 8064D.jpg'),
(131, 94, '938642b2598a171572ae7770a2ec3a65.jpg', 'images/Image/', 'Magnifier 8066D.jpg'),
(132, 95, 'e3a1edb5e87fe28a48c3c8d96da970ca.jpg', 'images/Image/', 'Magnifier 8066BEC.jpg'),
(133, 96, '4d82b2b21619839c5239321965cc3773.jpg', 'images/Image/', 'Magnifier 8069BEC.jpg'),
(134, 97, '0f704901b7982f1f1bf26120d1cd7873.jpg', 'images/stereomicroscope/', 'DSZT-44PFM-X+HDR61+MD130.jpg'),
(143, 102, '25413e32a07eb629ac4384d2495c8926.gif', 'images/stereomicroscope/', 'Mighty Scope.gif'),
(144, 103, 'a2f61dc7a3b040111cb99887d0e94fc3.gif', 'images/Image/', 'PHADE CONTRAST.gif'),
(170, 121, '90082b6f887a8cbfc8f4a2d9b5267895.jpg', 'images/stereomicroscope/', 'DSZV-44CTPFM-X-LL WITH LED.jpg'),
(169, 120, 'bea53cc818eac82aff7ddc616f5e3846.jpg', 'images/Image/', 'UN-S200 With Flu 9W.jpg'),
(156, 108, '262296d813a13c51ba57c112a72d865b.jpg', 'images/Image/', 'CSD-DL-P.jpg'),
(158, 109, 'b34e4270a68c7da365fe3fee13d1a85a.jpg', 'images/stereomicroscope/', 'PFM-LED.jpg'),
(159, 110, '58caed5593d9817cbbe8c05f9d3b3b91.jpg', 'images/Image/', 'LED ILLUMINATOR.jpg'),
(160, 111, '2d6f5f2c5f29357ee8b60beaa35728d1.jpg', 'images/stereomicroscope/', 'DSZV-44CT-PFM-LED.jpg'),
(161, 112, '8afd792410ee03a1df11e38b34574f0d.jpg', 'images/stereomicroscope/', 'BH-13PFM-IFH.jpg'),
(162, 113, '0910a2860b29c9354ed0b7c5a7534198.jpg', 'images/stereomicroscope/', 'BH-13PFM-LED.jpg'),
(163, 114, '606542fc2326a058787b70747dbee0da.jpg', 'images/stereomicroscope/', 'BH-13BRF-IFH220.jpg'),
(164, 115, '3fe5f4b647d36b582826141c1a7e97c3.jpg', 'images/stereomicroscope/', 'NIM 100.jpg'),
(167, 118, '68e62355895984c9dfb267d80b5802e9.jpg', 'images/stereomicroscope/', 'CSD-MS-T.jpg'),
(168, 119, 'd4972233670006f1de091c417b3eefea.jpg', 'images/stereomicroscope/', 'CSD-MG-T.jpg'),
(171, 122, '47a425ab0949ca10778e63f8c8544282.jpg', 'images/stereomicroscope/', 'TV LOUPE 7-50x PFM-X WITH LED.jpg'),
(172, 123, '84f9916e940884570a308680f144be97.jpg', 'images/stereomicroscope/', 'MICRO MEASURE.jpg');

-- --------------------------------------------------------

--
-- Table structure for table `web_product_images_seq`
--

CREATE TABLE `web_product_images_seq` (
  `id` int(10) UNSIGNED NOT NULL
) ENGINE=MyISAM DEFAULT CHARSET=utf8;

--
-- Dumping data for table `web_product_images_seq`
--

INSERT INTO `web_product_images_seq` (`id`) VALUES
(175);

-- --------------------------------------------------------

--
-- Table structure for table `web_product_message`
--

CREATE TABLE `web_product_message` (
  `article_message_id` int(11) NOT NULL DEFAULT '0',
  `web_lang_id` int(2) NOT NULL DEFAULT '0',
  `article_id` int(11) NOT NULL DEFAULT '0',
  `title` varchar(255) NOT NULL DEFAULT '',
  `message` mediumtext NOT NULL,
  `extra_field1` varchar(255) DEFAULT NULL,
  `extra_field2` varchar(255) DEFAULT NULL,
  `extra_field3` varchar(255) DEFAULT NULL,
  `extra_field4` varchar(255) DEFAULT NULL,
  `extra_field5` varchar(255) DEFAULT NULL
) ENGINE=MyISAM DEFAULT CHARSET=utf8;

--
-- Dumping data for table `web_product_message`
--

INSERT INTO `web_product_message` (`article_message_id`, `web_lang_id`, `article_id`, `title`, `message`, `extra_field1`, `extra_field2`, `extra_field3`, `extra_field4`, `extra_field5`) VALUES
(2, 1, 2, 'Aluminium  Part', '<p>ASSEMBLING (การประกอบชิ้นงาน) ASSEMBLING (การประกอบชิ้นงาน) ASSEMBLING (การประกอบชิ้นงาน)</p>', 'Aluminium Part-001', NULL, '', '', ''),
(22, 1, 22, 'DSZ-44 series features a zoom magnification of 10x to 44x (zoom ratio 4.4:1) with standard eye-pieces 10x.  A wide range of magnification from 2.5x to 140.8x is available with optional lenses.', '<meta name=\"verify-v1\" content=\"4pdAy7LC7RQBIsg+jb1uliyNUsNi0hwxcM4R1jXhZzY=\" /> \r\n<p><strong>Large stage is equipped for convenience of work.<br />\r\nThe stand is suitable for use of the existing or optional illuminator.</strong></p>', 'DSZ- 44PFM -X', '10', '', '', ''),
(32, 1, 32, 'SPZ-50 series offers an outstandingly large zoom ratio 7.50:1 and the total zoom magnification from 6.7x to 50x with standard eyepiece DHW10x. The SPZ-50\'s having the high eye point of 17mm creates comfortable us even for operators with eye-glasses.', '<p><strong>Large stage is equipped for convenience of work.<br />\r\nA long life and low temperature 9W fluorescent lamp is used for the built-in incident light.</strong></p>', 'SPZ-50PFM-IFM', '19', '', '', ''),
(31, 1, 31, 'SPZ-50 series offers an outstandingly large zoom ratio 7.50:1 and the total zoom magnification from 6.7x to 50x with standard eyepiece DHW10x. The SPZ-50\'s having the high eye point of 17mm. creates comfortable us even for operators with eye-glasses.', '<p><strong>Large stage is equipped for convenience of work. <br />\r\nThe stand is suitable for use of existing or optional illuminator.</strong></p>', 'SPZ-50PFM-X', '19', '', '', ''),
(16, 1, 16, 'NSW series features a dual magnification of 6x & 20x, 10x & 20x, 10x & 30x or 20x & 40x, and a fixed magnification of 10x or 20x, with standard eyepieces 10x. A wide variety of stand and illuminators are available to suit many different applications.', '<p><strong>Large stage is equipped for convenience of work.<br />\r\nThe stand is suitable for use of the existing or optional illuminator.</strong></p>', 'NSW-620, 12, 13, 24 PFM-X', '17', '', '', ''),
(17, 1, 17, 'NSW series features a dual magnification of 6x & 20x, 10x & 20x, 10x & 30x or 20x & 40x, and a fixed magnification of 10x or 20x, with standard eyepieces 10x. A wide variety of stand and illuminators are available to suit many different applications.', '<p><strong>Large stage is equipped for convenience of work.<br />\r\nA long life and low temperature 9W fluorescent lamp is used for the built-in incident light.</strong></p>', 'NSW-620, 12, 13, 24 PFM-IFH220', '17', '', '', ''),
(18, 1, 18, 'NSW series features a dual magnification of 6x & 20x, 10x & 20x, 10x & 30x or 20x & 40x, and a fixed magnification of 10x or 20x, with standard eyepieces 10x. A wide variety of stand and illuminators are available to suit many different applications.', '<p><strong>Transmitted &amp; incident lights are built in the stand.<br />\r\nThe incident light is composed of 9W fluorescent lamp having a long life and a low temperature.</strong></p>', 'NSW-620, 12, 13, 24 BRT-IFH220', '17', '', '', ''),
(19, 1, 19, 'NSW series features a dual magnification of 6x & 20x, 10x & 20x, 10x & 30x or 20x & 40x, and a fixed magnification of 10x or 20x, with standard eyepieces 10x. A wide variety of stand and illuminators are available to suit many different applications.', '<p><strong>Transmitted &amp; incident lights composed of Tungsten lamps are built in the stand. <br />\r\nA low voltage lamp 6V 12W is used for the incident light of the stand type E to make whitish light.</strong></p>', 'NSW-620, 12, 13, 24 BRT-IHV OR ILV', '17', '', '', ''),
(20, 1, 20, 'NSWT series is also available for TV microscopy and photomicrography. It features the same as the NSW series.', '<p><strong>Large stage is equipped for convenience of work.<br />\r\nA long life and low temperature 9W fluorescent lamp is used for the built-in incident light.</strong></p>', 'NSWT-620, 12, 13, 24 PFM-X', '18', '', '', ''),
(21, 1, 21, 'NSWT series is also available for TV microscopy and photomicrography. It features the same as the NSW series.', '<p><strong>Large stage with brightness Adjustable (dimmer).</strong></p>', 'NSWT-620, 12, 13, 24 PIHF', '18', '', '', ''),
(23, 1, 23, 'DSZ-44 series features a zoom magnification of 10x to 44x (zoom ratio 4.4:1) with standard eye-pieces 10x.  A wide range of magnification from 2.5x to 140.8x is available with optional lenses.', '<p><strong>Large stage is equipped for convenience of work.<br />\r\nA long life and low temperature 9W fluorescent lamp is used for the built-in incident light.</strong></p>', 'DSZ- 44PFM-IFH', '10', '', '', ''),
(24, 1, 24, 'The DSZ-44 series features a zoom magnification of 10x to 44x (zoom ratio 4.4:1) with standard eye-pieces 1Ox. A wide range of magnification from 2.5x to 140.8x is available with optional lenses.', '<p><strong>Transmitted &amp; incident lights are built in the stand.<br />\r\nThe incident light is composed of 9W fluorescent lamp having a long life and a low temperature.</strong></p>', 'DSZ - 44BRT - IFH', '10', '', '', ''),
(25, 1, 25, 'The DSZ-44 series features a zoom magnification of 10x to 44x (zoom ratio 4.4:1) with standard eye-pieces 1Ox. A wide range of magnification from 2.5x to 140.8x is available with optional lenses.', '<p><strong>Transmitted &amp; incident lights are built in the stand.<br />\r\nThe incident light is composed of 9W fluorescent lamp having a long life and<br />\r\na low temperature.</strong></p>', 'DSZ - 44 PITF', '10', '', '', ''),
(26, 1, 26, 'The DSZ-44 series features a zoom magnification of 10x to 44x (zoom ratio 4.4:1) with standard eye-pieces 1Ox. A wide range of magnification from 2.5x to 140.8x is available with optional lenses.', '<p><strong>Large stage with brightness Adjustable (dimmer).</strong></p>', 'DSZ - 44PIHF', '10', '', '', ''),
(27, 1, 27, 'The DSZ-44 series features a zoom magnification of 10x to 44x (zoom ratio 4.4:1) with standard eye-pieces 1Ox. A wide range of magnification from 2.5x to 140.8x is available with optional lenses.', '<p><strong>Small stage (144mm width) is equipped for placement on narrow space.<br />\r\nA long life and low temperature 9W fluorescent lamp is used for the built-in incident light.</strong></p>', 'DSZ - 44SBF - S', '10', '', '', ''),
(28, 1, 28, 'DSZT-44 series is provided with trinocular body for TV microscopy and photomicrography.\r\nIt features the same zoom magnification of 10x to 44x as the DSZ-44 series.', '<p><strong>Large stage is equipped for convenience of work.<br />\r\nThe stand is suitable for use of the existing or optional illuminator.</strong></p>', 'DSZT- 44PFM-X', '10', '', '', ''),
(35, 1, 35, 'SPZ-50 series offers an outstandingly large zoom ratio 7.50:1 and the total zoom magnification from 6.7x to 50x with standard eyepiece DHW10x. The SPZ-50\'s having the high eye point of 17mm creates comfortable us even for operators with eye-glasses.', '<p><strong>Transmitted &amp; incident lights are built in the stand.</strong></p>', 'SPZ-50PITF-M', '19', '', '', ''),
(36, 1, 36, 'SPZ-50 series offers an outstandingly large zoom ratio 7.50:1 and the total zoom magnification from 6.7x to 50x with standard eyepiece DHW10x. The SPZ-50\'s having the high eye point of 17mm creates comfortable us even for operators with eye-glasses.', '<p><strong>Universal boom stand is equipped for large specimen.  </strong></p>', 'SPZ-50UN', '19', '', '', ''),
(34, 1, 34, 'SPZ-50 series offers an outstandingly large zoom ratio 7.50:1 and the total zoom magnification from 6.7x to 50x with standard eyepiece DHW10x. The SPZ-50\'s having the high eye point of 17mm creates comfortable us even for operators with eye-glasses.', '<p><strong>Small stage (144 mm. width) is equipped for placement on narrow space. <br />\r\nA long life and low temperature 9W fluorescent lamp is used for the built-in incident light.</strong></p>', 'SPZ-50SBF-M', '19', '', '', ''),
(37, 1, 37, 'SPZT~50 series is same as the SPZ-50 except for trinocular type. It has a vertical tube for the purpose of TV monitoring and photomicrography. The image on the monitor or camera is focusable with the dioptor adjustment ring provided on the vertical tube a', '<p><strong>Large stage is equipped for convenience of work.<br />\r\nA long life and low temperature 9W fluorescent lamp is used for the built-in incident light.</strong></p>', 'SPZT-50PFM-IFM', '19', '', '', ''),
(38, 1, 38, 'SPZT~50 series is same as the SPZ-50 except for trinocular type. It has a vertical tube for the purpose of TV monitoring and photomicrography. The image on the monitor or camera is focusable with the dioptor adjustment ring provided on the vertical tube a', '<p><strong>Large stage with brightness Adjustable (dimmer).</strong></p>', 'SPZT-50PIHF-M', '19', '', '', ''),
(39, 1, 39, 'SPZT~50 series is same as the SPZ-50 except for trinocular type. It has a vertical tube for the purpose of TV monitoring and photomicrography. The image on the monitor or camera is focusable with the dioptor adjustment ring provided on the vertical tube a', '<p><strong>Small stage (144 mm. width) is equipped for placement on narrow space. <br />\r\nA long life and low temperature 9W fluorescent lamp is used for the built-in incident light.</strong></p>', 'SPZT-50SBF-SM', '19', '', '', ''),
(40, 1, 40, 'SPZT~50 series is same as the SPZ-50 except for trinocular type. It has a vertical tube for the purpose of TV monitoring and photomicrography. The image on the monitor or camera is focusable with the dioptor adjustment ring provided on the vertical tube a', '<p><strong>Universal boom stand is equipped for large specimen. <br />\r\nA long life and low temperature 9W fluorescent lamp is used for the built-in incident light.</strong></p>', 'SPZT-50UNF-SM', '19', '', '', ''),
(41, 1, 41, 'DSZT-44 series is provided with trinocular body for TV microscopy and photomicrography.\r\nIt features the same zoom magnification of 10x to 44x as the DSZ-44 series.', '<p><strong>Large stage is equipped for convenience of work.<br />\r\nA long life and low temperature 9W fluorescent lamp is used for the built-in incident light.</strong><br />\r\n&nbsp;</p>', 'DSZT-44PFM-IFH', '10', '', '', ''),
(42, 1, 42, 'DSZT-44 series is provided with trinocular body for TV microscopy and photomicrography.\r\nIt features the same zoom magnification of 10x to 44x as the DSZ-44 series.', '<p><strong>Transmitted &amp; incident lights are built in the stand.<br />\r\nThe incident light is composed of 9W fluorescent lamp having a long life and a low temperature.</strong></p>', 'DSZT-44BRT-IFH', '10', '', '', ''),
(43, 1, 43, 'DSZT-44 series is provided with trinocular body for TV microscopy and photomicrography.\r\nIt features the same zoom magnification of 10x to 44x as the DSZ-44 series.', '<p><strong>Transmitted &amp; incident lights are built in the stand.</strong></p>', 'DSZT-44PITF', '10', '', '', ''),
(44, 1, 44, 'DSZ-70 series offer a high power range and they feature a zoom magnification of 20x to 70x (zoom ratio 3.5:1) with standard eyepieces 10x. A wide range of magnification from 5x to 224x are also available with optional lenses.', '<p><strong>Large stage is equipped for convenience of work. <br />\r\nThe stand is suitable for use of existing or optional illuminator.</strong></p>', 'DSZ-70PFM-X', '20', '', '', ''),
(45, 1, 45, 'DSZ-70 series offer a high power range and they feature a zoom magnification of 20x to 70x (zoom ratio 3.5:1) with standard eyepieces 10x. A wide range of magnification from 5x to 224x are also available with optional lenses.', '<p><strong>Large stage is equipped for convenience of work.<br />\r\nA long life and low temperature 9W fluorescent lamp is used for the built-in incident light.</strong></p>', 'DSZ-70PFM-IFL', '20', '', '', ''),
(46, 1, 46, 'DSZ-70 series offer a high power range and they feature a zoom magnification of 20x to 70x (zoom ratio 3.5:1) with standard eyepieces 10x. A wide range of magnification from 5x to 224x are also available with optional lenses.', '<p><strong>Transmitted &amp; incident lights are built in the stand.<br />\r\nThe incident light is composed of 9W fluorescent lamp having a long life and a low temperature.</strong></p>', 'DSZ-70BRT-IFL', '20', '', '', ''),
(47, 1, 47, 'DSZ-70 series offer a high power range and they feature a zoom magnification of 20x to 70x (zoom ratio 3.5:1) with standard eyepieces 10x. A wide range of magnification from 5x to 224x are also available with optional lenses.', '<p><strong>Small stage (144 mm. width) is equipped for placement on narrow space. <br />\r\nA long life and low temperature 9W fluorescent lamp is used for the built-in incident light.</strong></p>', 'DSZ-70SBF-SL', '20', '', '', ''),
(48, 1, 48, 'DSZ-70 series offer a high power range and they feature a zoom magnification of 20x to 70x (zoom ratio 3.5:1) with standard eyepieces 10x. A wide range of magnification from 5x to 224x are also available with optional lenses.', '<p><strong>Large stage with brightness Adjustable (dimmer).</strong></p>', 'DSZ-70PIHF-L', '20', '', '', ''),
(49, 1, 49, 'DSZT-70 series is also available for TV microscopy and photomicrography.\r\nIt features the same zoom magnification of 20x to 70x as the DSZ-70 series.', '<p><strong>Large stage is equipped for convenience of work. <br />\r\nThe stand is suitable for use of existing or optional illuminator.</strong></p>', 'DSZT-70PFM-X', '20', '', '', ''),
(50, 1, 50, 'DSZT-70 series is also available for TV microscopy and photomicrography.\r\nIt features the same zoom magnification of 20x to 70x as the DSZ-70 series.', '<p><strong>Large stage is equipped for convenience of work.<br />\r\nA long life and low temperature 9W fluorescent lamp is used for the built-in incident light.</strong></p>', 'DSZT-70PFM-IFL', '20', '', '', ''),
(51, 1, 51, 'DSZT-70 series is also available for TV microscopy and photomicrography.\r\nIt features the same zoom magnification of 20x to 70x as the DSZ-70 series.', '<p><strong>Transmitted &amp; incident lights are built in the stand.<br />\r\nThe incident light is composed of 9W fluorescent lamp having a long life and a low temperature.</strong></p>', 'DSZT-70BRT-IFL', '20', '', '', ''),
(52, 1, 52, 'DSZT-70 series is also available for TV microscopy and photomicrography.\r\nIt features the same zoom magnification of 20x to 70x as the DSZ-70 series.', '<p><strong>Small stage (144 mm. width) is equipped for placement on narrow space. <br />\r\nA long life and low temperature 9W fluorescent lamp is used for the built-in incident light.</strong></p>', 'DSZT-70SBF-SL', '20', '', '', ''),
(106, 1, 106, 'CN SERIES\r\n\r\nThe CN series is designed as the high performance small foot-print microscope ideal for every users from students to professionals. Various optics can be equipped to meet all applications.', '<table cellspacing=\"0\" cellpadding=\"0\" border=\"0\" x:str=\"\" style=\"border-collapse: collapse; width: 480px; height: 190px;\">\r\n    <tbody>\r\n        <tr height=\"17\" style=\"height: 12.75pt;\">\r\n        </tr>\r\n        <tr height=\"17\" style=\"height: 12.75pt;\">\r\n            <td height=\"17\" align=\"left\" width=\"106\" class=\"xl24\" style=\"height: 12.75pt; width: 80pt;\"><strong>Magnification</strong></td>\r\n            <td width=\"21\" class=\"xl25\" style=\"width: 16pt;\">:</td>\r\n            <td align=\"left\" width=\"440\" class=\"xl24\" style=\"width: 330pt;\">40x - 1000x</td>\r\n        </tr>\r\n        <tr height=\"19\" style=\"height: 14.25pt;\">\r\n            <td height=\"19\" align=\"left\" class=\"xl24\" style=\"height: 14.25pt;\"><strong>Head</strong></td>\r\n            <td class=\"xl25\">:</td>\r\n            <td align=\"left\" class=\"xl24\">Binocular 360<font class=\"font6\"><sup>o</sup></font><font class=\"font5\"> rotatable, 30</font><font class=\"font6\"><sup>o</sup></font><font class=\"font5\"> inclined.</font></td>\r\n        </tr>\r\n        <tr height=\"17\" style=\"height: 12.75pt;\">\r\n            <td height=\"17\" align=\"left\" class=\"xl24\" style=\"height: 12.75pt;\"><strong>Eyepieces</strong></td>\r\n            <td class=\"xl25\">:</td>\r\n            <td align=\"left\" class=\"xl24\" x:str=\"WF10x , WF15x \">WF10x&nbsp; FN.18</td>\r\n        </tr>\r\n        <tr height=\"17\" style=\"height: 12.75pt;\">\r\n            <td height=\"17\" align=\"left\" class=\"xl24\" style=\"height: 12.75pt;\"><strong>Objectives</strong></td>\r\n            <td class=\"xl25\">:</td>\r\n            <td align=\"left\" class=\"xl24\">4x, 10x, 40xs, 100xs</td>\r\n        </tr>\r\n        <tr height=\"17\" style=\"height: 12.75pt;\">\r\n            <td height=\"17\" align=\"left\" class=\"xl24\" style=\"height: 12.75pt;\"><strong>Nosepiece</strong></td>\r\n            <td class=\"xl25\">:</td>\r\n            <td align=\"left\" class=\"xl24\">Quadruple revolving.</td>\r\n        </tr>\r\n        <tr height=\"17\" style=\"height: 12.75pt;\">\r\n            <td height=\"17\" align=\"left\" class=\"xl24\" style=\"height: 12.75pt;\" x:str=\"Condenser \"><strong>Condenser<span style=\"\">&nbsp;</span></strong></td>\r\n            <td class=\"xl25\">:</td>\r\n            <td align=\"left\" class=\"xl24\">Abbe Type N.A.1.25</td>\r\n        </tr>\r\n        <tr height=\"17\" style=\"height: 12.75pt;\">\r\n            <td height=\"17\" align=\"left\" class=\"xl24\" style=\"height: 12.75pt;\"><strong>Stage</strong></td>\r\n            <td class=\"xl25\">:</td>\r\n            <td align=\"left\" class=\"xl24\">125 mm x 134 mm</td>\r\n        </tr>\r\n        <tr height=\"17\" style=\"height: 12.75pt;\">\r\n            <td height=\"17\" align=\"left\" class=\"xl24\" style=\"height: 12.75pt;\"><strong>Focus Controls</strong></td>\r\n            <td class=\"xl25\">:</td>\r\n            <td align=\"left\" class=\"xl24\">Coaxial Coarse and Fine Stage Adjustment</td>\r\n        </tr>\r\n        <tr height=\"17\" style=\"height: 12.75pt;\">\r\n            <td height=\"17\" align=\"left\" class=\"xl24\" style=\"height: 12.75pt;\"><strong>Light Source</strong></td>\r\n            <td class=\"xl25\">:</td>\r\n            <td align=\"left\" class=\"xl24\">LED 3 W, with intensity control.</td>\r\n        </tr>\r\n        <tr height=\"17\" style=\"height: 12.75pt;\">\r\n            <td height=\"17\" align=\"left\" class=\"xl24\" style=\"height: 12.75pt;\"><strong>Packing</strong></td>\r\n            <td class=\"xl25\">:</td>\r\n            <td align=\"left\" class=\"xl24\">In styrofoam container.</td>\r\n        </tr>\r\n        <tr height=\"17\" style=\"height: 12.75pt;\">\r\n            <td height=\"17\" align=\"left\" class=\"xl24\" style=\"height: 12.75pt;\"><strong>Accessories</strong></td>\r\n            <td class=\"xl25\">:</td>\r\n            <td align=\"left\" class=\"xl24\">White filter, Dust cover,   Immersion oil.</td>\r\n        </tr>\r\n    </tbody>\r\n</table>', 'CN-B10', NULL, NULL, NULL, NULL),
(55, 1, 55, 'MECHANICAL STAGE', '<p><strong>Attachable Mechanical Stage (Option) Model 8MS<br />\r\nVertical separate drive control<br />\r\nRunning through 31 mm x 66mm<br />\r\nMinimum reading 0.1 mm by vernier</strong></p>', '8 MS', '', '', '', ''),
(107, 1, 107, 'CN SERIES\r\n\r\nThe CN series is designed as the high performance small foot-print microscope ideal for every users from students to professionals. Various optics can be equipped to meet all applications.', '<table cellspacing=\"0\" cellpadding=\"0\" border=\"0\" style=\"border-collapse: collapse; width: 480px; height: 190px;\" x:str=\"\">\r\n    <tbody>\r\n        <tr height=\"17\" style=\"height: 12.75pt;\">\r\n            <tr height=\"17\" style=\"height: 12.75pt;\">\r\n                <td height=\"17\" align=\"left\" width=\"106\" style=\"height: 12.75pt; width: 80pt;\" class=\"xl24\"><strong>Magnification</strong></td>\r\n                <td width=\"21\" style=\"width: 16pt;\" class=\"xl25\">:</td>\r\n                <td align=\"left\" width=\"440\" style=\"width: 330pt;\" class=\"xl24\">40x - 1000x</td>\r\n            </tr>\r\n            <tr height=\"19\" style=\"height: 14.25pt;\">\r\n                <td height=\"19\" align=\"left\" style=\"height: 14.25pt;\" class=\"xl24\"><strong>Head</strong></td>\r\n                <td class=\"xl25\">:</td>\r\n                <td align=\"left\" class=\"xl24\">Trinocular 360<font class=\"font6\"><sup>o</sup></font><font class=\"font5\"> rotatable, 30</font><font class=\"font6\"><sup>o</sup></font><font class=\"font5\"> inclined.</font></td>\r\n            </tr>\r\n            <tr height=\"17\" style=\"height: 12.75pt;\">\r\n                <td height=\"17\" align=\"left\" style=\"height: 12.75pt;\" class=\"xl24\"><strong>Eyepieces</strong></td>\r\n                <td class=\"xl25\">:</td>\r\n                <td align=\"left\" x:str=\"WF10x , WF15x \" class=\"xl24\">WF10x&nbsp; FN.18</td>\r\n            </tr>\r\n            <tr height=\"17\" style=\"height: 12.75pt;\">\r\n                <td height=\"17\" align=\"left\" style=\"height: 12.75pt;\" class=\"xl24\"><strong>Objectives</strong></td>\r\n                <td class=\"xl25\">:</td>\r\n                <td align=\"left\" class=\"xl24\">4x, 10x, 40xs, 100xs</td>\r\n            </tr>\r\n            <tr height=\"17\" style=\"height: 12.75pt;\">\r\n                <td height=\"17\" align=\"left\" style=\"height: 12.75pt;\" class=\"xl24\"><strong>Nosepiece</strong></td>\r\n                <td class=\"xl25\">:</td>\r\n                <td align=\"left\" class=\"xl24\">Quadruple revolving.</td>\r\n            </tr>\r\n            <tr height=\"17\" style=\"height: 12.75pt;\">\r\n                <td height=\"17\" align=\"left\" x:str=\"Condenser \" style=\"height: 12.75pt;\" class=\"xl24\"><strong>Condenser<span style=\"\">&nbsp;</span></strong></td>\r\n                <td class=\"xl25\">:</td>\r\n                <td align=\"left\" class=\"xl24\">Abbe Type N.A.1.25</td>\r\n            </tr>\r\n            <tr height=\"17\" style=\"height: 12.75pt;\">\r\n                <td height=\"17\" align=\"left\" style=\"height: 12.75pt;\" class=\"xl24\"><strong>Stage</strong></td>\r\n                <td class=\"xl25\">:</td>\r\n                <td align=\"left\" class=\"xl24\">125 mm x 134 mm</td>\r\n            </tr>\r\n            <tr height=\"17\" style=\"height: 12.75pt;\">\r\n                <td height=\"17\" align=\"left\" style=\"height: 12.75pt;\" class=\"xl24\"><strong>Focus Controls</strong></td>\r\n                <td class=\"xl25\">:</td>\r\n                <td align=\"left\" class=\"xl24\">Coaxial Coarse and Fine Stage Adjustment</td>\r\n            </tr>\r\n            <tr height=\"17\" style=\"height: 12.75pt;\">\r\n                <td height=\"17\" align=\"left\" style=\"height: 12.75pt;\" class=\"xl24\"><strong>Light Source</strong></td>\r\n                <td class=\"xl25\">:</td>\r\n                <td align=\"left\" class=\"xl24\">LED 3 W, with intensity control.</td>\r\n            </tr>\r\n            <tr height=\"17\" style=\"height: 12.75pt;\">\r\n                <td height=\"17\" align=\"left\" style=\"height: 12.75pt;\" class=\"xl24\"><strong>Packing</strong></td>\r\n                <td class=\"xl25\">:</td>\r\n                <td align=\"left\" class=\"xl24\">In styrofoam container.</td>\r\n            </tr>\r\n            <tr height=\"17\" style=\"height: 12.75pt;\">\r\n                <td height=\"17\" align=\"left\" style=\"height: 12.75pt;\" class=\"xl24\"><strong>Accessories</strong></td>\r\n                <td class=\"xl25\">:</td>\r\n                <td align=\"left\" class=\"xl24\">White filter, Dust cover,   Immersion oil.</td>\r\n            </tr>\r\n        </tr>\r\n    </tbody>\r\n</table>', 'CN-T10', NULL, NULL, NULL, NULL),
(68, 1, 68, 'GLIDING STAGES', '<p>ROTATABLE GLIDING STAGE</p>\r\n<p>Size : 135 mm</p>\r\n<p>Range of movement : 25mm x 25mm</p>', 'M300-R', '', '', '', ''),
(69, 1, 69, 'GLIDING STAGES', '<p>XY GLIDING STAGE</p>\r\n<p>Size : 104mm x 114mm</p>\r\n<p>Range of movement : 94mm x 66mm</p>', 'M300-E', NULL, NULL, NULL, NULL),
(70, 1, 70, 'GLIDING STAGES', '<p>GLIDING STAGE WITH ATTACHMENTS</p>\r\n<p>For micrometers MITUTOYO No.150-192 (MHN1-25)</p>\r\n<p>Size : 114mm x 114mm</p>\r\n<p>Range of movement : 25mm x 25mm</p>\r\n<p>*Remarks : Micrometer is not included.</p>', 'M300-C', NULL, NULL, NULL, NULL),
(71, 1, 71, 'POCKET MICROSCOPE WITH LIGHT', '<p><strong>MODEL M887</strong></p>\r\n<p>30X WITH SCALE AND CASE</p>\r\n<p><strong>MODEL M888</strong></p>\r\n<p>20X WITH CASE</p>\r\n<p><strong>MODEL M889 </strong></p>\r\n<p>50X WITH SCALE AND CASE</p>\r\n<p>(SCALE : Measuring range 4mm minimum graduation 0.1mm)</p>', 'M887, M888, M889', NULL, NULL, NULL, NULL),
(72, 1, 72, 'LED FLASH LOUPE', '<p>10X WITH CASE</p>\r\n<p>LENS :&nbsp; Dia.27mm.</p>', 'R7519', '', '', '', ''),
(73, 1, 73, 'SCALE LOUPES', '<p>FOR PRINTING, MACHINING, INSPECTION, MEASUREMENTS, ETC.</p>\r\n<p>&nbsp;</p>\r\n<p>&nbsp;</p>\r\n<table width=\"375\" cellspacing=\"0\" cellpadding=\"0\" border=\"0\" x:str=\"\" style=\"border-collapse: collapse; width: 281pt;\">\r\n    <col width=\"120\" style=\"width: 90pt;\" />  <col width=\"128\" style=\"width: 96pt;\" />  <col width=\"127\" style=\"width: 95pt;\" />\r\n    <tbody>\r\n        <tr height=\"17\" style=\"height: 12.75pt;\">\r\n            <td height=\"17\" width=\"120\" class=\"xl24\" style=\"height: 12.75pt; width: 90pt;\">&nbsp;</td>\r\n            <td width=\"128\" class=\"xl24\" style=\"width: 96pt;\"><strong>&nbsp;&nbsp;&nbsp;&nbsp;&nbsp;&nbsp;&nbsp;&nbsp;&nbsp;&nbsp;&nbsp;&nbsp;&nbsp;&nbsp; M1207</strong></td>\r\n            <td width=\"127\" class=\"xl24\" style=\"width: 95pt;\"><strong>&nbsp;&nbsp;&nbsp;&nbsp;&nbsp;&nbsp;&nbsp;&nbsp;&nbsp;&nbsp;&nbsp;&nbsp;&nbsp;&nbsp;&nbsp; M1210</strong></td>\r\n        </tr>\r\n        <tr height=\"17\" style=\"height: 12.75pt;\">\r\n            <td height=\"17\" class=\"xl25\" style=\"height: 12.75pt;\">Magnification</td>\r\n            <td class=\"xl24\">&nbsp;&nbsp;&nbsp;&nbsp;&nbsp;&nbsp;&nbsp;&nbsp;&nbsp;&nbsp;&nbsp;&nbsp;&nbsp;&nbsp;&nbsp;&nbsp;&nbsp; 7x</td>\r\n            <td class=\"xl24\">&nbsp;&nbsp;&nbsp;&nbsp;&nbsp;&nbsp;&nbsp;&nbsp;&nbsp;&nbsp;&nbsp;&nbsp;&nbsp;&nbsp;&nbsp;&nbsp;&nbsp;&nbsp; 10x</td>\r\n        </tr>\r\n        <tr height=\"17\" style=\"height: 12.75pt;\">\r\n            <td height=\"17\" class=\"xl25\" style=\"height: 12.75pt;\">Lens Diameter</td>\r\n            <td class=\"xl24\">&nbsp;&nbsp;&nbsp;&nbsp;&nbsp;&nbsp;&nbsp;&nbsp;&nbsp;&nbsp;&nbsp;&nbsp;&nbsp;&nbsp;&nbsp; 25mm.</td>\r\n            <td class=\"xl24\">&nbsp;&nbsp;&nbsp;&nbsp;&nbsp;&nbsp;&nbsp;&nbsp;&nbsp;&nbsp;&nbsp;&nbsp;&nbsp;&nbsp;&nbsp;&nbsp; 19mm.</td>\r\n        </tr>\r\n    </tbody>\r\n</table>\r\n<p>&nbsp;</p>\r\n<p><strong>SCALE PATTERNS</strong></p>\r\n<p>No.1 Lengths in either inches or millimeters can be measured with the appropriate line. Maximum: 0.6&quot; or 16mm.<br />\r\nNo.2 Lengths can be measured in 0.1 millimeters increments. Maximum: 16mm.<br />\r\nNo.3 Angles, radius, diameters,widths, etc. can be measured mainly in inches.<br />\r\nNo.4 Angles, radius, diameters,etc. can be measured mainly in millimeters.</p>', 'M1207, M1210', NULL, NULL, NULL, NULL),
(59, 1, 59, 'CS SERIES', '<p>&nbsp;</p>\r\n<table cellspacing=\"0\" cellpadding=\"0\" border=\"0\" x:str=\"\" style=\"border-collapse: collapse; width: 480px; height: 190px;\">\r\n    <colgroup><col width=\"106\" style=\"width: 80pt;\" />  <col width=\"21\" style=\"width: 16pt;\" />  <col width=\"440\" style=\"width: 330pt;\" />     </colgroup>\r\n    <tbody>\r\n        <tr height=\"17\" style=\"height: 12.75pt;\">\r\n            <td width=\"106\" height=\"17\" align=\"left\" class=\"xl24\" style=\"height: 12.75pt; width: 80pt;\"><strong>Magnification</strong></td>\r\n            <td width=\"21\" class=\"xl25\" style=\"width: 16pt;\">:</td>\r\n            <td width=\"440\" align=\"left\" class=\"xl24\" style=\"width: 330pt;\">40x - 1500x</td>\r\n        </tr>\r\n        <tr height=\"19\" style=\"height: 14.25pt;\">\r\n            <td height=\"19\" align=\"left\" class=\"xl24\" style=\"height: 14.25pt;\"><strong>Head</strong></td>\r\n            <td class=\"xl25\">:</td>\r\n            <td align=\"left\" class=\"xl24\">Trinocular 360<font class=\"font6\"><sup>o</sup></font><font class=\"font5\"> rotatable, 30</font><font class=\"font6\"><sup>o</sup></font><font class=\"font5\"> inclined.</font></td>\r\n        </tr>\r\n        <tr height=\"17\" style=\"height: 12.75pt;\">\r\n            <td height=\"17\" align=\"left\" class=\"xl24\" style=\"height: 12.75pt;\"><strong>Eyepieces</strong></td>\r\n            <td class=\"xl25\">:</td>\r\n            <td align=\"left\" class=\"xl24\" x:str=\"WF10x , WF15x \">WF10x , WF15x<span style=\"\">&nbsp;</span></td>\r\n        </tr>\r\n        <tr height=\"17\" style=\"height: 12.75pt;\">\r\n            <td height=\"17\" align=\"left\" class=\"xl24\" style=\"height: 12.75pt;\"><strong>Objectives</strong></td>\r\n            <td class=\"xl25\">:</td>\r\n            <td align=\"left\" class=\"xl24\">4x, 10x, 40xs, 100xs</td>\r\n        </tr>\r\n        <tr height=\"17\" style=\"height: 12.75pt;\">\r\n            <td height=\"17\" align=\"left\" class=\"xl24\" style=\"height: 12.75pt;\"><strong>Nosepiece</strong></td>\r\n            <td class=\"xl25\">:</td>\r\n            <td align=\"left\" class=\"xl24\">Quadruple revolving.</td>\r\n        </tr>\r\n        <tr height=\"17\" style=\"height: 12.75pt;\">\r\n            <td height=\"17\" align=\"left\" class=\"xl24\" style=\"height: 12.75pt;\" x:str=\"Condenser \"><strong>Condenser<span style=\"\">&nbsp;</span></strong></td>\r\n            <td class=\"xl25\">:</td>\r\n            <td align=\"left\" class=\"xl24\">Abbe Type N.A.1.25</td>\r\n        </tr>\r\n        <tr height=\"17\" style=\"height: 12.75pt;\">\r\n            <td height=\"17\" align=\"left\" class=\"xl24\" style=\"height: 12.75pt;\"><strong>Stage</strong></td>\r\n            <td class=\"xl25\">:</td>\r\n            <td align=\"left\" class=\"xl24\">141mm x 131mm</td>\r\n        </tr>\r\n        <tr height=\"17\" style=\"height: 12.75pt;\">\r\n            <td height=\"17\" align=\"left\" class=\"xl24\" style=\"height: 12.75pt;\"><strong>Focus Controls</strong></td>\r\n            <td class=\"xl25\">:</td>\r\n            <td align=\"left\" class=\"xl24\">Coaxial Coarse and Fine Stage Adjustment</td>\r\n        </tr>\r\n        <tr height=\"17\" style=\"height: 12.75pt;\">\r\n            <td height=\"17\" align=\"left\" class=\"xl24\" style=\"height: 12.75pt;\"><strong>Light Source</strong></td>\r\n            <td class=\"xl25\">:</td>\r\n            <td align=\"left\" class=\"xl24\">LED 3W, with intensity control.</td>\r\n        </tr>\r\n        <tr height=\"17\" style=\"height: 12.75pt;\">\r\n            <td height=\"17\" align=\"left\" class=\"xl24\" style=\"height: 12.75pt;\"><strong>Packing</strong></td>\r\n            <td class=\"xl25\">:</td>\r\n            <td align=\"left\" class=\"xl24\">In styrofoam container.</td>\r\n        </tr>\r\n        <tr height=\"17\" style=\"height: 12.75pt;\">\r\n            <td height=\"17\" align=\"left\" class=\"xl24\" style=\"height: 12.75pt;\"><strong>Accessories</strong></td>\r\n            <td class=\"xl25\">:</td>\r\n            <td align=\"left\" class=\"xl24\">White filter, Green filter, Dust cover,   Immersion oil.</td>\r\n        </tr>\r\n    </tbody>\r\n</table>', 'CS-T15 LED', NULL, NULL, NULL, NULL),
(61, 1, 61, 'CS SERIES', '<p>&nbsp;</p>\r\n<table cellspacing=\"0\" cellpadding=\"0\" border=\"0\" x:str=\"\" style=\"border-collapse: collapse; width: 480px; height: 190px;\">\r\n    <colgroup><col width=\"106\" style=\"width: 80pt;\" />  <col width=\"21\" style=\"width: 16pt;\" />  <col width=\"440\" style=\"width: 330pt;\" />     </colgroup>\r\n    <tbody>\r\n        <tr height=\"17\" style=\"height: 12.75pt;\">\r\n            <td width=\"106\" height=\"17\" align=\"left\" class=\"xl24\" style=\"height: 12.75pt; width: 80pt;\"><strong>Magnification</strong></td>\r\n            <td width=\"21\" class=\"xl25\" style=\"width: 16pt;\">:</td>\r\n            <td width=\"440\" align=\"left\" class=\"xl24\" style=\"width: 330pt;\">40x - 1500x</td>\r\n        </tr>\r\n        <tr height=\"19\" style=\"height: 14.25pt;\">\r\n            <td height=\"19\" align=\"left\" class=\"xl24\" style=\"height: 14.25pt;\"><strong>Head</strong></td>\r\n            <td class=\"xl25\">:</td>\r\n            <td align=\"left\" class=\"xl24\">Binocular 360<font class=\"font6\"><sup>o</sup></font><font class=\"font5\"> rotatable, 30</font><font class=\"font6\"><sup>o</sup></font><font class=\"font5\"> inclined.</font></td>\r\n        </tr>\r\n        <tr height=\"17\" style=\"height: 12.75pt;\">\r\n            <td height=\"17\" align=\"left\" class=\"xl24\" style=\"height: 12.75pt;\"><strong>Eyepieces</strong></td>\r\n            <td class=\"xl25\">:</td>\r\n            <td align=\"left\" class=\"xl24\" x:str=\"WF10x , WF15x \">WF10x , WF15x<span style=\"\">&nbsp;</span></td>\r\n        </tr>\r\n        <tr height=\"17\" style=\"height: 12.75pt;\">\r\n            <td height=\"17\" align=\"left\" class=\"xl24\" style=\"height: 12.75pt;\"><strong>Objectives</strong></td>\r\n            <td class=\"xl25\">:</td>\r\n            <td align=\"left\" class=\"xl24\">4x, 10x, 40xs, 100xs</td>\r\n        </tr>\r\n        <tr height=\"17\" style=\"height: 12.75pt;\">\r\n            <td height=\"17\" align=\"left\" class=\"xl24\" style=\"height: 12.75pt;\"><strong>Nosepiece</strong></td>\r\n            <td class=\"xl25\">:</td>\r\n            <td align=\"left\" class=\"xl24\">Quadruple revolving.</td>\r\n        </tr>\r\n        <tr height=\"17\" style=\"height: 12.75pt;\">\r\n            <td height=\"17\" align=\"left\" class=\"xl24\" style=\"height: 12.75pt;\" x:str=\"Condenser \"><strong>Condenser<span style=\"\">&nbsp;</span></strong></td>\r\n            <td class=\"xl25\">:</td>\r\n            <td align=\"left\" class=\"xl24\">Abbe Type N.A.1.25</td>\r\n        </tr>\r\n        <tr height=\"17\" style=\"height: 12.75pt;\">\r\n            <td height=\"17\" align=\"left\" class=\"xl24\" style=\"height: 12.75pt;\"><strong>Stage</strong></td>\r\n            <td class=\"xl25\">:</td>\r\n            <td align=\"left\" class=\"xl24\">141mm x 131mm</td>\r\n        </tr>\r\n        <tr height=\"17\" style=\"height: 12.75pt;\">\r\n            <td height=\"17\" align=\"left\" class=\"xl24\" style=\"height: 12.75pt;\"><strong>Focus Controls</strong></td>\r\n            <td class=\"xl25\">:</td>\r\n            <td align=\"left\" class=\"xl24\">Coaxial Coarse and Fine Stage Adjustment</td>\r\n        </tr>\r\n        <tr height=\"17\" style=\"height: 12.75pt;\">\r\n            <td height=\"17\" align=\"left\" class=\"xl24\" style=\"height: 12.75pt;\"><strong>Light Source</strong></td>\r\n            <td class=\"xl25\">:</td>\r\n            <td align=\"left\" class=\"xl24\">LED 3W, with intensity control.</td>\r\n        </tr>\r\n        <tr height=\"17\" style=\"height: 12.75pt;\">\r\n            <td height=\"17\" align=\"left\" class=\"xl24\" style=\"height: 12.75pt;\"><strong>Packing</strong></td>\r\n            <td class=\"xl25\">:</td>\r\n            <td align=\"left\" class=\"xl24\">In styrofoam container.</td>\r\n        </tr>\r\n        <tr height=\"17\" style=\"height: 12.75pt;\">\r\n            <td height=\"17\" align=\"left\" class=\"xl24\" style=\"height: 12.75pt;\"><strong>Accessories</strong></td>\r\n            <td class=\"xl25\">:</td>\r\n            <td align=\"left\" class=\"xl24\">White filter, Green filter, Dust cover,   Immersion oil.</td>\r\n        </tr>\r\n    </tbody>\r\n</table>', 'CS-B15 LED', NULL, NULL, NULL, NULL),
(125, 1, 125, 'METALLURGICAL MICROSCOPE', '<p>&nbsp;</p>\r\n<table cellspacing=\"0\" cellpadding=\"0\" border=\"0\" style=\"width: 727px; height: 496px;\">\r\n    <tbody>\r\n        <tr height=\"19\" style=\"height:14.25pt\">\r\n            <td width=\"144\" height=\"19\" align=\"left\" style=\"height: 14.25pt;\" class=\"xl65\"><strong>Model</strong></td>\r\n            <td width=\"577\" align=\"left\" style=\"\" class=\"xl65\"><strong>CSD-MS-T10</strong></td>\r\n        </tr>\r\n        <tr height=\"19\" style=\"height:14.25pt\">\r\n            <td width=\"144\" height=\"19\" align=\"left\" style=\"height: 14.25pt;\">Body</td>\r\n            <td width=\"577\" align=\"left\">Trinocular</td>\r\n        </tr>\r\n        <tr height=\"19\" style=\"height:14.25pt\">\r\n            <td width=\"144\" height=\"19\" align=\"left\" style=\"height: 14.25pt;\">Eyepiece</td>\r\n            <td width=\"577\" align=\"left\">WF10x, FN. 20</td>\r\n        </tr>\r\n        <tr height=\"19\" style=\"height:14.25pt\">\r\n            <td width=\"144\" height=\"19\" align=\"left\" style=\"height: 14.25pt;\">Objectives</td>\r\n            <td width=\"577\" align=\"left\">Infinity Plan Achromat</td>\r\n        </tr>\r\n        <tr height=\"19\" style=\"height:14.25pt\">\r\n            <td width=\"144\" height=\"19\" style=\"height: 14.25pt;\">&nbsp;</td>\r\n            <td width=\"577\" align=\"left\">5x, WD15.5mm</td>\r\n        </tr>\r\n        <tr height=\"19\" style=\"height:14.25pt\">\r\n            <td width=\"144\" height=\"19\" style=\"height: 14.25pt;\">&nbsp;</td>\r\n            <td width=\"577\" align=\"left\">10x, WD10.0mm</td>\r\n        </tr>\r\n        <tr height=\"19\" style=\"height:14.25pt\">\r\n            <td width=\"144\" height=\"19\" style=\"height: 14.25pt;\">&nbsp;</td>\r\n            <td width=\"577\" align=\"left\">20x, WD5.1mm</td>\r\n        </tr>\r\n        <tr height=\"19\" style=\"height:14.25pt\">\r\n            <td width=\"144\" height=\"19\" style=\"height: 14.25pt;\">&nbsp;</td>\r\n            <td width=\"577\" align=\"left\">50x, WD0.32mm</td>\r\n        </tr>\r\n        <tr height=\"19\" style=\"height:14.25pt\">\r\n            <td width=\"144\" height=\"19\" style=\"height: 14.25pt;\">&nbsp;</td>\r\n            <td width=\"577\" align=\"left\">100x, WD0.7mm</td>\r\n        </tr>\r\n        <tr height=\"19\" style=\"height:14.25pt\">\r\n            <td width=\"144\" height=\"19\" align=\"left\" style=\"height: 14.25pt;\">Nosepiece</td>\r\n            <td width=\"577\" align=\"left\">Quintuple</td>\r\n        </tr>\r\n        <tr height=\"19\" style=\"height:14.25pt\">\r\n            <td width=\"144\" height=\"19\" align=\"left\" style=\"height: 14.25pt;\">Stage</td>\r\n            <td width=\"577\" align=\"left\">Double layer mechanical stage 150x140mm/75x50mm, slide clips</td>\r\n        </tr>\r\n        <tr height=\"19\" style=\"height:14.25pt\">\r\n            <td width=\"144\" height=\"19\" align=\"left\" style=\"height: 14.25pt;\">Focusing</td>\r\n            <td width=\"577\" align=\"left\">Coaxial Fine &amp; Coarse Adjustment</td>\r\n        </tr>\r\n        <tr height=\"19\" style=\"height:14.25pt\">\r\n            <td width=\"144\" height=\"19\" align=\"left\" style=\"height: 14.25pt;\">Epi-Illumination</td>\r\n            <td width=\"577\" align=\"left\">6V/20W Halogen lamp, Koehler  illuminator with iris aperture   diaphragm and iris field diaphragm,  brightness and center adjustable</td>\r\n        </tr>\r\n        <tr height=\"19\" style=\"height:14.25pt\">\r\n            <td width=\"144\" height=\"19\" align=\"left\" style=\"height: 14.25pt;\">Filters</td>\r\n            <td width=\"577\" align=\"left\">Blue, Green, Yellow &amp; Ground Glass</td>\r\n        </tr>\r\n        <tr height=\"19\" style=\"height:14.25pt\">\r\n            <td width=\"144\" height=\"19\" align=\"left\" style=\"height: 14.25pt;\">Optional Eyepieces</td>\r\n            <td width=\"577\" align=\"left\">WF8x/18, WF10x/18 w/0.1mm scale and cross line, WF12.5x/15</td>\r\n        </tr>\r\n        <tr height=\"19\" style=\"height:14.25pt\">\r\n            <td width=\"144\" height=\"19\" align=\"left\" style=\"height: 14.25pt;\">Optional Objectives</td>\r\n            <td width=\"577\" align=\"left\">4x/25.4mm, 40x/3.7mm, 80x/0.2mm, 100x/0.7mm/0</td>\r\n        </tr>\r\n    </tbody>\r\n</table>', 'CSD-MS-T10', '27', '', '', ''),
(63, 1, 63, 'CS SERIES', '<p>&nbsp;</p>\r\n<table cellspacing=\"0\" cellpadding=\"0\" border=\"0\" x:str=\"\" style=\"border-collapse: collapse; width: 480px; height: 190px;\">\r\n    <colgroup><col width=\"106\" style=\"width: 80pt;\" />  <col width=\"21\" style=\"width: 16pt;\" />  <col width=\"440\" style=\"width: 330pt;\" />     </colgroup>\r\n    <tbody>\r\n        <tr height=\"17\" style=\"height: 12.75pt;\">\r\n            <td width=\"106\" height=\"17\" align=\"left\" class=\"xl24\" style=\"height: 12.75pt; width: 80pt;\"><strong>Magnification</strong></td>\r\n            <td width=\"21\" class=\"xl25\" style=\"width: 16pt;\">:</td>\r\n            <td width=\"440\" align=\"left\" class=\"xl24\" style=\"width: 330pt;\">40x - 1500x</td>\r\n        </tr>\r\n        <tr height=\"19\" style=\"height: 14.25pt;\">\r\n            <td height=\"19\" align=\"left\" class=\"xl24\" style=\"height: 14.25pt;\"><strong>Head</strong></td>\r\n            <td class=\"xl25\">:</td>\r\n            <td align=\"left\" class=\"xl24\">Monocular 360<font class=\"font6\"><sup>o</sup></font><font class=\"font5\"> rotatable, 30</font><font class=\"font6\"><sup>o</sup></font><font class=\"font5\"> inclined.</font></td>\r\n        </tr>\r\n        <tr height=\"17\" style=\"height: 12.75pt;\">\r\n            <td height=\"17\" align=\"left\" class=\"xl24\" style=\"height: 12.75pt;\"><strong>Eyepieces</strong></td>\r\n            <td class=\"xl25\">:</td>\r\n            <td align=\"left\" class=\"xl24\" x:str=\"WF10x , WF15x \">WF10x , WF15x<span style=\"\">&nbsp;</span></td>\r\n        </tr>\r\n        <tr height=\"17\" style=\"height: 12.75pt;\">\r\n            <td height=\"17\" align=\"left\" class=\"xl24\" style=\"height: 12.75pt;\"><strong>Objectives</strong></td>\r\n            <td class=\"xl25\">:</td>\r\n            <td align=\"left\" class=\"xl24\">4x, 10x, 40xs, 100xs</td>\r\n        </tr>\r\n        <tr height=\"17\" style=\"height: 12.75pt;\">\r\n            <td height=\"17\" align=\"left\" class=\"xl24\" style=\"height: 12.75pt;\"><strong>Nosepiece</strong></td>\r\n            <td class=\"xl25\">:</td>\r\n            <td align=\"left\" class=\"xl24\">Quadruple revolving.</td>\r\n        </tr>\r\n        <tr height=\"17\" style=\"height: 12.75pt;\">\r\n            <td height=\"17\" align=\"left\" class=\"xl24\" style=\"height: 12.75pt;\" x:str=\"Condenser \"><strong>Condenser<span style=\"\">&nbsp;</span></strong></td>\r\n            <td class=\"xl25\">:</td>\r\n            <td align=\"left\" class=\"xl24\">Abbe Type N.A.1.25</td>\r\n        </tr>\r\n        <tr height=\"17\" style=\"height: 12.75pt;\">\r\n            <td height=\"17\" align=\"left\" class=\"xl24\" style=\"height: 12.75pt;\"><strong>Stage</strong></td>\r\n            <td class=\"xl25\">:</td>\r\n            <td align=\"left\" class=\"xl24\">141mm x 131mm</td>\r\n        </tr>\r\n        <tr height=\"17\" style=\"height: 12.75pt;\">\r\n            <td height=\"17\" align=\"left\" class=\"xl24\" style=\"height: 12.75pt;\"><strong>Focus Controls</strong></td>\r\n            <td class=\"xl25\">:</td>\r\n            <td align=\"left\" class=\"xl24\">Coaxial Coarse and Fine Stage Adjustment</td>\r\n        </tr>\r\n        <tr height=\"17\" style=\"height: 12.75pt;\">\r\n            <td height=\"17\" align=\"left\" class=\"xl24\" style=\"height: 12.75pt;\"><strong>Light Source</strong></td>\r\n            <td class=\"xl25\">:</td>\r\n            <td align=\"left\" class=\"xl24\">LED 3W with intensity control.</td>\r\n        </tr>\r\n        <tr height=\"17\" style=\"height: 12.75pt;\">\r\n            <td height=\"17\" align=\"left\" class=\"xl24\" style=\"height: 12.75pt;\"><strong>Packing</strong></td>\r\n            <td class=\"xl25\">:</td>\r\n            <td align=\"left\" class=\"xl24\">In styrofoam container.</td>\r\n        </tr>\r\n        <tr height=\"17\" style=\"height: 12.75pt;\">\r\n            <td height=\"17\" align=\"left\" class=\"xl24\" style=\"height: 12.75pt;\"><strong>Accessories</strong></td>\r\n            <td class=\"xl25\">:</td>\r\n            <td align=\"left\" class=\"xl24\">White filter, Green filter, Dust cover,   Immersion oil.</td>\r\n        </tr>\r\n    </tbody>\r\n</table>', 'CS-M15 LED', NULL, NULL, NULL, NULL),
(124, 1, 124, 'METALLURGICAL MICROSCOPE', '<p>&nbsp;</p>\r\n<table cellspacing=\"0\" cellpadding=\"0\" border=\"0\" style=\"width: 723px; height: 530px;\">\r\n    <tbody>\r\n        <tr height=\"19\" style=\"height:14.25pt\">\r\n            <td width=\"174\" height=\"19\" align=\"left\" style=\"height: 14.25pt;\"><strong>Model</strong></td>\r\n            <td width=\"543\" align=\"left\" style=\"\"><strong>CSD-MG-T10</strong></td>\r\n        </tr>\r\n        <tr height=\"19\" style=\"height:14.25pt\">\r\n            <td width=\"174\" height=\"19\" align=\"left\" style=\"height: 14.25pt;\">Body</td>\r\n            <td width=\"543\" align=\"left\">Trinocular</td>\r\n        </tr>\r\n        <tr height=\"19\" style=\"height:14.25pt\">\r\n            <td width=\"174\" height=\"19\" align=\"left\" style=\"height: 14.25pt;\">Eyepiece</td>\r\n            <td width=\"543\" align=\"left\">WF10x, FN. 20</td>\r\n        </tr>\r\n        <tr height=\"19\" style=\"height:14.25pt\">\r\n            <td width=\"174\" height=\"19\" align=\"left\" style=\"height: 14.25pt;\">Objectives</td>\r\n            <td width=\"543\" align=\"left\">Infinity Plan Achromat</td>\r\n        </tr>\r\n        <tr height=\"19\" style=\"height:14.25pt\">\r\n            <td width=\"174\" height=\"19\" style=\"height: 14.25pt;\">&nbsp;</td>\r\n            <td width=\"543\" align=\"left\">5x, WD15.5mm</td>\r\n        </tr>\r\n        <tr height=\"19\" style=\"height:14.25pt\">\r\n            <td width=\"174\" height=\"19\" style=\"height: 14.25pt;\">&nbsp;</td>\r\n            <td width=\"543\" align=\"left\">10x, WD10.0mm</td>\r\n        </tr>\r\n        <tr height=\"19\" style=\"height:14.25pt\">\r\n            <td width=\"174\" height=\"19\" style=\"height: 14.25pt;\">&nbsp;</td>\r\n            <td width=\"543\" align=\"left\">20x, WD5.1mm</td>\r\n        </tr>\r\n        <tr height=\"19\" style=\"height:14.25pt\">\r\n            <td width=\"174\" height=\"19\" style=\"height: 14.25pt;\">&nbsp;</td>\r\n            <td width=\"543\" align=\"left\">50x, WD0.32mm</td>\r\n        </tr>\r\n        <tr height=\"19\" style=\"height:14.25pt\">\r\n            <td width=\"174\" height=\"19\" style=\"height: 14.25pt;\">&nbsp;</td>\r\n            <td width=\"543\" align=\"left\">100x, WD0.7mm</td>\r\n        </tr>\r\n        <tr height=\"19\" style=\"height:14.25pt\">\r\n            <td width=\"174\" height=\"19\" align=\"left\" style=\"height: 14.25pt;\">Nosepiece</td>\r\n            <td width=\"543\" align=\"left\">Quintuple</td>\r\n        </tr>\r\n        <tr height=\"19\" style=\"height:14.25pt\">\r\n            <td width=\"174\" height=\"19\" align=\"left\" style=\"height: 14.25pt;\">Stage</td>\r\n            <td width=\"543\" align=\"left\">Double layer mechanical stage 142x133mm/75x50mm, slide holder,   Anti-scratch coating</td>\r\n        </tr>\r\n        <tr height=\"19\" style=\"height:14.25pt\">\r\n            <td width=\"174\" height=\"19\" align=\"left\" style=\"height: 14.25pt;\">Focusing</td>\r\n            <td width=\"543\" align=\"left\">Coaxial Fine &amp; Coarse Adjustment</td>\r\n        </tr>\r\n        <tr height=\"19\" style=\"height:14.25pt\">\r\n            <td width=\"174\" height=\"19\" align=\"left\" style=\"height: 14.25pt;\">Epi-Illumination</td>\r\n            <td width=\"543\" align=\"left\">6V/20W Halogen lamp, Koehler  illuminator with iris aperture   diaphragm and iris field diaphragm,  brightness and center adjustable</td>\r\n        </tr>\r\n        <tr height=\"19\" style=\"height:14.25pt\">\r\n            <td width=\"174\" height=\"19\" align=\"left\" style=\"height: 14.25pt;\">Transmitted Illumination</td>\r\n            <td width=\"543\" align=\"left\">6V/20w Halogen Lamp</td>\r\n        </tr>\r\n        <tr height=\"19\" style=\"height:14.25pt\">\r\n            <td width=\"174\" height=\"19\" align=\"left\" style=\"height: 14.25pt;\">Filters</td>\r\n            <td width=\"543\" align=\"left\">Blue, Green, Yellow &amp; Ground Glass</td>\r\n        </tr>\r\n        <tr height=\"19\" style=\"height:14.25pt\">\r\n            <td width=\"174\" height=\"19\" align=\"left\" style=\"height: 14.25pt;\">Optional Eyepieces</td>\r\n            <td width=\"543\" align=\"left\">WF8x/18, WF10x/18 w/0.1mm scale and cross line, WF12.5x/15</td>\r\n        </tr>\r\n        <tr height=\"19\" style=\"height:14.25pt\">\r\n            <td width=\"174\" height=\"19\" align=\"left\" style=\"height: 14.25pt;\">Optional Objectives</td>\r\n            <td width=\"543\" align=\"left\">4x/25.4mm, 40x/3.7mm, 80x/0.2mm, 100x/0.7mm/0</td>\r\n        </tr>\r\n    </tbody>\r\n</table>', 'CSD-MG-T10', '27', '', '', ''),
(67, 1, 67, 'SHOP MICROSCOPE', '<p><strong>For Printing, Machining, Inspection, Measurements, Etc.</strong></p>\r\n<p>&nbsp;</p>\r\n<p><strong>M1752</strong></p>\r\n<p>40x, with scale 3.0mm/0.1&quot;</p>\r\n<p>&nbsp;</p>\r\n<p><strong>M1754</strong></p>\r\n<p>100x, with scale 1.0mm/0.05&quot;</p>', 'M1752,  M1754', '', '', '', '');
INSERT INTO `web_product_message` (`article_message_id`, `web_lang_id`, `article_id`, `title`, `message`, `extra_field1`, `extra_field2`, `extra_field3`, `extra_field4`, `extra_field5`) VALUES
(65, 1, 65, 'NDL SERIES', '<p>&nbsp;</p>\r\n<table cellspacing=\"0\" cellpadding=\"0\" border=\"0\" x:str=\"\" style=\"border-collapse: collapse; width: 480px; height: 190px;\">\r\n    <colgroup><col width=\"106\" style=\"width: 80pt;\" />  <col width=\"21\" style=\"width: 16pt;\" />  <col width=\"440\" style=\"width: 330pt;\" />     </colgroup>\r\n    <tbody>\r\n        <tr height=\"17\" style=\"height: 12.75pt;\">\r\n            <td width=\"106\" height=\"17\" align=\"left\" class=\"xl24\" style=\"height: 12.75pt; width: 80pt;\"><strong>Magnification</strong></td>\r\n            <td width=\"21\" class=\"xl25\" style=\"width: 16pt;\">:</td>\r\n            <td width=\"440\" align=\"left\" class=\"xl24\" style=\"width: 330pt;\">40x - 600x</td>\r\n        </tr>\r\n        <tr height=\"19\" style=\"height: 14.25pt;\">\r\n            <td height=\"19\" align=\"left\" class=\"xl24\" style=\"height: 14.25pt;\"><strong>Head</strong></td>\r\n            <td class=\"xl25\">:</td>\r\n            <td align=\"left\" class=\"xl24\">Monocular 360<font class=\"font6\"><sup>o</sup></font><font class=\"font5\"> rotatable, 45</font><font class=\"font6\"><sup>o</sup></font><font class=\"font5\"> inclined.</font></td>\r\n        </tr>\r\n        <tr height=\"17\" style=\"height: 12.75pt;\">\r\n            <td height=\"17\" align=\"left\" class=\"xl24\" style=\"height: 12.75pt;\"><strong>Eyepieces</strong></td>\r\n            <td class=\"xl25\">:</td>\r\n            <td align=\"left\" class=\"xl24\" x:str=\"WF10x , WF15x \">WF10x , WF15x<span style=\"\">&nbsp;</span></td>\r\n        </tr>\r\n        <tr height=\"17\" style=\"height: 12.75pt;\">\r\n            <td height=\"17\" align=\"left\" class=\"xl24\" style=\"height: 12.75pt;\"><strong>Objectives</strong></td>\r\n            <td class=\"xl25\">:</td>\r\n            <td align=\"left\" class=\"xl24\">4x, 10x, 40xs</td>\r\n        </tr>\r\n        <tr height=\"17\" style=\"height: 12.75pt;\">\r\n            <td height=\"17\" align=\"left\" class=\"xl24\" style=\"height: 12.75pt;\"><strong>Nosepiece</strong></td>\r\n            <td class=\"xl25\">:</td>\r\n            <td align=\"left\" class=\"xl24\">Quadruple revolving.</td>\r\n        </tr>\r\n        <tr height=\"17\" style=\"height: 12.75pt;\">\r\n            <td height=\"17\" align=\"left\" class=\"xl24\" style=\"height: 12.75pt;\" x:str=\"Condenser \"><strong>Condenser<span style=\"\">&nbsp;</span></strong></td>\r\n            <td class=\"xl25\">:</td>\r\n            <td align=\"left\" class=\"xl24\">Abbe Type N.A.1.25</td>\r\n        </tr>\r\n        <tr height=\"17\" style=\"height: 12.75pt;\">\r\n            <td height=\"17\" align=\"left\" class=\"xl24\" style=\"height: 12.75pt;\"><strong>Stage</strong></td>\r\n            <td class=\"xl25\">:</td>\r\n            <td align=\"left\" class=\"xl24\">125mm x 115mm</td>\r\n        </tr>\r\n        <tr height=\"17\" style=\"height: 12.75pt;\">\r\n            <td height=\"17\" align=\"left\" class=\"xl24\" style=\"height: 12.75pt;\"><strong>Focus Controls</strong></td>\r\n            <td class=\"xl25\">:</td>\r\n            <td align=\"left\" class=\"xl24\">Coaxial Coarse and Fine Stage Adjustment</td>\r\n        </tr>\r\n        <tr height=\"17\" style=\"height: 12.75pt;\">\r\n            <td height=\"17\" align=\"left\" class=\"xl24\" style=\"height: 12.75pt;\"><strong>Light Source</strong></td>\r\n            <td class=\"xl25\">:</td>\r\n            <td align=\"left\" class=\"xl24\">LED 1W, with intensity control.</td>\r\n        </tr>\r\n        <tr height=\"17\" style=\"height: 12.75pt;\">\r\n            <td height=\"17\" align=\"left\" class=\"xl24\" style=\"height: 12.75pt;\"><strong>Packing</strong></td>\r\n            <td class=\"xl25\">:</td>\r\n            <td align=\"left\" class=\"xl24\">In styrofoam container.</td>\r\n        </tr>\r\n        <tr height=\"17\" style=\"height: 12.75pt;\">\r\n            <td height=\"17\" align=\"left\" class=\"xl24\" style=\"height: 12.75pt;\"><strong>Accessories</strong></td>\r\n            <td class=\"xl25\">:</td>\r\n            <td align=\"left\" class=\"xl24\">White filter, Green filter, Dust cover</td>\r\n        </tr>\r\n    </tbody>\r\n</table>', 'NDL-6 LED', NULL, NULL, NULL, NULL),
(66, 1, 66, 'GEM MICROSCOPE', '<p>&nbsp;</p>\r\n<table cellspacing=\"0\" cellpadding=\"0\" border=\"0\" x:str=\"\" style=\"border-collapse: collapse; width: 548px; height: 434px;\">\r\n    <tbody>\r\n        <tr height=\"20\" style=\"height: 15pt;\">\r\n            <td width=\"175\" height=\"20\" align=\"left\" class=\"xl24\" style=\"height: 15pt;\"><strong>Magnification</strong></td>\r\n            <td width=\"368\" align=\"left\" class=\"xl24\" style=\"border-left: medium none;\">10x   to 44x (field of view : 20mm. To 4.5 mm.)</td>\r\n        </tr>\r\n        <tr height=\"20\" style=\"height: 15pt;\">\r\n            <td width=\"175\" height=\"20\" align=\"left\" class=\"xl22\" style=\"border-top: medium none; height: 15pt;\"><strong>Objective   Lenses</strong></td>\r\n            <td width=\"368\" align=\"left\" class=\"xl22\" style=\"border-top: medium none; border-left: medium none;\">1.0x to   4.4x (zoom ratio : 4.4:1)</td>\r\n        </tr>\r\n        <tr height=\"20\" style=\"height: 15pt;\">\r\n            <td width=\"175\" height=\"20\" align=\"left\" class=\"xl22\" style=\"border-top: medium none; height: 15pt;\"><strong>Eyepieces</strong></td>\r\n            <td width=\"368\" align=\"left\" class=\"xl22\" style=\"border-top: medium none; border-left: medium none;\">Wide Field   10x (DSW 10x)(field number : 20)</td>\r\n        </tr>\r\n        <tr height=\"24\" style=\"height: 18pt;\">\r\n            <td width=\"175\" height=\"24\" align=\"left\" class=\"xl22\" style=\"border-top: medium none; height: 18pt;\"><strong>Optical   Body</strong></td>\r\n            <td width=\"368\" align=\"left\" class=\"xl22\" style=\"border-top: medium none; border-left: medium none;\">360<font class=\"font6\"><sup>๐</sup></font><font class=\"font5\"> rotatable trinocular   type, 45</font><font class=\"font6\"><sup>๐</sup></font><font class=\"font5\">   inclined eyepiece tube</font></td>\r\n        </tr>\r\n        <tr height=\"20\" style=\"height: 15pt;\">\r\n            <td width=\"175\" height=\"20\" align=\"left\" class=\"xl22\" style=\"border-top: medium none; height: 15pt;\"><strong>Working   Distance</strong></td>\r\n            <td width=\"368\" align=\"left\" class=\"xl22\" style=\"border-top: medium none; border-left: medium none;\">90 mm.</td>\r\n        </tr>\r\n        <tr height=\"20\" style=\"height: 15pt;\">\r\n            <td width=\"175\" height=\"20\" align=\"left\" class=\"xl22\" style=\"border-top: medium none; height: 15pt;\"><strong>Interpupillary   Distance</strong></td>\r\n            <td width=\"368\" align=\"left\" class=\"xl22\" style=\"border-top: medium none; border-left: medium none;\">52mm. to   75mm.</td>\r\n        </tr>\r\n        <tr height=\"20\" style=\"height: 15pt;\">\r\n            <td width=\"175\" height=\"20\" align=\"left\" class=\"xl22\" style=\"border-top: medium none; height: 15pt;\"><strong>Diopter   Adjustment</strong></td>\r\n            <td width=\"368\" align=\"left\" class=\"xl25\" style=\"border-top: medium none; border-left: medium none;\">&plusmn;<font class=\"font5\"> 5.6D - 7.2D<span style=\"\">&nbsp; </span>on both   eyepiece tubes &amp; </font><font class=\"font7\">&plusmn;</font><font class=\"font5\">8D   on verticle tube</font></td>\r\n        </tr>\r\n        <tr height=\"20\" style=\"height: 15pt;\">\r\n            <td width=\"175\" height=\"20\" align=\"left\" class=\"xl22\" style=\"border-top: medium none; height: 15pt;\"><strong>Stand   type</strong></td>\r\n            <td width=\"368\" align=\"left\" class=\"xl22\" style=\"border-top: medium none; border-left: medium none;\">Regular   type</td>\r\n        </tr>\r\n        <tr height=\"20\" style=\"height: 15pt;\">\r\n            <td width=\"175\" height=\"40\" rowspan=\"2\" class=\"xl26\" style=\"border-top: medium none; height: 30pt;\"><strong>Incident Light</strong></td>\r\n            <td width=\"368\" class=\"xl23\" style=\"border-top: medium none; border-left: medium none;\" x:str=\"Fluorescent Lamp 9W \">Fluorescent Lamp 9W<span style=\"\">&nbsp;</span></td>\r\n        </tr>\r\n        <tr height=\"20\" style=\"height: 15pt;\">\r\n            <td width=\"368\" height=\"20\" align=\"left\" class=\"xl22\" style=\"border-top: medium none; border-left: medium none; height: 15pt;\">(FCL9EX-N) </td>\r\n        </tr>\r\n        <tr height=\"20\" style=\"height: 15pt;\">\r\n            <td width=\"175\" height=\"20\" align=\"left\" class=\"xl22\" style=\"border-top: medium none; height: 15pt;\"><strong>Front   Light</strong></td>\r\n            <td width=\"368\" align=\"left\" class=\"xl22\" style=\"border-top: medium none; border-left: medium none;\">Halogen   lamp 12V 20-25W w/dimmer</td>\r\n        </tr>\r\n        <tr height=\"20\" style=\"height: 15pt;\">\r\n            <td width=\"175\" height=\"20\" align=\"left\" class=\"xl22\" style=\"border-top: medium none; height: 15pt;\"><strong>Fuse</strong></td>\r\n            <td width=\"368\" align=\"left\" class=\"xl22\" style=\"border-top: medium none; border-left: medium none;\">250V 2A</td>\r\n        </tr>\r\n        <tr height=\"20\" style=\"height: 15pt;\">\r\n            <td width=\"175\" height=\"20\" align=\"left\" class=\"xl22\" style=\"border-top: medium none; height: 15pt;\"><strong>Stage   plate</strong></td>\r\n            <td width=\"368\" align=\"left\" class=\"xl22\" style=\"border-top: medium none; border-left: medium none;\">Darkfield<span style=\"\">&nbsp; </span>42 mm.</td>\r\n        </tr>\r\n        <tr height=\"20\" style=\"height: 15pt;\">\r\n            <td width=\"175\" height=\"20\" align=\"left\" class=\"xl22\" style=\"border-top: medium none; height: 15pt;\"><strong>Base</strong></td>\r\n            <td width=\"368\" align=\"left\" class=\"xl22\" style=\"border-top: medium none; border-left: medium none;\">180mm. x   265mm.</td>\r\n        </tr>\r\n        <tr height=\"20\" style=\"height: 15pt;\">\r\n            <td width=\"175\" height=\"20\" align=\"left\" class=\"xl22\" style=\"border-top: medium none; height: 15pt;\"><strong>Power   cord</strong></td>\r\n            <td width=\"368\" align=\"left\" class=\"xl22\" style=\"border-top: medium none; border-left: medium none;\">VDE cord</td>\r\n        </tr>\r\n        <tr height=\"20\" style=\"height: 15pt;\">\r\n            <td width=\"175\" height=\"20\" align=\"left\" class=\"xl22\" style=\"border-top: medium none; height: 15pt;\"><strong>Electrical   rating</strong></td>\r\n            <td width=\"368\" align=\"left\" class=\"xl22\" style=\"border-top: medium none; border-left: medium none;\">110-220 V   50Hz / 60Hz</td>\r\n        </tr>\r\n        <tr height=\"20\" style=\"height: 15pt;\">\r\n            <td width=\"175\" height=\"20\" align=\"left\" class=\"xl22\" style=\"border-top: medium none; height: 15pt;\"><strong>Hight</strong></td>\r\n            <td width=\"368\" align=\"left\" class=\"xl22\" style=\"border-top: medium none; border-left: medium none;\">400 mm.</td>\r\n        </tr>\r\n        <tr height=\"20\" style=\"height: 15pt;\">\r\n            <td width=\"175\" height=\"20\" align=\"left\" class=\"xl22\" style=\"border-top: medium none; height: 15pt;\"><strong>Net   Weight</strong></td>\r\n            <td width=\"368\" align=\"left\" class=\"xl22\" style=\"border-top: medium none; border-left: medium none;\">6.47 kg.</td>\r\n        </tr>\r\n        <tr height=\"20\" style=\"height: 15pt;\">\r\n            <td width=\"175\" height=\"20\" align=\"left\" class=\"xl22\" style=\"border-top: medium none; height: 15pt;\"><strong>Color</strong></td>\r\n            <td width=\"368\" align=\"left\" class=\"xl22\" style=\"border-top: medium none; border-left: medium none;\" x:str=\"White \">White<span style=\"\">&nbsp;</span></td>\r\n        </tr>\r\n        <tr height=\"20\" style=\"height: 15pt;\">\r\n            <td width=\"175\" height=\"40\" rowspan=\"2\" class=\"xl26\" style=\"border-top: medium none; height: 30pt;\"><strong>Accessories</strong></td>\r\n            <td width=\"368\" align=\"left\" class=\"xl22\" style=\"border-top: medium none; border-left: medium none;\">Rubber   eyeguards, Tension control pin,</td>\r\n        </tr>\r\n        <tr height=\"20\" style=\"height: 15pt;\">\r\n            <td width=\"368\" height=\"20\" align=\"left\" class=\"xl22\" style=\"border-top: medium none; border-left: medium none; height: 15pt;\">Dust cover, Spare fuse, Tweezer type III</td>\r\n        </tr>\r\n    </tbody>\r\n</table>', 'DSZ-44JH', NULL, NULL, NULL, NULL),
(74, 1, 74, 'SWING OUT INSPECTION LOUPES', '<p><strong>Model R230</strong>&nbsp;&nbsp; 15mm, 18x Quadruplet lens.<br />\r\n<strong>Model R231</strong>&nbsp;&nbsp; 12mm, 10x Doublet lens.<br />\r\n<strong>Model R232</strong>&nbsp;&nbsp; 11mm, 6mm, 10x. 15x Doublet lens.<br />\r\n<strong>Model R235</strong>&nbsp;&nbsp; 16mm, 10x Triplet lens.<br />\r\n<strong>Model R236 &nbsp; </strong>14mm, 10x Doublet lens.<br />\r\n<strong>Model R237&nbsp;&nbsp; </strong>12mm, 20x Triplet lens.<br />\r\n<strong>Model R7520</strong> 18mm, 10x Triplet lens.<br />\r\n<strong>Model R2450</strong> 18mm, 10x Triplet lens.</p>', 'R230, R231, R232, R235, R236, R237, R7520, R2450', NULL, NULL, NULL, NULL),
(75, 1, 75, 'LUOPE WITH FLUORESCENT RING LAMP', '<p><strong>Model M1240 </strong><br />\r\n127mm glass lens, 2x, With 18W fluorescent ring lamp.</p>\r\n<p>&nbsp;</p>\r\n<p><strong>Model M1241 </strong><br />\r\n127mm glass lens, 3.5x, With 18W fluorescent ring lamp</p>', 'M1240, M1241', NULL, NULL, NULL, NULL),
(76, 1, 76, 'AUXILIARY OBJECTIVE LENSES', '<p><strong>Model NSAL O.5x</strong><br />\r\nAUXILIARY OBJECTIVE LENS 0.5x<br />\r\n<br />\r\n<strong>Model NSAL O.75x</strong><br />\r\nAUXILIARY OBJECTIVE LENS O.75x<br />\r\n<br />\r\n<strong>Model NSAL 1.6x</strong><br />\r\nAUXILIARY OBJECTIVE LENS 1.6x<br />\r\n<br />\r\n<strong>Model NSAL 2x</strong><br />\r\nAUXILIARY OBJECTIVE LENS 2x</p>', 'NSAL 0.5x, NSAL 0.75x, NSAL 1.6x, NSAL 2.0x', '', '', '', ''),
(101, 1, 101, 'CARTON SCALE2 USB CAMERA', '<p><strong>FEATURES OF CAMERA</strong></p>\r\n<p>Resolution&nbsp; : 1.3 M Pixel 1280x1024</p>\r\n<p>Image Sensor&nbsp; : 1/3&quot; CMOS Color Sensor</p>\r\n<p>Interface&nbsp; : USB 2.0</p>\r\n<p>Cable Length&nbsp; : Approx. 150mm.</p>\r\n<p>Operating Ambient Temperature&nbsp; :: 0-40 ํC (Below 35 ํC recommended)</p>\r\n<p>Size &amp; Weight&nbsp; : 40(W) x38(H) x51(D), Approx. 155g</p>\r\n<p>&nbsp;</p>\r\n<p>&nbsp;</p>\r\n<p><strong>OPERATING CONDITIONS OF PC.</strong></p>\r\n<p>OS&nbsp; : Windows 2000 SP4, Window XP SP2</p>\r\n<p>CPU&nbsp; : Celeron 900MHz. or above</p>\r\n<p>Memory&nbsp; : 512MB or above</p>\r\n<p>Graphics&nbsp; : 1024x468, 24bit or above (1600x1200 prefered)</p>\r\n<p>Interface&nbsp; : USB2.0 port</p>', 'XR9530E', '23', '', '', ''),
(78, 1, 78, 'ILLUMINATORS', '<p>WHITE lED RING IllUMINATOR<br />\r\nwith brightness adjustment<br />\r\n* 54 pcs. LED (light-emitting diode) <br />\r\n* Long life time<br />\r\n* Low temperature<br />\r\n* No change of color temperature <br />\r\n* Flicker-free</p>', 'MIC-56', '', '', '', ''),
(79, 1, 79, 'ILLUMINATORS', '<p>WHITE lED IllUMINATOR<br />\r\nThe HDR61 has a white LED (Light-emitting diode) light source featuring an extra long life-time, low temperature, no change of color temperature and flicker-free.</p>\r\n<p><strong>Power Unit</strong></p>\r\n<p>&nbsp;</p>\r\n<table cellspacing=\"0\" cellpadding=\"0\" border=\"0\" style=\"border-collapse: collapse; width: 485px; height: 393px;\" x:str=\"\">\r\n    <tbody>\r\n        <tr height=\"28\" style=\"height: 21pt;\">\r\n            <td height=\"28\" width=\"186\" style=\"height: 21pt;\" class=\"xl28\"><strong><span style=\"\">Type</span></strong></td>\r\n            <td width=\"296\" style=\"border-left: medium none;\" class=\"xl28\"><span style=\"\">&nbsp;</span><strong><span style=\"\"> LP-210</span></strong></td>\r\n        </tr>\r\n        <tr height=\"28\" style=\"height: 21pt;\">\r\n            <td height=\"28\" width=\"186\" align=\"left\" style=\"height: 21pt;\" class=\"xl22\"><span style=\"\">Input voltage</span></td>\r\n            <td width=\"296\" style=\"border-top: medium none; border-left: medium none;\" class=\"xl27\"><span style=\"\">&nbsp; 100VAC<font class=\"font6\"> -   240VAC</font></span></td>\r\n        </tr>\r\n        <tr height=\"28\" style=\"height: 21pt;\">\r\n            <td height=\"28\" width=\"186\" style=\"height: 21pt;\" class=\"xl23\"><span style=\"\">&nbsp;</span></td>\r\n            <td width=\"296\" style=\"border-left: medium none;\" class=\"xl26\"><span style=\"\">&nbsp; Allowable input voltage range: 90 to   264VAC</span></td>\r\n        </tr>\r\n        <tr height=\"28\" style=\"height: 21pt;\">\r\n            <td height=\"28\" width=\"186\" align=\"left\" style=\"height: 21pt;\" class=\"xl23\"><span style=\"\">Rated frequency</span></td>\r\n            <td width=\"296\" align=\"left\" style=\"border-left: medium none;\" class=\"xl23\"><span style=\"\">&nbsp; 50/60Hz</span></td>\r\n        </tr>\r\n        <tr height=\"28\" style=\"height: 21pt;\">\r\n            <td height=\"28\" width=\"186\" align=\"left\" style=\"height: 21pt;\" class=\"xl23\"><span style=\"\">Power consumption</span></td>\r\n            <td width=\"296\" align=\"left\" style=\"border-left: medium none;\" class=\"xl23\"><span style=\"\">&nbsp; 6W</span></td>\r\n        </tr>\r\n        <tr height=\"28\" style=\"height: 21pt;\">\r\n            <td height=\"28\" width=\"186\" align=\"left\" style=\"height: 21pt;\" class=\"xl23\"><span style=\"\">Output voltage</span></td>\r\n            <td width=\"296\" align=\"left\" style=\"border-left: medium none;\" class=\"xl23\"><span style=\"\">&nbsp; 21VDC (Max)</span></td>\r\n        </tr>\r\n        <tr height=\"28\" style=\"height: 21pt;\">\r\n            <td height=\"28\" width=\"186\" align=\"left\" style=\"height: 21pt;\" class=\"xl23\"><span style=\"\">Output current</span></td>\r\n            <td width=\"296\" align=\"left\" style=\"border-left: medium none;\" class=\"xl23\"><span style=\"\">&nbsp; 180mA</span></td>\r\n        </tr>\r\n        <tr height=\"28\" style=\"height: 21pt;\">\r\n            <td height=\"28\" width=\"186\" align=\"left\" style=\"height: 21pt;\" class=\"xl23\"><span style=\"\">Lighting system</span></td>\r\n            <td width=\"296\" align=\"left\" style=\"border-left: medium none;\" class=\"xl23\"><span style=\"\">&nbsp; DC lighting system</span></td>\r\n        </tr>\r\n        <tr height=\"28\" style=\"height: 21pt;\">\r\n            <td height=\"28\" width=\"186\" align=\"left\" style=\"height: 21pt;\" class=\"xl22\"><span style=\"\">Light intensity control</span></td>\r\n            <td width=\"296\" align=\"left\" style=\"border-left: medium none;\" class=\"xl22\"><span style=\"\">&nbsp; Output current variable system</span></td>\r\n        </tr>\r\n        <tr height=\"28\" style=\"height: 21pt;\">\r\n            <td height=\"28\" width=\"186\" style=\"height: 21pt;\" class=\"xl23\"><span style=\"\">&nbsp;</span></td>\r\n            <td width=\"296\" align=\"left\" style=\"border-left: medium none;\" class=\"xl23\"><span style=\"\">&nbsp; Light quantity variable range: 0 to<font class=\"font5\"> 100%</font></span></td>\r\n        </tr>\r\n        <tr height=\"28\" style=\"height: 21pt;\">\r\n            <td height=\"28\" width=\"186\" style=\"height: 21pt;\" class=\"xl25\"><span style=\"\">Operating temperature</span></td>\r\n            <td width=\"296\" align=\"left\" style=\"border-left: medium none;\" class=\"xl22\"><span style=\"\">&nbsp; 0<font class=\"font7\"><sup>o</sup></font><font class=\"font6\"> C ~<span style=\"\">&nbsp; </span>40</font><font class=\"font7\"><sup>o</sup></font><font class=\"font6\"> C / 20</font><font class=\"font7\"><sup>o</sup></font><font class=\"font6\"> ~ 80</font><font class=\"font7\"><sup>o</sup></font><font class=\"font6\"> RH</font></span></td>\r\n        </tr>\r\n        <tr height=\"28\" style=\"height: 21pt;\">\r\n            <td height=\"28\" width=\"186\" style=\"height: 21pt;\" class=\"xl24\"><span style=\"\">/ humidity</span></td>\r\n            <td width=\"296\" style=\"border-left: medium none;\" class=\"xl23\"><span style=\"\">&nbsp;</span></td>\r\n        </tr>\r\n        <tr height=\"28\" style=\"height: 21pt;\">\r\n            <td height=\"28\" width=\"186\" style=\"height: 21pt;\" class=\"xl26\"><span style=\"\">Outer dimensions</span></td>\r\n            <td width=\"296\" align=\"left\" style=\"border-left: medium none;\" class=\"xl23\"><span style=\"\">&nbsp; W60.6 x H1 07 x D32.2 (mm)<span style=\"\">&nbsp;&nbsp;&nbsp;&nbsp;&nbsp;&nbsp;&nbsp;&nbsp;&nbsp;&nbsp;&nbsp;&nbsp;&nbsp;&nbsp;&nbsp;&nbsp;&nbsp;&nbsp;&nbsp;&nbsp;&nbsp;&nbsp;&nbsp;&nbsp;&nbsp;&nbsp;&nbsp;&nbsp;&nbsp;&nbsp;&nbsp;&nbsp;&nbsp;&nbsp;&nbsp;&nbsp; </span>[*1]</span></td>\r\n        </tr>\r\n        <tr height=\"28\" style=\"height: 21pt;\">\r\n            <td height=\"28\" width=\"186\" style=\"height: 21pt;\" class=\"xl26\"><span style=\"\">Weight</span></td>\r\n            <td width=\"296\" align=\"left\" style=\"border-left: medium none;\" class=\"xl23\"><span style=\"\">&nbsp; 150g<span style=\"\">&nbsp;&nbsp;&nbsp;&nbsp;&nbsp;&nbsp;&nbsp;&nbsp;&nbsp;&nbsp;&nbsp;&nbsp;&nbsp;&nbsp;&nbsp;&nbsp;&nbsp;&nbsp;&nbsp;&nbsp;&nbsp;&nbsp;&nbsp;&nbsp;&nbsp;&nbsp;&nbsp;&nbsp;&nbsp;&nbsp;&nbsp;&nbsp;&nbsp;&nbsp;&nbsp;&nbsp;&nbsp;&nbsp;&nbsp;&nbsp;&nbsp;&nbsp;&nbsp;&nbsp;&nbsp;&nbsp;&nbsp;&nbsp;&nbsp;&nbsp;&nbsp;&nbsp;&nbsp;&nbsp;&nbsp;&nbsp;&nbsp; &nbsp; &nbsp; &nbsp; &nbsp; &nbsp; &nbsp; &nbsp; &nbsp; &nbsp; &nbsp; &nbsp; </span>[*2]</span></td>\r\n        </tr>\r\n    </tbody>\r\n</table>\r\n<p><strong>Lighting Unit</strong></p>\r\n<p>&nbsp;</p>\r\n<table cellspacing=\"0\" cellpadding=\"0\" border=\"0\" style=\"border-collapse: collapse; width: 485px; height: 253px;\" x:str=\"\">\r\n    <tbody>\r\n        <tr height=\"28\" style=\"height: 21pt;\">\r\n            <td height=\"28\" width=\"187\" style=\"height: 21pt;\" class=\"xl30\"><strong><span style=\"\">Type</span></strong></td>\r\n            <td width=\"295\" style=\"\" class=\"xl31\"><strong><span style=\"\">&nbsp;HDR61 Wj</span></strong></td>\r\n        </tr>\r\n        <tr height=\"28\" style=\"height: 21pt;\">\r\n            <td height=\"28\" width=\"187\" style=\"height: 21pt;\" class=\"xl28\"><span style=\"\">Luminescent calor</span></td>\r\n            <td width=\"295\" style=\"\" class=\"xl26\"><span style=\"\">&nbsp; White</span></td>\r\n        </tr>\r\n        <tr height=\"28\" style=\"height: 21pt;\">\r\n            <td height=\"28\" width=\"187\" style=\"height: 21pt;\" class=\"xl24\"><span style=\"\">LifeTime</span></td>\r\n            <td width=\"295\" align=\"left\" style=\"\" class=\"xl25\"><span style=\"\">&nbsp; Approx. 20,000 hours</span></td>\r\n        </tr>\r\n        <tr height=\"28\" style=\"height: 21pt;\">\r\n            <td height=\"28\" width=\"187\" style=\"height: 21pt;\" class=\"xl28\"><span style=\"\"><span style=\"\">&nbsp;&nbsp;&nbsp;&nbsp;&nbsp;&nbsp;&nbsp;&nbsp;&nbsp;&nbsp;&nbsp;&nbsp;&nbsp;&nbsp;&nbsp;&nbsp;&nbsp;&nbsp;&nbsp;&nbsp;&nbsp;&nbsp;&nbsp;&nbsp;&nbsp;&nbsp;&nbsp;&nbsp;&nbsp;&nbsp;&nbsp;&nbsp;&nbsp;&nbsp;&nbsp;&nbsp;&nbsp;&nbsp;&nbsp;&nbsp;&nbsp;&nbsp;&nbsp;&nbsp;&nbsp;&nbsp;&nbsp;&nbsp;&nbsp;&nbsp;&nbsp;&nbsp;&nbsp;   </span>[*3]</span></td>\r\n            <td width=\"295\" align=\"left\" style=\"\" class=\"xl25\"><span style=\"\">&nbsp; (Not warranty period)</span></td>\r\n        </tr>\r\n        <tr height=\"28\" style=\"height: 21pt;\">\r\n            <td height=\"28\" width=\"187\" style=\"border-top: medium none; height: 21pt;\" class=\"xl29\"><span style=\"\">Operating heiqht ranqe</span></td>\r\n            <td width=\"295\" align=\"left\" style=\"\" class=\"xl25\"><span style=\"\">&nbsp; 60 <font class=\"font5\">~</font><font class=\"font6\"> 150 (mm)</font></span></td>\r\n        </tr>\r\n        <tr height=\"28\" style=\"height: 21pt;\">\r\n            <td height=\"28\" width=\"187\" style=\"border-top: medium none; height: 21pt;\" class=\"xl29\"><span style=\"\">Mirror cylinder   mountinq</span></td>\r\n            <td width=\"295\" align=\"left\" style=\"\" class=\"xl25\"><span style=\"\">&nbsp; Max &Oslash;61 (mm)</span></td>\r\n        </tr>\r\n        <tr height=\"28\" style=\"height: 21pt;\">\r\n            <td height=\"28\" width=\"187\" style=\"height: 21pt;\" class=\"xl24\"><span style=\"\">outer diameter</span></td>\r\n            <td width=\"295\" style=\"\" class=\"xl25\"><span style=\"\">&nbsp;</span></td>\r\n        </tr>\r\n        <tr height=\"28\" style=\"height: 21pt;\">\r\n            <td height=\"28\" width=\"187\" x:str=\"Outer dimensions                             [*1] \" style=\"height: 21pt;\" class=\"xl28\"><span style=\"\">Outer dimensions<span style=\"\">&nbsp;&nbsp;&nbsp;&nbsp;&nbsp;&nbsp;&nbsp;&nbsp;&nbsp;&nbsp;&nbsp;&nbsp;&nbsp;&nbsp;&nbsp;&nbsp;&nbsp;&nbsp;&nbsp;&nbsp;&nbsp; </span>[*1]<span style=\"\">&nbsp;</span></span></td>\r\n            <td width=\"295\" style=\"\" class=\"xl27\"><span style=\"\">&nbsp; 94 (O.D.) x 61 (I.D.) x<font class=\"font7\"> </font><font class=\"font6\">26</font><font class=\"font7\"> (</font><font class=\"font6\">H</font><font class=\"font7\">)</font><font class=\"font6\"> (mm)</font></span></td>\r\n        </tr>\r\n        <tr height=\"28\" style=\"height: 21pt;\">\r\n            <td height=\"28\" width=\"187\" style=\"height: 21pt;\" class=\"xl28\"><span style=\"\">Weight</span></td>\r\n            <td width=\"295\" align=\"left\" style=\"\" class=\"xl25\"><span style=\"\">&nbsp; 120g</span></td>\r\n        </tr>\r\n    </tbody>\r\n</table>\r\n<p>*1 Outer dimensions: Projections are excluded. *2 Weight: Power supply cord is excluded. *3 Life Time: The LED life differs depending on the ambient temperature.</p>', 'HDR 61', '', '', '', ''),
(80, 1, 80, 'ILLUMINATORS', '<p>&quot;COLD LIGHT&quot; 150W OPTICAL FIBER IllUMINATOR <br />\r\nwith Ring Light Guide<br />\r\n- Length 1000mm<br />\r\n- Approx. 50H life time (no guaranteed)</p>', 'L-150AR60', '', '', '', ''),
(81, 1, 81, 'ILLUMINATORS', '<p>&quot;COLD LIGHT&quot; 150W OPTICAL FIBER IllUMINATOR <br />\r\nwith Double Brance light Guide<br />\r\n- length 500mm<br />\r\n- Approx. 50H life time (no guaranteed)</p>', 'L-150AB', '', '', '', ''),
(82, 1, 82, 'ILLUMINATORS', '<p>\r\n<meta content=\"text/html; charset=utf-8\" http-equiv=\"Content-Type\" />\r\n<meta content=\"Word.Document\" name=\"ProgId\" />\r\n<meta content=\"Microsoft Word 11\" name=\"Generator\" />\r\n<meta content=\"Microsoft Word 11\" name=\"Originator\" />\r\n<link href=\"file:///C:\\DOCUME~1\\User\\LOCALS~1\\Temp\\msohtml1\\01\\clip_filelist.xml\" rel=\"File-List\" /><!--[if gte mso 9]><xml>\r\n<w:WordDocument>\r\n<w:View>Normal</w:View>\r\n<w:Zoom>0</w:Zoom>\r\n<w:PunctuationKerning />\r\n<w:ValidateAgainstSchemas />\r\n<w:SaveIfXMLInvalid>false</w:SaveIfXMLInvalid>\r\n<w:IgnoreMixedContent>false</w:IgnoreMixedContent>\r\n<w:AlwaysShowPlaceholderText>false</w:AlwaysShowPlaceholderText>\r\n<w:Compatibility>\r\n<w:BreakWrappedTables />\r\n<w:SnapToGridInCell />\r\n<w:ApplyBreakingRules />\r\n<w:WrapTextWithPunct />\r\n<w:UseAsianBreakRules />\r\n<w:DontGrowAutofit />\r\n</w:Compatibility>\r\n<w:BrowserLevel>MicrosoftInternetExplorer4</w:BrowserLevel>\r\n</w:WordDocument>\r\n</xml><![endif]--><!--[if gte mso 9]><xml>\r\n<w:LatentStyles DefLockedState=\"false\" LatentStyleCount=\"156\">\r\n</w:LatentStyles>\r\n</xml><![endif]--><style type=\"text/css\">\r\n<!--\r\n /* Font Definitions */\r\n @font-face\r\n	{font-family:\"Angsana New\";\r\n	panose-1:2 2 6 3 5 4 5 2 3 4;\r\n	mso-font-charset:0;\r\n	mso-generic-font-family:roman;\r\n	mso-font-pitch:variable;\r\n	mso-font-signature:16777219 0 0 0 65537 0;}\r\n /* Style Definitions */\r\n p.MsoNormal, li.MsoNormal, div.MsoNormal\r\n	{mso-style-parent:\"\";\r\n	margin:0cm;\r\n	margin-bottom:.0001pt;\r\n	mso-pagination:widow-orphan;\r\n	font-size:12.0pt;\r\n	mso-bidi-font-size:14.0pt;\r\n	font-family:\"Times New Roman\";\r\n	mso-fareast-font-family:\"Times New Roman\";\r\n	mso-bidi-font-family:\"Angsana New\";}\r\n@page Section1\r\n	{size:612.0pt 792.0pt;\r\n	margin:72.0pt 90.0pt 72.0pt 90.0pt;\r\n	mso-header-margin:36.0pt;\r\n	mso-footer-margin:36.0pt;\r\n	mso-paper-source:0;}\r\ndiv.Section1\r\n	{page:Section1;}\r\n-->\r\n</style><!--[if gte mso 10]>\r\n<style>\r\n/* Style Definitions */\r\ntable.MsoNormalTable\r\n{mso-style-name:\"Table Normal\";\r\nmso-tstyle-rowband-size:0;\r\nmso-tstyle-colband-size:0;\r\nmso-style-noshow:yes;\r\nmso-style-parent:\"\";\r\nmso-padding-alt:0cm 5.4pt 0cm 5.4pt;\r\nmso-para-margin:0cm;\r\nmso-para-margin-bottom:.0001pt;\r\nmso-pagination:widow-orphan;\r\nfont-size:10.0pt;\r\nfont-family:\"Times New Roman\";\r\nmso-bidi-font-family:\"Times New Roman\";\r\nmso-ansi-language:#0400;\r\nmso-fareast-language:#0400;\r\nmso-bidi-language:#0400;}\r\n</style>\r\n<![endif]-->It is an incident illuminator for stereo microscope.<br />\r\nAnnular fluorescent lamp supplies high brightness and even illumination. <br />\r\nIt is concise and easily to be used. <br />\r\n<strong>Specifications : 220V/8W</strong></p>', 'ANNULAR ILLUMINATOR', '', '', '', ''),
(83, 1, 83, 'TV CAMERA ADAPTER', '<p><strong>Available for C-mount CCD camera / connected to CCTV and monitor</strong></p>', 'TVA-45', '', '', '', ''),
(84, 1, 84, 'MICROSCOPE CAMERA ADAPTER', '<p><strong>T-MICRO </strong>for SLR camera <br />\r\n(to be used with T-mount adapter)</p>\r\n<p>&nbsp;</p>\r\n<p><strong>T-MOUNT ADAPTERS</strong><br />\r\nMODEL</p>\r\n<p>T-PENTAX/S</p>\r\n<p>T-CANON/F</p>\r\n<p>T-CANON/EOS </p>\r\n<p>T-NIKON/F </p>\r\n<p>T-MINOLTA/SR </p>\r\n<p>T-KONICA </p>\r\n<p>T-FUJICA </p>\r\n<p>T-CONTAX</p>\r\n<p>T-PENTAX/F </p>\r\n<p>T-OLYMPUS/OM </p>\r\n<p>T-MINOLTA/A</p>\r\n<p>&nbsp;</p>\r\n<p><strong>(to be used with relay lens model BW10xt w/photo ring)</strong></p>', 'T-MOUNT, T-MICRO', '', '', '', ''),
(85, 1, 85, 'DIGITAL CAMERA ADAPTER', '<p>(available for small-sized camera / used with relay lens model : BW10xt w/photo ring)<br />\r\n(Digital Camera : SONY CYBERSHOT, OLYMPUS CAMEDIA, NIKON COOLPIX - Recommended)</p>', 'XR 9501', '', '', '', ''),
(99, 1, 99, 'Model MZL-745 macro zoom lens offers cost-effective PC/TV microscopy system.\r\nThe MZL-745 is available as a monocular with eyepiece. \r\nAn eyepiece 10x and a C-mount adapter are provided as standard accessories.', '<p><strong>Composed of :</strong><br />\r\n1. MZL-745&nbsp;&nbsp;&nbsp; &nbsp;Macro zoom lens O.7x-4.5x<br />\r\n2. SCW-PF&nbsp;&nbsp;&nbsp; &nbsp; Pole stand and holder with built-in 9W ring fluorescent light <br />\r\n3. Z1014E&nbsp;&nbsp;&nbsp;&nbsp;&nbsp;&nbsp; CMOS camera with USB interface</p>', 'MZL-745PF + Z1014E', '22', '', '', ''),
(98, 1, 98, 'Monocular lens with switchable O.8x, 1.6x, 2.4x and 3.2x magnifications. C-mount is provided to accept various kinds of camera connecting to TV monitor or PC. An eyepiece 10x is included to enable users to see through the eyepiece like normal monocular.', '<p><strong>Composed of : </strong></p>\r\n<p>1. CCTV SONY 540 TV LINES</p>\r\n<p>2. TV/MONITOR 7&quot;</p>\r\n<p>3. MONOCULAR LENS WITH SWITCHABLE 4 STEP MAGNIFICATION</p>\r\n<p>4. HOLDER MONITOR</p>\r\n<p>5. LARGE STAGE WITH BRIGHTNESS ADJUSTMENT</p>', 'MM-1234 PIHF-M+HOLDER+TV/MONITOR+SONY 540', '22', '', '', ''),
(89, 1, 89, 'GEM MICROSCOPE', '<p>&nbsp;</p>\r\n<table cellspacing=\"0\" cellpadding=\"0\" border=\"0\" style=\"border-collapse: collapse; width: 483px; height: 449px;\" x:str=\"\">\r\n    <tbody>\r\n        <tr height=\"20\" style=\"height: 15pt;\">\r\n            <td width=\"166\" height=\"20\" align=\"left\" style=\"height: 15pt;\" class=\"xl24\"><strong>Magnification</strong></td>\r\n            <td width=\"314\" align=\"left\" style=\"border-left: medium none;\" class=\"xl24\">10x   to 44x (field of view : 20mm. To 4.5 mm.)</td>\r\n        </tr>\r\n        <tr height=\"20\" style=\"height: 15pt;\">\r\n            <td width=\"166\" height=\"20\" align=\"left\" style=\"border-top: medium none; height: 15pt;\" class=\"xl24\"><strong>Objective   Lenses</strong></td>\r\n            <td width=\"314\" align=\"left\" style=\"border-top: medium none; border-left: medium none;\" class=\"xl24\">1.0x to   4.4x (zoom ratio : 4.4:1)</td>\r\n        </tr>\r\n        <tr height=\"20\" style=\"height: 15pt;\">\r\n            <td width=\"166\" height=\"20\" align=\"left\" style=\"border-top: medium none; height: 15pt;\" class=\"xl24\"><strong>Eyepieces</strong></td>\r\n            <td width=\"314\" align=\"left\" style=\"border-top: medium none; border-left: medium none;\" class=\"xl24\">Wide Field   10x (DSW10x F.N.20)(field number : 20)</td>\r\n        </tr>\r\n        <tr height=\"24\" style=\"height: 18pt;\">\r\n            <td width=\"166\" height=\"24\" align=\"left\" style=\"border-top: medium none; height: 18pt;\" class=\"xl24\"><strong>Optical   Body</strong></td>\r\n            <td width=\"314\" align=\"left\" style=\"border-top: medium none; border-left: medium none;\" class=\"xl24\">360<font class=\"font6\"><sup>๐</sup></font><font class=\"font5\"> rotatable trinocular   type, 45</font><font class=\"font6\"><sup>๐</sup></font><font class=\"font5\">   inclined eyepiece tube</font></td>\r\n        </tr>\r\n        <tr height=\"20\" style=\"height: 15pt;\">\r\n            <td width=\"166\" height=\"20\" align=\"left\" style=\"border-top: medium none; height: 15pt;\" class=\"xl24\"><strong>Working   Distance</strong></td>\r\n            <td width=\"314\" align=\"left\" style=\"border-top: medium none; border-left: medium none;\" class=\"xl24\">90 mm.</td>\r\n        </tr>\r\n        <tr height=\"20\" style=\"height: 15pt;\">\r\n            <td width=\"166\" height=\"20\" align=\"left\" style=\"border-top: medium none; height: 15pt;\" class=\"xl24\"><strong>Interpupillary   Distance</strong></td>\r\n            <td width=\"314\" align=\"left\" style=\"border-top: medium none; border-left: medium none;\" class=\"xl24\">52mm. to   75mm.</td>\r\n        </tr>\r\n        <tr height=\"20\" style=\"height: 15pt;\">\r\n            <td width=\"166\" height=\"20\" align=\"left\" style=\"border-top: medium none; height: 15pt;\" class=\"xl24\"><strong>Diopter   Adjustment</strong></td>\r\n            <td width=\"314\" align=\"left\" style=\"border-top: medium none; border-left: medium none;\" class=\"xl27\">&plusmn;<font class=\"font5\"> 5.6D - 7.2D<span style=\"\">&nbsp; </span>on both   eyepiece tubes &amp; </font><font class=\"font7\">&plusmn;</font><font class=\"font5\">   8D on verticle tube</font><font class=\"font7\">&plusmn;</font></td>\r\n        </tr>\r\n        <tr height=\"20\" style=\"height: 15pt;\">\r\n            <td width=\"166\" height=\"20\" align=\"left\" style=\"border-top: medium none; height: 15pt;\" class=\"xl24\"><strong>Stand   type</strong></td>\r\n            <td width=\"314\" align=\"left\" style=\"border-top: medium none; border-left: medium none;\" class=\"xl24\">Regular   type</td>\r\n        </tr>\r\n        <tr height=\"20\" style=\"height: 15pt;\">\r\n            <td width=\"166\" height=\"20\" align=\"left\" style=\"border-top: medium none; height: 15pt;\" class=\"xl24\"><strong>Front   Light</strong></td>\r\n            <td width=\"314\" align=\"left\" style=\"border-top: medium none; border-left: medium none;\" class=\"xl24\">\r\n            <p>Fluorescent   Lamp 9 W S/E 860<span style=\"\">&nbsp; </span>6500 K<span style=\"\">&nbsp;&nbsp;</span></p>\r\n            </td>\r\n        </tr>\r\n        <tr height=\"20\" style=\"height: 15pt;\">\r\n            <td width=\"166\" height=\"20\" align=\"left\" style=\"border-top: medium none; height: 15pt;\" class=\"xl24\"><strong>Transmitted   Light</strong></td>\r\n            <td width=\"314\" align=\"left\" style=\"border-top: medium none; border-left: medium none;\" class=\"xl24\">Halogen   lamp 12V 20-25W w/dimmer</td>\r\n        </tr>\r\n        <tr height=\"20\" style=\"height: 15pt;\">\r\n            <td width=\"166\" height=\"20\" align=\"left\" style=\"border-top: medium none; height: 15pt;\" class=\"xl24\">&nbsp;</td>\r\n            <td width=\"314\" align=\"left\" style=\"border-top: medium none; border-left: medium none;\" class=\"xl24\">Single Light Guide (Halogen)</td>\r\n        </tr>\r\n        <tr height=\"20\" style=\"height: 15pt;\">\r\n            <td width=\"166\" height=\"20\" align=\"left\" style=\"border-top: medium none; height: 15pt;\" class=\"xl24\"><strong>Fuse</strong></td>\r\n            <td width=\"314\" align=\"left\" style=\"border-top: medium none; border-left: medium none;\" class=\"xl24\">250V 2A</td>\r\n        </tr>\r\n        <tr height=\"20\" style=\"height: 15pt;\">\r\n            <td width=\"166\" height=\"20\" align=\"left\" style=\"border-top: medium none; height: 15pt;\" class=\"xl24\"><strong>Stage   plate</strong></td>\r\n            <td width=\"314\" align=\"left\" style=\"border-top: medium none; border-left: medium none;\" class=\"xl24\">Darkfield   42 mm.</td>\r\n        </tr>\r\n        <tr height=\"20\" style=\"height: 15pt;\">\r\n            <td width=\"166\" height=\"20\" align=\"left\" style=\"border-top: medium none; height: 15pt;\" class=\"xl24\"><strong>Base</strong></td>\r\n            <td width=\"314\" align=\"left\" style=\"border-top: medium none; border-left: medium none;\" class=\"xl24\">180mm. x   265mm.</td>\r\n        </tr>\r\n        <tr height=\"20\" style=\"height: 15pt;\">\r\n            <td width=\"166\" height=\"20\" align=\"left\" style=\"border-top: medium none; height: 15pt;\" class=\"xl24\"><strong>Power   cord</strong></td>\r\n            <td width=\"314\" align=\"left\" style=\"border-top: medium none; border-left: medium none;\" class=\"xl24\">VDE cord</td>\r\n        </tr>\r\n        <tr height=\"20\" style=\"height: 15pt;\">\r\n            <td width=\"166\" height=\"20\" align=\"left\" style=\"border-top: medium none; height: 15pt;\" class=\"xl24\"><strong>Electrical   rating</strong></td>\r\n            <td width=\"314\" align=\"left\" style=\"border-top: medium none; border-left: medium none;\" class=\"xl24\">110-220V   50Hz / 60Hz</td>\r\n        </tr>\r\n        <tr height=\"24\" style=\"height: 18pt;\">\r\n            <td width=\"166\" height=\"24\" align=\"left\" style=\"border-top: medium none; height: 18pt;\" class=\"xl24\"><strong>Adj.stand</strong></td>\r\n            <td width=\"314\" align=\"left\" style=\"border-top: medium none; border-left: medium none;\" class=\"xl24\">0-10<font class=\"font6\"><sup>๐</sup></font></td>\r\n        </tr>\r\n        <tr height=\"20\" style=\"height: 15pt;\">\r\n            <td width=\"166\" height=\"20\" align=\"left\" style=\"border-top: medium none; height: 15pt;\" class=\"xl24\"><strong>Hight</strong></td>\r\n            <td width=\"314\" align=\"left\" style=\"border-top: medium none; border-left: medium none;\" class=\"xl24\">400 mm.</td>\r\n        </tr>\r\n        <tr height=\"20\" style=\"height: 15pt;\">\r\n            <td width=\"166\" height=\"20\" align=\"left\" style=\"border-top: medium none; height: 15pt;\" class=\"xl24\"><strong>Net   Weight</strong></td>\r\n            <td width=\"314\" align=\"left\" style=\"border-top: medium none; border-left: medium none;\" class=\"xl24\">5.77 Kg.</td>\r\n        </tr>\r\n        <tr height=\"20\" style=\"height: 15pt;\">\r\n            <td width=\"166\" height=\"20\" align=\"left\" style=\"border-top: medium none; height: 15pt;\" class=\"xl24\"><strong>Color</strong></td>\r\n            <td width=\"314\" align=\"left\" x:str=\"White \" style=\"border-top: medium none; border-left: medium none;\" class=\"xl24\">White<span style=\"\">&nbsp;</span></td>\r\n        </tr>\r\n        <tr height=\"20\" style=\"height: 15pt;\">\r\n            <td width=\"166\" height=\"60\" style=\"height: 45pt;\" class=\"xl29\" rowspan=\"3\"><strong>Accessories</strong></td>\r\n            <td width=\"314\" align=\"left\" style=\"border-left: medium none;\" class=\"xl26\">Rubber eyeguards, Tension   control pin,</td>\r\n        </tr>\r\n        <tr height=\"20\" style=\"height: 15pt;\">\r\n            <td width=\"314\" height=\"20\" align=\"left\" style=\"border-top: medium none; border-left: medium none; height: 15pt;\" class=\"xl24\">Dust cover, Spare fuse, Tweezer type III</td>\r\n        </tr>\r\n    </tbody>\r\n</table>', 'DSZ-44JV', NULL, NULL, NULL, NULL),
(90, 1, 90, 'BENCH MICROSCOPE\r\nDesigned for the jewelry\r\nThe bench microscope \"CARTON\" brand with various magnification \r\n* Dual magnification of 10x & 20x or 10x & 30x or 20x & 40x bodies available.\r\n* Single magnification of 10x or 20x bodies available.\r\n* Zoom magn', '<p>&nbsp;</p>\r\n<table cellspacing=\"0\" cellpadding=\"0\" border=\"0\" x:str=\"\" style=\"border-collapse: collapse; width: 461px; height: 400px;\">\r\n    <tbody>\r\n        <tr height=\"33\" style=\"height: 24.95pt;\">\r\n            <td height=\"33\" width=\"160\" align=\"left\" class=\"xl24\" style=\"height: 24.95pt;\"><strong><span style=\"\">Models</span></strong></td>\r\n            <td width=\"66\" align=\"center\" class=\"xl25\" style=\"\"><strong><span style=\"\">NSW-1 or 2</span></strong></td>\r\n            <td width=\"114\" align=\"center\" class=\"xl25\" style=\"\"><strong><span style=\"\">NSW-12</span></strong></td>\r\n            <td width=\"115\" align=\"center\" class=\"xl25\" style=\"\"><strong><span style=\"\">DSZ-44</span></strong></td>\r\n        </tr>\r\n        <tr height=\"33\" style=\"height: 24.95pt;\">\r\n            <td height=\"33\" width=\"160\" align=\"left\" class=\"xl24\" style=\"height: 24.95pt;\"><strong><span style=\"\">Magnification</span></strong></td>\r\n            <td width=\"66\" align=\"center\" class=\"xl25\" style=\"\"><span style=\"\">10X or 20X</span></td>\r\n            <td width=\"114\" align=\"center\" class=\"xl25\" style=\"\"><span style=\"\">10X (23.0mm)</span></td>\r\n            <td width=\"115\" align=\"center\" class=\"xl25\" style=\"\"><span style=\"\">10X to 44X</span></td>\r\n        </tr>\r\n        <tr height=\"33\" style=\"height: 24.95pt;\">\r\n            <td height=\"33\" width=\"160\" align=\"left\" class=\"xl24\" style=\"height: 24.95pt;\"><strong><span style=\"\">Fieid of View</span></strong></td>\r\n            <td width=\"66\" align=\"center\" class=\"xl25\" style=\"\"><span style=\"\">(23.0mm) or (11.5mm)</span></td>\r\n            <td width=\"114\" align=\"center\" class=\"xl25\" style=\"\"><span style=\"\">20X (1l.5mm)</span></td>\r\n            <td width=\"115\" align=\"center\" class=\"xl25\" style=\"\"><span style=\"\">(23.0mm to 5.2mm)</span></td>\r\n        </tr>\r\n        <tr height=\"33\" style=\"height: 24.95pt;\">\r\n            <td height=\"33\" width=\"160\" align=\"left\" class=\"xl24\" style=\"height: 24.95pt;\"><strong><span style=\"\">Objective Lenses</span></strong></td>\r\n            <td width=\"66\" align=\"center\" class=\"xl25\" style=\"\"><span style=\"\">1X or 2X</span></td>\r\n            <td width=\"114\" align=\"center\" class=\"xl25\" style=\"\"><span style=\"\">1X &amp; 2X</span></td>\r\n            <td width=\"115\" align=\"center\" class=\"xl25\" style=\"\"><span style=\"\">1X to 4.4X</span></td>\r\n        </tr>\r\n        <tr height=\"33\" style=\"height: 24.95pt;\">\r\n            <td height=\"33\" width=\"160\" align=\"left\" class=\"xl24\" style=\"height: 24.95pt;\"><strong><span style=\"\">Eyepieces</span></strong></td>\r\n            <td width=\"295\" align=\"center\" colspan=\"3\" class=\"xl25\" style=\"\">Wide Field 10x (DSW   10x) (field number: 23)</td>\r\n        </tr>\r\n        <tr height=\"33\" style=\"height: 24.95pt;\">\r\n            <td height=\"33\" width=\"160\" align=\"left\" class=\"xl24\" style=\"height: 24.95pt;\"><strong><span style=\"\">Optical Body</span></strong></td>\r\n            <td width=\"295\" align=\"center\" colspan=\"3\" class=\"xl25\" style=\"\">360<font class=\"font6\"><sup>0</sup></font><font class=\"font5\"> rotatable binocular type, 45&deg; inclined eyepiece tube</font></td>\r\n        </tr>\r\n        <tr height=\"33\" style=\"height: 24.95pt;\">\r\n            <td height=\"33\" width=\"160\" align=\"left\" class=\"xl24\" style=\"height: 24.95pt;\"><strong><span style=\"\">Working Distance</span></strong></td>\r\n            <td width=\"66\" align=\"center\" class=\"xl25\" style=\"\"><span style=\"\">131.0mm</span></td>\r\n            <td width=\"114\" align=\"center\" class=\"xl25\" style=\"\"><span style=\"\">131.0mm</span></td>\r\n            <td width=\"115\" align=\"center\" class=\"xl25\" style=\"\"><span style=\"\">90.0mm</span></td>\r\n        </tr>\r\n        <tr height=\"33\" style=\"height: 24.95pt;\">\r\n            <td height=\"33\" width=\"160\" align=\"left\" class=\"xl24\" style=\"height: 24.95pt;\"><strong><span style=\"\">Interpupillary Distance</span></strong></td>\r\n            <td width=\"295\" align=\"center\" colspan=\"3\" class=\"xl25\" style=\"\">52mm to 75mm</td>\r\n        </tr>\r\n        <tr height=\"33\" style=\"height: 24.95pt;\">\r\n            <td height=\"33\" width=\"160\" align=\"left\" class=\"xl24\" style=\"height: 24.95pt;\"><strong><span style=\"\">Diopter Adjustment</span></strong></td>\r\n            <td width=\"180\" align=\"center\" colspan=\"2\" class=\"xl27\">+5.6 - 7.2D on left eyepiece tube</td>\r\n            <td width=\"115\" align=\"center\" class=\"xl27\">on both eyepiece tubes</td>\r\n        </tr>\r\n        <tr height=\"33\" style=\"height: 24.95pt;\">\r\n            <td height=\"66\" width=\"160\" rowspan=\"2\" class=\"xl28\" style=\"height: 49.9pt;\"><strong><span style=\"\">Stand Type</span></strong></td>\r\n            <td width=\"180\" align=\"center\" colspan=\"2\" class=\"xl26\" x:str=\"Universal S-Stand \">Universal S-Stand<span style=\"\">&nbsp;</span></td>\r\n            <td width=\"115\" align=\"center\" class=\"xl26\">Universal S-Stand</td>\r\n        </tr>\r\n        <tr height=\"33\" style=\"height: 24.95pt;\">\r\n            <td width=\"180\" align=\"center\" colspan=\"2\" class=\"xl26\" style=\"height: 24.95pt;\">&amp; SCW-PXX   w/hole</td>\r\n            <td width=\"115\" align=\"center\" class=\"xl26\">&amp; SCW-PXX w/hole</td>\r\n        </tr>\r\n        <tr height=\"33\" style=\"height: 24.95pt;\">\r\n            <td height=\"33\" width=\"160\" align=\"left\" class=\"xl24\" style=\"height: 24.95pt;\"><strong><span style=\"\">Incident Light</span></strong></td>\r\n            <td width=\"295\" align=\"center\" colspan=\"3\" class=\"xl25\" style=\"\">Fluorescent lamp 75W   (Daylight)</td>\r\n        </tr>\r\n    </tbody>\r\n</table>', 'NSW-1x or 2x PXX, DSZ-44PXX', NULL, NULL, NULL, NULL),
(93, 1, 93, 'MAGNIFYING LAMP', '<p><strong>Lens material : </strong>glass</p>\r\n<p><strong><br />\r\nLens size : </strong>5 &quot;</p>\r\n<p><strong><br />\r\nDiopter : </strong>3 diopter /5 diopter/8 diopter</p>\r\n<p><br />\r\n<strong>Voltage : </strong>220V-240V 50Hz 22w</p>\r\n<p><br />\r\n<strong>Light source : </strong>22W fluorescent lamp&nbsp;</p>\r\n<p><br />\r\n<strong>Standard mount : </strong>desktop clamp</p>\r\n<p><br />\r\n<strong>Colour : </strong>white</p>\r\n<p>&nbsp;</p>\r\n<p><strong><br />\r\nMade in china / No brand</strong></p>', '8064D', NULL, NULL, NULL, NULL);
INSERT INTO `web_product_message` (`article_message_id`, `web_lang_id`, `article_id`, `title`, `message`, `extra_field1`, `extra_field2`, `extra_field3`, `extra_field4`, `extra_field5`) VALUES
(91, 1, 91, 'FOCUSING EYEPIECE 10x WITH RETICLE', '<p>\r\n<meta http-equiv=\"Content-Type\" content=\"text/html; charset=utf-8\">\r\n<meta name=\"ProgId\" content=\"Word.Document\">\r\n<meta name=\"Generator\" content=\"Microsoft Word 11\">\r\n<meta name=\"Originator\" content=\"Microsoft Word 11\">\r\n<link rel=\"File-List\" href=\"file:///C:\\DOCUME~1\\User\\LOCALS~1\\Temp\\msohtml1\\01\\clip_filelist.xml\" /><!--[if gte mso 9]><xml>\r\n<w:WordDocument>\r\n<w:View>Normal</w:View>\r\n<w:Zoom>0</w:Zoom>\r\n<w:PunctuationKerning />\r\n<w:ValidateAgainstSchemas />\r\n<w:SaveIfXMLInvalid>false</w:SaveIfXMLInvalid>\r\n<w:IgnoreMixedContent>false</w:IgnoreMixedContent>\r\n<w:AlwaysShowPlaceholderText>false</w:AlwaysShowPlaceholderText>\r\n<w:Compatibility>\r\n<w:BreakWrappedTables />\r\n<w:SnapToGridInCell />\r\n<w:ApplyBreakingRules />\r\n<w:WrapTextWithPunct />\r\n<w:UseAsianBreakRules />\r\n<w:DontGrowAutofit />\r\n</w:Compatibility>\r\n<w:BrowserLevel>MicrosoftInternetExplorer4</w:BrowserLevel>\r\n</w:WordDocument>\r\n</xml><![endif]--><!--[if gte mso 9]><xml>\r\n<w:LatentStyles DefLockedState=\"false\" LatentStyleCount=\"156\">\r\n</w:LatentStyles>\r\n</xml><![endif]--><style type=\"text/css\">\r\n<!--\r\n /* Font Definitions */\r\n @font-face\r\n	{font-family:\"Angsana New\";\r\n	panose-1:2 2 6 3 5 4 5 2 3 4;\r\n	mso-font-charset:0;\r\n	mso-generic-font-family:roman;\r\n	mso-font-pitch:variable;\r\n	mso-font-signature:16777219 0 0 0 65537 0;}\r\n /* Style Definitions */\r\n p.MsoNormal, li.MsoNormal, div.MsoNormal\r\n	{mso-style-parent:\"\";\r\n	margin:0cm;\r\n	margin-bottom:.0001pt;\r\n	mso-pagination:widow-orphan;\r\n	font-size:12.0pt;\r\n	mso-bidi-font-size:14.0pt;\r\n	font-family:\"Times New Roman\";\r\n	mso-fareast-font-family:\"Times New Roman\";\r\n	mso-bidi-font-family:\"Angsana New\";}\r\n@page Section1\r\n	{size:612.0pt 792.0pt;\r\n	margin:72.0pt 90.0pt 72.0pt 90.0pt;\r\n	mso-header-margin:36.0pt;\r\n	mso-footer-margin:36.0pt;\r\n	mso-paper-source:0;}\r\ndiv.Section1\r\n	{page:Section1;}\r\n-->\r\n</style><!--[if gte mso 10]>\r\n<style>\r\n/* Style Definitions */\r\ntable.MsoNormalTable\r\n{mso-style-name:\"Table Normal\";\r\nmso-tstyle-rowband-size:0;\r\nmso-tstyle-colband-size:0;\r\nmso-style-noshow:yes;\r\nmso-style-parent:\"\";\r\nmso-padding-alt:0cm 5.4pt 0cm 5.4pt;\r\nmso-para-margin:0cm;\r\nmso-para-margin-bottom:.0001pt;\r\nmso-pagination:widow-orphan;\r\nfont-size:10.0pt;\r\nfont-family:\"Times New Roman\";\r\nmso-bidi-font-family:\"Times New Roman\";\r\nmso-ansi-language:#0400;\r\nmso-fareast-language:#0400;\r\nmso-bidi-language:#0400;}\r\n</style>\r\n<![endif]--><strong>DFHW10X</strong> F.N.23 (For SPZ)        </meta>\r\n</meta>\r\n</meta>\r\n</meta>\r\n</p>\r\n<p><strong>DFSW10X</strong> F.N.20 (For DSZ/NSW)</p>\r\n<p>&nbsp;</p>\r\n<p><strong>No.1</strong> Eyepiece Micrometer DIA. 25mm. With 10:100mm. Scale</p>\r\n<p><strong>No.2</strong> Eyepiece Micrometer DIA. 25mm. With 20x20 0.5mm. Squares Scale</p>\r\n<p><strong>No.3</strong> Eyepiece Micrometer DIA. 25mm. With 5x5 1mm. Squares Scale</p>\r\n<p><strong>No.4</strong> Eyepiece Micrometer DIA. 25mm. With 5:100mm. Scale</p>\r\n<p><strong>No.5</strong> Eyepiece Micrometer DIA. 25mm. With 10x10 1mm. Squares Scale</p>\r\n<p><strong>No.6</strong> Eyepiece Micrometer DIA. 25mm. With 10:100mm. Cross line Scale\r\n<meta http-equiv=\"Content-Type\" content=\"text/html; charset=utf-8\">\r\n<meta name=\"ProgId\" content=\"Word.Document\">\r\n<meta name=\"Generator\" content=\"Microsoft Word 11\">\r\n<meta name=\"Originator\" content=\"Microsoft Word 11\">       </meta>\r\n</meta>\r\n</meta>\r\n</meta>\r\n</p>', 'DFSW 10X, DFHW 10X', NULL, NULL, NULL, NULL),
(92, 1, 92, 'MICROSCOPE DIGITAL CAMERA EYEPIECE. \r\n\r\nThe Z1014E is a CMOS camera to convert a normal microscope into \"Digital Microscope\". The CMOS camera features USB interface to connect with a PC so that the image enlarged by microscope can be seen, measured and sa', '<p>\r\n<meta content=\"text/html; charset=utf-8\" http-equiv=\"Content-Type\">\r\n<meta content=\"Word.Document\" name=\"ProgId\">\r\n<meta content=\"Microsoft Word 11\" name=\"Generator\">\r\n<meta content=\"Microsoft Word 11\" name=\"Originator\">\r\n<link href=\"file:///C:\\DOCUME~1\\User\\LOCALS~1\\Temp\\msohtml1\\01\\clip_filelist.xml\" rel=\"File-List\" /><!--[if gte mso 9]><xml>\r\n<w:WordDocument>\r\n<w:View>Normal</w:View>\r\n<w:Zoom>0</w:Zoom>\r\n<w:PunctuationKerning />\r\n<w:ValidateAgainstSchemas />\r\n<w:SaveIfXMLInvalid>false</w:SaveIfXMLInvalid>\r\n<w:IgnoreMixedContent>false</w:IgnoreMixedContent>\r\n<w:AlwaysShowPlaceholderText>false</w:AlwaysShowPlaceholderText>\r\n<w:Compatibility>\r\n<w:BreakWrappedTables />\r\n<w:SnapToGridInCell />\r\n<w:ApplyBreakingRules />\r\n<w:WrapTextWithPunct />\r\n<w:UseAsianBreakRules />\r\n<w:DontGrowAutofit />\r\n</w:Compatibility>\r\n<w:BrowserLevel>MicrosoftInternetExplorer4</w:BrowserLevel>\r\n</w:WordDocument>\r\n</xml><![endif]--><!--[if gte mso 9]><xml>\r\n<w:LatentStyles DefLockedState=\"false\" LatentStyleCount=\"156\">\r\n</w:LatentStyles>\r\n</xml><![endif]--><style type=\"text/css\">\r\n<!--\r\n /* Font Definitions */\r\n @font-face\r\n	{font-family:\"Angsana New\";\r\n	panose-1:2 2 6 3 5 4 5 2 3 4;\r\n	mso-font-charset:0;\r\n	mso-generic-font-family:roman;\r\n	mso-font-pitch:variable;\r\n	mso-font-signature:16777219 0 0 0 65537 0;}\r\n /* Style Definitions */\r\n p.MsoNormal, li.MsoNormal, div.MsoNormal\r\n	{mso-style-parent:\"\";\r\n	margin:0cm;\r\n	margin-bottom:.0001pt;\r\n	mso-pagination:widow-orphan;\r\n	font-size:12.0pt;\r\n	mso-bidi-font-size:14.0pt;\r\n	font-family:\"Times New Roman\";\r\n	mso-fareast-font-family:\"Times New Roman\";\r\n	mso-bidi-font-family:\"Angsana New\";}\r\n@page Section1\r\n	{size:612.0pt 792.0pt;\r\n	margin:72.0pt 90.0pt 72.0pt 90.0pt;\r\n	mso-header-margin:36.0pt;\r\n	mso-footer-margin:36.0pt;\r\n	mso-paper-source:0;}\r\ndiv.Section1\r\n	{page:Section1;}\r\n-->\r\n</style><!--[if gte mso 10]>\r\n<style>\r\n/* Style Definitions */\r\ntable.MsoNormalTable\r\n{mso-style-name:\"Table Normal\";\r\nmso-tstyle-rowband-size:0;\r\nmso-tstyle-colband-size:0;\r\nmso-style-noshow:yes;\r\nmso-style-parent:\"\";\r\nmso-padding-alt:0cm 5.4pt 0cm 5.4pt;\r\nmso-para-margin:0cm;\r\nmso-para-margin-bottom:.0001pt;\r\nmso-pagination:widow-orphan;\r\nfont-size:10.0pt;\r\nfont-family:\"Times New Roman\";\r\nmso-bidi-font-family:\"Times New Roman\";\r\nmso-ansi-language:#0400;\r\nmso-fareast-language:#0400;\r\nmso-bidi-language:#0400;}\r\n</style>\r\n<![endif]--><strong>Specifications</strong><br />\r\n<strong>CMOS size</strong>: 1/4&quot;<br />\r\n<strong>Valid pixel</strong> : 640x480 (310K pixels)<br />\r\n<strong>Digital output</strong>: 10-bit digital image signal data bus <br />\r\n<strong>Frame rate</strong>: 30f/s (VGA)<br />\r\n<strong>Lowest Lux</strong>: 1.2Lux<br />\r\n<strong>Exposure</strong>: Manual/Auto exposure<br />\r\n<strong>SNR</strong> : &gt;44dB<br />\r\n<strong>Dynamic range</strong>: &gt;60dB<br />\r\n<strong>Interface</strong>: USB1.1 (compatible with USB2.0) <br />\r\n<strong>Image format</strong>: 320x240, 640x480<br />\r\n<strong>Scanning</strong>: Progressive<br />\r\n<strong>Working current</strong>: 100mA<br />\r\n<strong>Consumable power</strong>: 0.75W<br />\r\n<strong>Working temperature</strong>: +/-20 C<br />\r\n<strong>Replay lens</strong>: 0.45x<br />\r\n<br />\r\n<strong>Standard Accessories</strong><br />\r\n*) &quot;C-IMAGE&quot; Measuring Software <br />\r\n*) Adapter for eyepiece tube<br />\r\n<br />\r\n<strong>Operation System</strong> : Windows 2000/ Windows XP    </meta>\r\n</meta>\r\n</meta>\r\n</meta>\r\n</p>', 'Z1014E WITH C-IMAGE', NULL, NULL, NULL, NULL),
(94, 1, 94, 'MAGNIFYING LAMP', '<p><strong>Lens material :</strong> glass <br />\r\n<br />\r\n<strong>Lens size : </strong>5 &quot; <br />\r\n<br />\r\n<strong>Diopter : </strong>3 diopter /5 diopter/8 diopter <br />\r\n<br />\r\n<strong>Voltage : </strong>220V-240V 50Hz 22w<br />\r\n<br />\r\n<strong>Light source :&nbsp; </strong>22W fluorescent lamp <br />\r\n<strong><br />\r\nStandard mount : </strong>desktop clamp <br />\r\n<br />\r\n<strong>Colour : </strong>white</p>\r\n<p>&nbsp;</p>\r\n<p><br />\r\n<strong>Made in china / No brand</strong></p>', '8066D', NULL, NULL, NULL, NULL),
(95, 1, 95, 'MAGNIFYING LAMP', '<p><strong>Lens material : </strong>glass </p>\r\n<p><strong><br />\r\nLens size : </strong>5 &quot;</p>\r\n<p><br />\r\n<strong>Diopter : </strong>3 diopter /5 diopter/8 diopter</p>\r\n<p><br />\r\n<strong>Voltage : </strong>220V-240V 50Hz 22w</p>\r\n<p><br />\r\n<strong>Light source : </strong>22W fluorescent lamp</p>\r\n<p><strong><br />\r\nStandard mount : </strong>table base</p>\r\n<p><br />\r\n<strong>Colour : </strong>white</p>\r\n<p>&nbsp;</p>\r\n<p><strong><br />\r\nMade in china / No brand</strong></p>', '8066BEC', '', '', '', ''),
(96, 1, 96, 'MAGNIFYING LAMP', '<p><strong>Lens material : </strong>glass <br />\r\n<br />\r\n<strong>Lens size : </strong>7.5&quot;x6.&quot;<br />\r\n<br />\r\n<strong>Diopter : </strong>3 diopter /5 diopter <br />\r\n<br />\r\n<strong>Voltage : </strong>220V-240V 50Hz <br />\r\n<br />\r\n<strong>Light source : </strong>2x9W fluorescent lamp&nbsp; <br />\r\n<br />\r\n<strong>Standard mount : </strong>table base <br />\r\n<br />\r\n<strong>Colour : </strong>white</p>\r\n<p>&nbsp;</p>\r\n<p><strong><br />\r\nMade in china / No brand</strong></p>', '8069BEC', '', '', '', ''),
(97, 1, 97, 'DSZT-44 series is provided with trinocular body for TV microscopy and photomicrography.\r\nIt features the same zoom magnification of 10x to 44x as the DSZ-44 series.', '<p><strong>Composed of : </strong></p>\r\n<p>1. MD 130 DIGITAL CAMERA EYEPIECE HIGH RESOLUTION</p>\r\n<p>2. STEREO MICROSCOPE 10x-44x, TRINOCULAR BODY &amp; LARGE STAGE</p>\r\n<p>3. HDR61 WHITE LED ILLUMINATOR WITH DIMMER</p>', 'DSZT-44PFM-X+HDR61+MD130', '22', '', '', ''),
(102, 1, 102, 'MIGHTY SCOPE', '<ul>\r\n    <li><span id=\"1250655788155S\" style=\"display: none;\">&nbsp;</span><strong>Easy to use, 6-LED hand-held digital microscope with a USB interface.</strong></li>\r\n    <li><strong>&nbsp;</strong></li>\r\n    <li><strong>High resolution magnification at your fingertips. Detailed examination of any area you choose.</strong></li>\r\n    <li><strong>&nbsp;</strong></li>\r\n    <li><strong>Active Pixel Technology produces sharp images and accurate color reproduction.</strong></li>\r\n    <li><strong>&nbsp;</strong></li>\r\n    <li><strong>The LED&rsquo;s can be turned on or off , brightness can be adjusted using control wheel on body, and&nbsp; an adjustable magnification from10X - 200X, all in one compact lens.</strong></li>\r\n    <li><strong>&nbsp;</strong></li>\r\n    <li><strong>Microtouch Shutter trigger allows for convenient image capture when in hand held mode or mounted&nbsp; on a stand.</strong></li>\r\n    <li><strong>&nbsp;</strong></li>\r\n    <li><strong>Just plug into a PC and your are set to go.</strong></li>\r\n    <li><strong>&nbsp;</strong></li>\r\n    <li><strong>Available in UV version consisting of 6 UV LED lights operating at 405nm.</strong></li>\r\n    <li><strong>&nbsp;</strong></li>\r\n    <li><strong>Can be used for science and engineering work, dermatology, detailed repair, assembly and quality control (i.e. electronics, mechanical, etc), hobbies &amp; collecting (coin, stamp, watch, jewelry, etc.), law enforcement (counterfeit ID, crime lab, etc), entertainment and much more.</strong></li>\r\n    <li><strong>&nbsp;</strong></li>\r\n    <li><strong>Our Mighty Scope comes with software for easy capture of images or videos (measurement function included) and adjustable stand. Optional boom type stand is also available.</strong></li>\r\n    <li><span id=\"1250655788386E\" style=\"display: none;\">&nbsp;</span>&nbsp;</li>\r\n</ul>\r\n<p><strong>SPECIFITICATIONS</strong></p>\r\n<p>&nbsp;</p>\r\n<table cellspacing=\"0\" cellpadding=\"0\" border=\"0\" x:str=\"\" style=\"border-collapse: collapse; width: 700px; height: 295px;\">\r\n    <tbody>\r\n        <tr height=\"17\" style=\"height: 12.75pt;\">\r\n            <td height=\"17\" bgcolor=\"#ffff66\" width=\"232\" class=\"xl23\" style=\"height: 12.75pt;\" bordercolor=\"#0000cc\">&nbsp;</td>\r\n            <td height=\"17\" bgcolor=\"#00ccff\" align=\"center\" width=\"312\" class=\"xl25\" style=\"\" bordercolor=\"#000099\"><strong>DIGITAL   MIGHTY SCOPE</strong></td>\r\n            <td height=\"17\" bgcolor=\"#66ff99\" align=\"center\" width=\"312\" class=\"xl25\" style=\"\" bordercolor=\"#000099\">\r\n            <p><strong>ANALOG MIGHTY SCPOE</strong></p>\r\n            </td>\r\n        </tr>\r\n        <tr height=\"17\" style=\"height: 12.75pt;\">\r\n            <td height=\"17\" bgcolor=\"#ffff66\" width=\"232\" class=\"xl24\" style=\"height: 12.75pt;\" bordercolor=\"#0000cc\"><strong>IMAGE SENSOR:</strong></td>\r\n            <td height=\"17\" bgcolor=\"#00ccff\" align=\"center\" width=\"312\" class=\"xl26\" style=\"\" bordercolor=\"#000099\">1/4&quot; Color CMOS</td>\r\n            <td height=\"17\" bgcolor=\"#66ff99\" align=\"center\" width=\"312\" class=\"xl26\" style=\"\" bordercolor=\"#000099\">1/3&quot; Color CMOS</td>\r\n        </tr>\r\n        <tr height=\"17\" style=\"height: 12.75pt;\">\r\n            <td height=\"17\" bgcolor=\"#ffff66\" width=\"232\" class=\"xl24\" style=\"height: 12.75pt;\" bordercolor=\"#0000cc\"><strong>EFFECTIVE PIXELS (HxV):</strong></td>\r\n            <td height=\"17\" bgcolor=\"#00ccff\" align=\"center\" width=\"312\" class=\"xl26\" style=\"\" bordercolor=\"#000099\">1280 x 1024</td>\r\n            <td height=\"17\" bgcolor=\"#66ff99\" align=\"center\" width=\"312\" class=\"xl26\" style=\"\" bordercolor=\"#000099\">NTSC: 510x496 | PAL: 628x586</td>\r\n        </tr>\r\n        <tr height=\"17\" style=\"height: 12.75pt;\">\r\n            <td height=\"17\" bgcolor=\"#ffff66\" width=\"232\" class=\"xl24\" style=\"height: 12.75pt;\" bordercolor=\"#0000cc\"><strong>SIGNAL OUTPUT:</strong></td>\r\n            <td height=\"17\" bgcolor=\"#00ccff\" align=\"center\" width=\"312\" class=\"xl26\" style=\"\" bordercolor=\"#000099\">USB 2.0</td>\r\n            <td height=\"17\" bgcolor=\"#66ff99\" align=\"center\" width=\"312\" class=\"xl26\" style=\"\" bordercolor=\"#000099\">NTSC | PAL</td>\r\n        </tr>\r\n        <tr height=\"17\" style=\"height: 12.75pt;\">\r\n            <td height=\"17\" bgcolor=\"#ffff66\" width=\"232\" class=\"xl24\" style=\"height: 12.75pt;\" bordercolor=\"#0000cc\"><strong>VIDEO OUTPUT:</strong></td>\r\n            <td height=\"17\" bgcolor=\"#00ccff\" align=\"center\" width=\"312\" class=\"xl26\" style=\"\" bordercolor=\"#000099\">X</td>\r\n            <td height=\"17\" bgcolor=\"#66ff99\" align=\"center\" width=\"312\" class=\"xl26\" style=\"\" bordercolor=\"#000099\">1 Vp-p analog Video @ 75ohm, RCA   jack</td>\r\n        </tr>\r\n        <tr height=\"17\" style=\"height: 12.75pt;\">\r\n            <td height=\"17\" bgcolor=\"#ffff66\" width=\"232\" class=\"xl24\" style=\"height: 12.75pt;\" bordercolor=\"#0000cc\"><strong>MAGNIFICATION:</strong></td>\r\n            <td height=\"17\" bgcolor=\"#00ccff\" align=\"center\" width=\"312\" class=\"xl26\" style=\"\" bordercolor=\"#000099\">10x to 200x</td>\r\n            <td height=\"17\" bgcolor=\"#66ff99\" align=\"center\" width=\"312\" class=\"xl26\" style=\"\" bordercolor=\"#000099\">10x to 200x</td>\r\n        </tr>\r\n        <tr height=\"17\" style=\"height: 12.75pt;\">\r\n            <td height=\"17\" bgcolor=\"#ffff66\" width=\"232\" class=\"xl24\" style=\"height: 12.75pt;\" bordercolor=\"#0000cc\"><strong>G</strong><strong>AIN CONTROL:</strong></td>\r\n            <td height=\"17\" bgcolor=\"#00ccff\" align=\"center\" width=\"312\" class=\"xl26\" style=\"\" bordercolor=\"#000099\">Auto Gain Control</td>\r\n            <td height=\"17\" bgcolor=\"#66ff99\" align=\"center\" width=\"312\" class=\"xl26\" style=\"\" bordercolor=\"#000099\">\r\n            <p>Auto Gain Control</p>\r\n            </td>\r\n        </tr>\r\n        <tr height=\"17\" style=\"height: 12.75pt;\">\r\n            <td height=\"17\" bgcolor=\"#ffff66\" width=\"232\" class=\"xl24\" style=\"height: 12.75pt;\" bordercolor=\"#0000cc\"><strong>SNAP SHOT MODE:</strong></td>\r\n            <td height=\"17\" bgcolor=\"#00ccff\" align=\"center\" width=\"312\" class=\"xl26\" style=\"\" bordercolor=\"#000099\">Hardware &amp; Software   Controllable</td>\r\n            <td height=\"17\" bgcolor=\"#66ff99\" align=\"center\" width=\"312\" class=\"xl26\" style=\"\" bordercolor=\"#000099\">X</td>\r\n        </tr>\r\n        <tr height=\"17\" style=\"height: 12.75pt;\">\r\n            <td height=\"17\" bgcolor=\"#ffff66\" width=\"232\" class=\"xl24\" style=\"height: 12.75pt;\" bordercolor=\"#0000cc\"><strong>WHITE BALANCE:</strong></td>\r\n            <td height=\"17\" bgcolor=\"#00ccff\" align=\"center\" width=\"312\" class=\"xl26\" style=\"\" bordercolor=\"#000099\">Automatic</td>\r\n            <td height=\"17\" bgcolor=\"#66ff99\" align=\"center\" width=\"312\" class=\"xl26\" style=\"\" bordercolor=\"#000099\">Automatic</td>\r\n        </tr>\r\n        <tr height=\"17\" style=\"height: 12.75pt;\">\r\n            <td height=\"17\" bgcolor=\"#ffff66\" width=\"232\" class=\"xl24\" style=\"height: 12.75pt;\" bordercolor=\"#0000cc\"><strong>POWER SOURCE:</strong></td>\r\n            <td height=\"17\" bgcolor=\"#00ccff\" align=\"center\" width=\"312\" class=\"xl26\" style=\"\" bordercolor=\"#000099\">5VDC through USB port</td>\r\n            <td height=\"17\" bgcolor=\"#66ff99\" align=\"center\" width=\"312\" class=\"xl26\" style=\"\" bordercolor=\"#000099\">5VDC</td>\r\n        </tr>\r\n        <tr height=\"17\" style=\"height: 12.75pt;\">\r\n            <td height=\"17\" bgcolor=\"#ffff66\" width=\"232\" class=\"xl24\" style=\"height: 12.75pt;\" bordercolor=\"#0000cc\"><strong>O/S:</strong></td>\r\n            <td height=\"17\" bgcolor=\"#00ccff\" align=\"center\" width=\"312\" class=\"xl26\" style=\"\" bordercolor=\"#000099\">Windows XP SP2 &amp; Vista</td>\r\n            <td height=\"17\" bgcolor=\"#66ff99\" align=\"center\" width=\"312\" class=\"xl26\" style=\"\" bordercolor=\"#000099\">X</td>\r\n        </tr>\r\n        <tr height=\"17\" style=\"height: 12.75pt;\">\r\n            <td height=\"17\" bgcolor=\"#ffff66\" width=\"232\" class=\"xl24\" style=\"height: 12.75pt;\" bordercolor=\"#0000cc\"><strong>POWER CONSUMPTION:</strong></td>\r\n            <td height=\"17\" bgcolor=\"#00ccff\" align=\"center\" width=\"312\" class=\"xl26\" style=\"\" bordercolor=\"#000099\">110mA (AVG)</td>\r\n            <td height=\"17\" bgcolor=\"#66ff99\" align=\"center\" width=\"312\" class=\"xl26\" style=\"\" bordercolor=\"#000099\">250mA (AVG)</td>\r\n        </tr>\r\n        <tr height=\"17\" style=\"height: 12.75pt;\">\r\n            <td height=\"17\" bgcolor=\"#ffff66\" width=\"232\" class=\"xl24\" style=\"height: 12.75pt;\" bordercolor=\"#0000cc\"><strong>LED LIGHT TYPE:</strong></td>\r\n            <td height=\"17\" bgcolor=\"#00ccff\" align=\"center\" width=\"312\" class=\"xl26\" style=\"\" bordercolor=\"#000099\">6 White LEDs</td>\r\n            <td height=\"17\" bgcolor=\"#66ff99\" align=\"center\" width=\"312\" class=\"xl26\" style=\"\" bordercolor=\"#000099\">6 White LEDs</td>\r\n        </tr>\r\n        <tr height=\"17\" style=\"height: 12.75pt;\">\r\n            <td height=\"17\" bgcolor=\"#ffff66\" width=\"232\" class=\"xl24\" style=\"height: 12.75pt;\" bordercolor=\"#0000cc\"><strong>WORKING DISTANCE:</strong></td>\r\n            <td height=\"17\" bgcolor=\"#00ccff\" align=\"center\" width=\"312\" class=\"xl26\" style=\"\" bordercolor=\"#000099\">10x: 150mm | 20x: 95mm | 50x:   13mm</td>\r\n            <td height=\"17\" bgcolor=\"#66ff99\" align=\"center\" width=\"312\" class=\"xl26\" style=\"\" bordercolor=\"#000099\">10x: 150mm | 20x: 95mm | 50x:   13mm</td>\r\n        </tr>\r\n    </tbody>\r\n</table>', 'DIGITAL MIGHTY  SCOPE', '23', '', '', ''),
(103, 1, 103, 'PHASE CONTRAST SYSTEM', '<p><strong>Phase contrast is a form of illumination which alters the normal path of light waves from an object to a wavelength shifted diffraction pattern thus allowing visualization of transparent or low contrast specimens.This allows living cells and suspensions to be viewed without the need for staining procedures.  </strong></p>\r\n<p>&nbsp;</p>\r\n<table cellspacing=\"0\" cellpadding=\"0\" border=\"0\" width=\"288\" x:str=\"\" style=\"border-collapse: collapse; width: 216pt;\">\r\n    <col width=\"72\" span=\"4\" style=\"width: 54pt;\" />\r\n    <tbody>\r\n        <tr height=\"19\" style=\"height: 14.25pt;\">\r\n            <td height=\"19\" align=\"left\" width=\"216\" class=\"xl26\" colspan=\"3\" style=\"height: 14.25pt; width: 162pt;\"><strong>Phase Set Components</strong></td>\r\n            <td width=\"72\" class=\"xl24\" style=\"width: 54pt;\">&nbsp;</td>\r\n        </tr>\r\n        <tr height=\"18\" style=\"height: 13.5pt;\">\r\n            <td height=\"18\" align=\"left\" colspan=\"4\" style=\"height: 13.5pt;\">1.   Phase Turret Condenser, N.A<font class=\"font0\">=</font><font class=\"font1\">1.25</font></td>\r\n        </tr>\r\n        <tr height=\"18\" style=\"height: 13.5pt;\">\r\n            <td height=\"18\" align=\"left\" colspan=\"4\" style=\"height: 13.5pt;\">2.   Achromatic Phase Objectives (DM)</td>\r\n        </tr>\r\n        <tr height=\"18\" style=\"height: 13.5pt;\">\r\n            <td height=\"18\" align=\"left\" colspan=\"2\" style=\"height: 13.5pt;\"><span style=\"\">&nbsp;&nbsp; </span>10X<font class=\"font0\"> </font><font class=\"font1\">NA</font><font class=\"font0\">=</font><font class=\"font1\">0.25</font></td>\r\n            <td class=\"xl24\">&nbsp;</td>\r\n            <td class=\"xl24\">&nbsp;</td>\r\n        </tr>\r\n        <tr height=\"18\" style=\"height: 13.5pt;\">\r\n            <td height=\"18\" align=\"left\" colspan=\"2\" style=\"height: 13.5pt;\"><span style=\"\">&nbsp;&nbsp; </span>20X<font class=\"font0\"> </font><font class=\"font1\">NA</font><font class=\"font0\">=</font><font class=\"font1\">0.40</font></td>\r\n            <td class=\"xl24\">&nbsp;</td>\r\n            <td class=\"xl24\">&nbsp;</td>\r\n        </tr>\r\n        <tr height=\"18\" style=\"height: 13.5pt;\">\r\n            <td height=\"18\" align=\"left\" colspan=\"2\" style=\"height: 13.5pt;\"><span style=\"\">&nbsp;&nbsp; </span>40X<font class=\"font0\"> </font><font class=\"font1\">NA</font><font class=\"font0\">=</font><font class=\"font1\">0.65</font></td>\r\n            <td class=\"xl24\">&nbsp;</td>\r\n            <td class=\"xl24\">&nbsp;</td>\r\n        </tr>\r\n        <tr height=\"18\" style=\"height: 13.5pt;\">\r\n            <td height=\"18\" align=\"left\" colspan=\"3\" style=\"height: 13.5pt;\"><span style=\"\">&nbsp;&nbsp; </span>100X (oil)<span style=\"\">&nbsp;   </span>NA<font class=\"font0\">=</font><font class=\"font1\">1.25</font></td>\r\n            <td class=\"xl24\">&nbsp;</td>\r\n        </tr>\r\n        <tr height=\"18\" style=\"height: 13.5pt;\">\r\n            <td height=\"18\" align=\"left\" colspan=\"3\" style=\"height: 13.5pt;\">3.   Centering Telescope</td>\r\n            <td class=\"xl24\">&nbsp;</td>\r\n        </tr>\r\n        <tr height=\"18\" style=\"height: 13.5pt;\">\r\n            <td height=\"18\" align=\"left\" colspan=\"2\" style=\"height: 13.5pt;\">4.   Green Filter</td>\r\n            <td class=\"xl25\">&nbsp;</td>\r\n            <td class=\"xl24\">&nbsp;</td>\r\n        </tr>\r\n        <tr height=\"18\" style=\"height: 13.5pt;\">\r\n            <td height=\"18\" align=\"left\" colspan=\"3\" style=\"height: 13.5pt;\">5.   Installation Key (Screwdriver)</td>\r\n            <td class=\"xl24\">&nbsp;</td>\r\n        </tr>\r\n        <tr height=\"18\" style=\"height: 13.5pt;\">\r\n            <td height=\"18\" align=\"left\" colspan=\"2\" style=\"height: 13.5pt;\">6.   Storage Case</td>\r\n            <td class=\"xl24\">&nbsp;</td>\r\n            <td class=\"xl24\">&nbsp;</td>\r\n        </tr>\r\n    </tbody>\r\n</table>', 'PHASE CONTRAST FOR CS SERIES', NULL, NULL, NULL, NULL),
(120, 1, 120, 'UNIVERSAL BOOM STAND', '<p><b><font face=\"Arial,Helvetica\"><font color=\"#000099\"><font size=\"-2\"><br />\r\n</font></font></font></b></p>', 'UN-S200', NULL, NULL, NULL, NULL),
(121, 1, 121, 'STAND PFM-X-LL', '<p>Magnification : 10x to 44x (field of view : 23mm to 5.2mm)<br />\r\nObjective Lenses : 1.0x to 4.4x (zoom ratio : 4.4:1)<br />\r\nEyepieces : Wide Field 10x (DSW10x) (field number : 23)<br />\r\nOptical Body : 360 rotatable trinocular type, 45 inclined eyepiece tube <br />\r\n<strong>Vertible tube : Live View &amp; C-Mount </strong><br />\r\n<strong>Zoom Type : Click stop </strong><br />\r\nWorking Distance : 90mm<br />\r\nInterpupillary Distance : 52mm to 75mm<br />\r\nDiopter Adjustment :&nbsp; 7.2D on both eyepiece tubes &amp;&nbsp; 8D on verticle tube<br />\r\n<strong>Stand Type : Pole type (490mm)</strong><br />\r\n<strong>Incident Light : LED 6w With dimmer</strong><br />\r\n<strong>Base : 400mm x 335mm</strong><br />\r\nHeight : 510mm<br />\r\nNet Weight : 6.7kg<br />\r\nAccessories : Rubber eyeguards, Tension control pin, Dust cover<br />\r\n&nbsp;</p>', 'DSZV-44CTPFM-X-LL WITH LED', '23', '', '', ''),
(122, 1, 122, 'TV LOUPE 7-50X', '<p><strong>Magnification : 7x to 50x (zoom type)<br />\r\nField on monitor : 5.4mm to 39mm</strong><br />\r\nBody : Dia.62mm H95mm&nbsp; <br />\r\nImage device : 1/4&rdquo; CCD<br />\r\nResolution : 330 TV lines<br />\r\nOutput : RCA/NTSC<br />\r\n<strong>Incident Light : LED 6w With Dimmer<br />\r\nStand Type : Pole type (300mm)<br />\r\nBase : 220mm x 284mm<br />\r\nHeight : 320mm<br />\r\n</strong><br />\r\n&nbsp;</p>', 'TV LOUPE 7-50x PFM-X (300) WITH LED', '23', '', '', ''),
(123, 1, 123, 'IMAGE MEASUREMENT SOFTWARE', '<p><!--[if gte mso 9]><xml>\r\n<w:WordDocument>\r\n<w:View>Normal</w:View>\r\n<w:Zoom>0</w:Zoom>\r\n<w:TrackMoves />\r\n<w:TrackFormatting />\r\n<w:PunctuationKerning />\r\n<w:ValidateAgainstSchemas />\r\n<w:SaveIfXMLInvalid>false</w:SaveIfXMLInvalid>\r\n<w:IgnoreMixedContent>false</w:IgnoreMixedContent>\r\n<w:AlwaysShowPlaceholderText>false</w:AlwaysShowPlaceholderText>\r\n<w:DoNotPromoteQF />\r\n<w:LidThemeOther>EN-US</w:LidThemeOther>\r\n<w:LidThemeAsian>X-NONE</w:LidThemeAsian>\r\n<w:LidThemeComplexScript>TH</w:LidThemeComplexScript>\r\n<w:Compatibility>\r\n<w:BreakWrappedTables />\r\n<w:SnapToGridInCell />\r\n<w:ApplyBreakingRules />\r\n<w:WrapTextWithPunct />\r\n<w:UseAsianBreakRules />\r\n<w:DontGrowAutofit />\r\n<w:SplitPgBreakAndParaMark />\r\n<w:DontVertAlignCellWithSp />\r\n<w:DontBreakConstrainedForcedTables />\r\n<w:DontVertAlignInTxbx />\r\n<w:Word11KerningPairs />\r\n<w:CachedColBalance />\r\n</w:Compatibility>\r\n<w:BrowserLevel>MicrosoftInternetExplorer4</w:BrowserLevel>\r\n<m:mathPr>\r\n<m:mathFont m:val=\"Cambria Math\" />\r\n<m:brkBin m:val=\"before\" />\r\n<m:brkBinSub m:val=\"&#45;-\" />\r\n<m:smallFrac m:val=\"off\" />\r\n<m:dispDef />\r\n<m:lMargin m:val=\"0\" />\r\n<m:rMargin m:val=\"0\" />\r\n<m:defJc m:val=\"centerGroup\" />\r\n<m:wrapIndent m:val=\"1440\" />\r\n<m:intLim m:val=\"subSup\" />\r\n<m:naryLim m:val=\"undOvr\" />\r\n</m:mathPr></w:WordDocument>\r\n</xml><![endif]--><!--[if gte mso 9]><xml>\r\n<w:LatentStyles DefLockedState=\"false\" DefUnhideWhenUsed=\"true\"\r\nDefSemiHidden=\"true\" DefQFormat=\"false\" DefPriority=\"99\"\r\nLatentStyleCount=\"267\">\r\n<w:LsdException Locked=\"false\" Priority=\"0\" SemiHidden=\"false\"\r\nUnhideWhenUsed=\"false\" QFormat=\"true\" Name=\"Normal\" />\r\n<w:LsdException Locked=\"false\" Priority=\"9\" SemiHidden=\"false\"\r\nUnhideWhenUsed=\"false\" QFormat=\"true\" Name=\"heading 1\" />\r\n<w:LsdException Locked=\"false\" Priority=\"9\" QFormat=\"true\" Name=\"heading 2\" />\r\n<w:LsdException Locked=\"false\" Priority=\"9\" QFormat=\"true\" Name=\"heading 3\" />\r\n<w:LsdException Locked=\"false\" Priority=\"9\" QFormat=\"true\" Name=\"heading 4\" />\r\n<w:LsdException Locked=\"false\" Priority=\"9\" QFormat=\"true\" Name=\"heading 5\" />\r\n<w:LsdException Locked=\"false\" Priority=\"9\" QFormat=\"true\" Name=\"heading 6\" />\r\n<w:LsdException Locked=\"false\" Priority=\"9\" QFormat=\"true\" Name=\"heading 7\" />\r\n<w:LsdException Locked=\"false\" Priority=\"9\" QFormat=\"true\" Name=\"heading 8\" />\r\n<w:LsdException Locked=\"false\" Priority=\"9\" QFormat=\"true\" Name=\"heading 9\" />\r\n<w:LsdException Locked=\"false\" Priority=\"39\" Name=\"toc 1\" />\r\n<w:LsdException Locked=\"false\" Priority=\"39\" Name=\"toc 2\" />\r\n<w:LsdException Locked=\"false\" Priority=\"39\" Name=\"toc 3\" />\r\n<w:LsdException Locked=\"false\" Priority=\"39\" Name=\"toc 4\" />\r\n<w:LsdException Locked=\"false\" Priority=\"39\" Name=\"toc 5\" />\r\n<w:LsdException Locked=\"false\" Priority=\"39\" Name=\"toc 6\" />\r\n<w:LsdException Locked=\"false\" Priority=\"39\" Name=\"toc 7\" />\r\n<w:LsdException Locked=\"false\" Priority=\"39\" Name=\"toc 8\" />\r\n<w:LsdException Locked=\"false\" Priority=\"39\" Name=\"toc 9\" />\r\n<w:LsdException Locked=\"false\" Priority=\"35\" QFormat=\"true\" Name=\"caption\" />\r\n<w:LsdException Locked=\"false\" Priority=\"10\" SemiHidden=\"false\"\r\nUnhideWhenUsed=\"false\" QFormat=\"true\" Name=\"Title\" />\r\n<w:LsdException Locked=\"false\" Priority=\"1\" Name=\"Default Paragraph Font\" />\r\n<w:LsdException Locked=\"false\" Priority=\"11\" SemiHidden=\"false\"\r\nUnhideWhenUsed=\"false\" QFormat=\"true\" Name=\"Subtitle\" />\r\n<w:LsdException Locked=\"false\" Priority=\"22\" SemiHidden=\"false\"\r\nUnhideWhenUsed=\"false\" QFormat=\"true\" Name=\"Strong\" />\r\n<w:LsdException Locked=\"false\" Priority=\"20\" SemiHidden=\"false\"\r\nUnhideWhenUsed=\"false\" QFormat=\"true\" Name=\"Emphasis\" />\r\n<w:LsdException Locked=\"false\" Priority=\"59\" SemiHidden=\"false\"\r\nUnhideWhenUsed=\"false\" Name=\"Table Grid\" />\r\n<w:LsdException Locked=\"false\" UnhideWhenUsed=\"false\" Name=\"Placeholder Text\" />\r\n<w:LsdException Locked=\"false\" Priority=\"1\" SemiHidden=\"false\"\r\nUnhideWhenUsed=\"false\" QFormat=\"true\" Name=\"No Spacing\" />\r\n<w:LsdException Locked=\"false\" Priority=\"60\" SemiHidden=\"false\"\r\nUnhideWhenUsed=\"false\" Name=\"Light Shading\" />\r\n<w:LsdException Locked=\"false\" Priority=\"61\" SemiHidden=\"false\"\r\nUnhideWhenUsed=\"false\" Name=\"Light List\" />\r\n<w:LsdException Locked=\"false\" Priority=\"62\" SemiHidden=\"false\"\r\nUnhideWhenUsed=\"false\" Name=\"Light Grid\" />\r\n<w:LsdException Locked=\"false\" Priority=\"63\" SemiHidden=\"false\"\r\nUnhideWhenUsed=\"false\" Name=\"Medium Shading 1\" />\r\n<w:LsdException Locked=\"false\" Priority=\"64\" SemiHidden=\"false\"\r\nUnhideWhenUsed=\"false\" Name=\"Medium Shading 2\" />\r\n<w:LsdException Locked=\"false\" Priority=\"65\" SemiHidden=\"false\"\r\nUnhideWhenUsed=\"false\" Name=\"Medium List 1\" />\r\n<w:LsdException Locked=\"false\" Priority=\"66\" SemiHidden=\"false\"\r\nUnhideWhenUsed=\"false\" Name=\"Medium List 2\" />\r\n<w:LsdException Locked=\"false\" Priority=\"67\" SemiHidden=\"false\"\r\nUnhideWhenUsed=\"false\" Name=\"Medium Grid 1\" />\r\n<w:LsdException Locked=\"false\" Priority=\"68\" SemiHidden=\"false\"\r\nUnhideWhenUsed=\"false\" Name=\"Medium Grid 2\" />\r\n<w:LsdException Locked=\"false\" Priority=\"69\" SemiHidden=\"false\"\r\nUnhideWhenUsed=\"false\" Name=\"Medium Grid 3\" />\r\n<w:LsdException Locked=\"false\" Priority=\"70\" SemiHidden=\"false\"\r\nUnhideWhenUsed=\"false\" Name=\"Dark List\" />\r\n<w:LsdException Locked=\"false\" Priority=\"71\" SemiHidden=\"false\"\r\nUnhideWhenUsed=\"false\" Name=\"Colorful Shading\" />\r\n<w:LsdException Locked=\"false\" Priority=\"72\" SemiHidden=\"false\"\r\nUnhideWhenUsed=\"false\" Name=\"Colorful List\" />\r\n<w:LsdException Locked=\"false\" Priority=\"73\" SemiHidden=\"false\"\r\nUnhideWhenUsed=\"false\" Name=\"Colorful Grid\" />\r\n<w:LsdException Locked=\"false\" Priority=\"60\" SemiHidden=\"false\"\r\nUnhideWhenUsed=\"false\" Name=\"Light Shading Accent 1\" />\r\n<w:LsdException Locked=\"false\" Priority=\"61\" SemiHidden=\"false\"\r\nUnhideWhenUsed=\"false\" Name=\"Light List Accent 1\" />\r\n<w:LsdException Locked=\"false\" Priority=\"62\" SemiHidden=\"false\"\r\nUnhideWhenUsed=\"false\" Name=\"Light Grid Accent 1\" />\r\n<w:LsdException Locked=\"false\" Priority=\"63\" SemiHidden=\"false\"\r\nUnhideWhenUsed=\"false\" Name=\"Medium Shading 1 Accent 1\" />\r\n<w:LsdException Locked=\"false\" Priority=\"64\" SemiHidden=\"false\"\r\nUnhideWhenUsed=\"false\" Name=\"Medium Shading 2 Accent 1\" />\r\n<w:LsdException Locked=\"false\" Priority=\"65\" SemiHidden=\"false\"\r\nUnhideWhenUsed=\"false\" Name=\"Medium List 1 Accent 1\" />\r\n<w:LsdException Locked=\"false\" UnhideWhenUsed=\"false\" Name=\"Revision\" />\r\n<w:LsdException Locked=\"false\" Priority=\"34\" SemiHidden=\"false\"\r\nUnhideWhenUsed=\"false\" QFormat=\"true\" Name=\"List Paragraph\" />\r\n<w:LsdException Locked=\"false\" Priority=\"29\" SemiHidden=\"false\"\r\nUnhideWhenUsed=\"false\" QFormat=\"true\" Name=\"Quote\" />\r\n<w:LsdException Locked=\"false\" Priority=\"30\" SemiHidden=\"false\"\r\nUnhideWhenUsed=\"false\" QFormat=\"true\" Name=\"Intense Quote\" />\r\n<w:LsdException Locked=\"false\" Priority=\"66\" SemiHidden=\"false\"\r\nUnhideWhenUsed=\"false\" Name=\"Medium List 2 Accent 1\" />\r\n<w:LsdException Locked=\"false\" Priority=\"67\" SemiHidden=\"false\"\r\nUnhideWhenUsed=\"false\" Name=\"Medium Grid 1 Accent 1\" />\r\n<w:LsdException Locked=\"false\" Priority=\"68\" SemiHidden=\"false\"\r\nUnhideWhenUsed=\"false\" Name=\"Medium Grid 2 Accent 1\" />\r\n<w:LsdException Locked=\"false\" Priority=\"69\" SemiHidden=\"false\"\r\nUnhideWhenUsed=\"false\" Name=\"Medium Grid 3 Accent 1\" />\r\n<w:LsdException Locked=\"false\" Priority=\"70\" SemiHidden=\"false\"\r\nUnhideWhenUsed=\"false\" Name=\"Dark List Accent 1\" />\r\n<w:LsdException Locked=\"false\" Priority=\"71\" SemiHidden=\"false\"\r\nUnhideWhenUsed=\"false\" Name=\"Colorful Shading Accent 1\" />\r\n<w:LsdException Locked=\"false\" Priority=\"72\" SemiHidden=\"false\"\r\nUnhideWhenUsed=\"false\" Name=\"Colorful List Accent 1\" />\r\n<w:LsdException Locked=\"false\" Priority=\"73\" SemiHidden=\"false\"\r\nUnhideWhenUsed=\"false\" Name=\"Colorful Grid Accent 1\" />\r\n<w:LsdException Locked=\"false\" Priority=\"60\" SemiHidden=\"false\"\r\nUnhideWhenUsed=\"false\" Name=\"Light Shading Accent 2\" />\r\n<w:LsdException Locked=\"false\" Priority=\"61\" SemiHidden=\"false\"\r\nUnhideWhenUsed=\"false\" Name=\"Light List Accent 2\" />\r\n<w:LsdException Locked=\"false\" Priority=\"62\" SemiHidden=\"false\"\r\nUnhideWhenUsed=\"false\" Name=\"Light Grid Accent 2\" />\r\n<w:LsdException Locked=\"false\" Priority=\"63\" SemiHidden=\"false\"\r\nUnhideWhenUsed=\"false\" Name=\"Medium Shading 1 Accent 2\" />\r\n<w:LsdException Locked=\"false\" Priority=\"64\" SemiHidden=\"false\"\r\nUnhideWhenUsed=\"false\" Name=\"Medium Shading 2 Accent 2\" />\r\n<w:LsdException Locked=\"false\" Priority=\"65\" SemiHidden=\"false\"\r\nUnhideWhenUsed=\"false\" Name=\"Medium List 1 Accent 2\" />\r\n<w:LsdException Locked=\"false\" Priority=\"66\" SemiHidden=\"false\"\r\nUnhideWhenUsed=\"false\" Name=\"Medium List 2 Accent 2\" />\r\n<w:LsdException Locked=\"false\" Priority=\"67\" SemiHidden=\"false\"\r\nUnhideWhenUsed=\"false\" Name=\"Medium Grid 1 Accent 2\" />\r\n<w:LsdException Locked=\"false\" Priority=\"68\" SemiHidden=\"false\"\r\nUnhideWhenUsed=\"false\" Name=\"Medium Grid 2 Accent 2\" />\r\n<w:LsdException Locked=\"false\" Priority=\"69\" SemiHidden=\"false\"\r\nUnhideWhenUsed=\"false\" Name=\"Medium Grid 3 Accent 2\" />\r\n<w:LsdException Locked=\"false\" Priority=\"70\" SemiHidden=\"false\"\r\nUnhideWhenUsed=\"false\" Name=\"Dark List Accent 2\" />\r\n<w:LsdException Locked=\"false\" Priority=\"71\" SemiHidden=\"false\"\r\nUnhideWhenUsed=\"false\" Name=\"Colorful Shading Accent 2\" />\r\n<w:LsdException Locked=\"false\" Priority=\"72\" SemiHidden=\"false\"\r\nUnhideWhenUsed=\"false\" Name=\"Colorful List Accent 2\" />\r\n<w:LsdException Locked=\"false\" Priority=\"73\" SemiHidden=\"false\"\r\nUnhideWhenUsed=\"false\" Name=\"Colorful Grid Accent 2\" />\r\n<w:LsdException Locked=\"false\" Priority=\"60\" SemiHidden=\"false\"\r\nUnhideWhenUsed=\"false\" Name=\"Light Shading Accent 3\" />\r\n<w:LsdException Locked=\"false\" Priority=\"61\" SemiHidden=\"false\"\r\nUnhideWhenUsed=\"false\" Name=\"Light List Accent 3\" />\r\n<w:LsdException Locked=\"false\" Priority=\"62\" SemiHidden=\"false\"\r\nUnhideWhenUsed=\"false\" Name=\"Light Grid Accent 3\" />\r\n<w:LsdException Locked=\"false\" Priority=\"63\" SemiHidden=\"false\"\r\nUnhideWhenUsed=\"false\" Name=\"Medium Shading 1 Accent 3\" />\r\n<w:LsdException Locked=\"false\" Priority=\"64\" SemiHidden=\"false\"\r\nUnhideWhenUsed=\"false\" Name=\"Medium Shading 2 Accent 3\" />\r\n<w:LsdException Locked=\"false\" Priority=\"65\" SemiHidden=\"false\"\r\nUnhideWhenUsed=\"false\" Name=\"Medium List 1 Accent 3\" />\r\n<w:LsdException Locked=\"false\" Priority=\"66\" SemiHidden=\"false\"\r\nUnhideWhenUsed=\"false\" Name=\"Medium List 2 Accent 3\" />\r\n<w:LsdException Locked=\"false\" Priority=\"67\" SemiHidden=\"false\"\r\nUnhideWhenUsed=\"false\" Name=\"Medium Grid 1 Accent 3\" />\r\n<w:LsdException Locked=\"false\" Priority=\"68\" SemiHidden=\"false\"\r\nUnhideWhenUsed=\"false\" Name=\"Medium Grid 2 Accent 3\" />\r\n<w:LsdException Locked=\"false\" Priority=\"69\" SemiHidden=\"false\"\r\nUnhideWhenUsed=\"false\" Name=\"Medium Grid 3 Accent 3\" />\r\n<w:LsdException Locked=\"false\" Priority=\"70\" SemiHidden=\"false\"\r\nUnhideWhenUsed=\"false\" Name=\"Dark List Accent 3\" />\r\n<w:LsdException Locked=\"false\" Priority=\"71\" SemiHidden=\"false\"\r\nUnhideWhenUsed=\"false\" Name=\"Colorful Shading Accent 3\" />\r\n<w:LsdException Locked=\"false\" Priority=\"72\" SemiHidden=\"false\"\r\nUnhideWhenUsed=\"false\" Name=\"Colorful List Accent 3\" />\r\n<w:LsdException Locked=\"false\" Priority=\"73\" SemiHidden=\"false\"\r\nUnhideWhenUsed=\"false\" Name=\"Colorful Grid Accent 3\" />\r\n<w:LsdException Locked=\"false\" Priority=\"60\" SemiHidden=\"false\"\r\nUnhideWhenUsed=\"false\" Name=\"Light Shading Accent 4\" />\r\n<w:LsdException Locked=\"false\" Priority=\"61\" SemiHidden=\"false\"\r\nUnhideWhenUsed=\"false\" Name=\"Light List Accent 4\" />\r\n<w:LsdException Locked=\"false\" Priority=\"62\" SemiHidden=\"false\"\r\nUnhideWhenUsed=\"false\" Name=\"Light Grid Accent 4\" />\r\n<w:LsdException Locked=\"false\" Priority=\"63\" SemiHidden=\"false\"\r\nUnhideWhenUsed=\"false\" Name=\"Medium Shading 1 Accent 4\" />\r\n<w:LsdException Locked=\"false\" Priority=\"64\" SemiHidden=\"false\"\r\nUnhideWhenUsed=\"false\" Name=\"Medium Shading 2 Accent 4\" />\r\n<w:LsdException Locked=\"false\" Priority=\"65\" SemiHidden=\"false\"\r\nUnhideWhenUsed=\"false\" Name=\"Medium List 1 Accent 4\" />\r\n<w:LsdException Locked=\"false\" Priority=\"66\" SemiHidden=\"false\"\r\nUnhideWhenUsed=\"false\" Name=\"Medium List 2 Accent 4\" />\r\n<w:LsdException Locked=\"false\" Priority=\"67\" SemiHidden=\"false\"\r\nUnhideWhenUsed=\"false\" Name=\"Medium Grid 1 Accent 4\" />\r\n<w:LsdException Locked=\"false\" Priority=\"68\" SemiHidden=\"false\"\r\nUnhideWhenUsed=\"false\" Name=\"Medium Grid 2 Accent 4\" />\r\n<w:LsdException Locked=\"false\" Priority=\"69\" SemiHidden=\"false\"\r\nUnhideWhenUsed=\"false\" Name=\"Medium Grid 3 Accent 4\" />\r\n<w:LsdException Locked=\"false\" Priority=\"70\" SemiHidden=\"false\"\r\nUnhideWhenUsed=\"false\" Name=\"Dark List Accent 4\" />\r\n<w:LsdException Locked=\"false\" Priority=\"71\" SemiHidden=\"false\"\r\nUnhideWhenUsed=\"false\" Name=\"Colorful Shading Accent 4\" />\r\n<w:LsdException Locked=\"false\" Priority=\"72\" SemiHidden=\"false\"\r\nUnhideWhenUsed=\"false\" Name=\"Colorful List Accent 4\" />\r\n<w:LsdException Locked=\"false\" Priority=\"73\" SemiHidden=\"false\"\r\nUnhideWhenUsed=\"false\" Name=\"Colorful Grid Accent 4\" />\r\n<w:LsdException Locked=\"false\" Priority=\"60\" SemiHidden=\"false\"\r\nUnhideWhenUsed=\"false\" Name=\"Light Shading Accent 5\" />\r\n<w:LsdException Locked=\"false\" Priority=\"61\" SemiHidden=\"false\"\r\nUnhideWhenUsed=\"false\" Name=\"Light List Accent 5\" />\r\n<w:LsdException Locked=\"false\" Priority=\"62\" SemiHidden=\"false\"\r\nUnhideWhenUsed=\"false\" Name=\"Light Grid Accent 5\" />\r\n<w:LsdException Locked=\"false\" Priority=\"63\" SemiHidden=\"false\"\r\nUnhideWhenUsed=\"false\" Name=\"Medium Shading 1 Accent 5\" />\r\n<w:LsdException Locked=\"false\" Priority=\"64\" SemiHidden=\"false\"\r\nUnhideWhenUsed=\"false\" Name=\"Medium Shading 2 Accent 5\" />\r\n<w:LsdException Locked=\"false\" Priority=\"65\" SemiHidden=\"false\"\r\nUnhideWhenUsed=\"false\" Name=\"Medium List 1 Accent 5\" />\r\n<w:LsdException Locked=\"false\" Priority=\"66\" SemiHidden=\"false\"\r\nUnhideWhenUsed=\"false\" Name=\"Medium List 2 Accent 5\" />\r\n<w:LsdException Locked=\"false\" Priority=\"67\" SemiHidden=\"false\"\r\nUnhideWhenUsed=\"false\" Name=\"Medium Grid 1 Accent 5\" />\r\n<w:LsdException Locked=\"false\" Priority=\"68\" SemiHidden=\"false\"\r\nUnhideWhenUsed=\"false\" Name=\"Medium Grid 2 Accent 5\" />\r\n<w:LsdException Locked=\"false\" Priority=\"69\" SemiHidden=\"false\"\r\nUnhideWhenUsed=\"false\" Name=\"Medium Grid 3 Accent 5\" />\r\n<w:LsdException Locked=\"false\" Priority=\"70\" SemiHidden=\"false\"\r\nUnhideWhenUsed=\"false\" Name=\"Dark List Accent 5\" />\r\n<w:LsdException Locked=\"false\" Priority=\"71\" SemiHidden=\"false\"\r\nUnhideWhenUsed=\"false\" Name=\"Colorful Shading Accent 5\" />\r\n<w:LsdException Locked=\"false\" Priority=\"72\" SemiHidden=\"false\"\r\nUnhideWhenUsed=\"false\" Name=\"Colorful List Accent 5\" />\r\n<w:LsdException Locked=\"false\" Priority=\"73\" SemiHidden=\"false\"\r\nUnhideWhenUsed=\"false\" Name=\"Colorful Grid Accent 5\" />\r\n<w:LsdException Locked=\"false\" Priority=\"60\" SemiHidden=\"false\"\r\nUnhideWhenUsed=\"false\" Name=\"Light Shading Accent 6\" />\r\n<w:LsdException Locked=\"false\" Priority=\"61\" SemiHidden=\"false\"\r\nUnhideWhenUsed=\"false\" Name=\"Light List Accent 6\" />\r\n<w:LsdException Locked=\"false\" Priority=\"62\" SemiHidden=\"false\"\r\nUnhideWhenUsed=\"false\" Name=\"Light Grid Accent 6\" />\r\n<w:LsdException Locked=\"false\" Priority=\"63\" SemiHidden=\"false\"\r\nUnhideWhenUsed=\"false\" Name=\"Medium Shading 1 Accent 6\" />\r\n<w:LsdException Locked=\"false\" Priority=\"64\" SemiHidden=\"false\"\r\nUnhideWhenUsed=\"false\" Name=\"Medium Shading 2 Accent 6\" />\r\n<w:LsdException Locked=\"false\" Priority=\"65\" SemiHidden=\"false\"\r\nUnhideWhenUsed=\"false\" Name=\"Medium List 1 Accent 6\" />\r\n<w:LsdException Locked=\"false\" Priority=\"66\" SemiHidden=\"false\"\r\nUnhideWhenUsed=\"false\" Name=\"Medium List 2 Accent 6\" />\r\n<w:LsdException Locked=\"false\" Priority=\"67\" SemiHidden=\"false\"\r\nUnhideWhenUsed=\"false\" Name=\"Medium Grid 1 Accent 6\" />\r\n<w:LsdException Locked=\"false\" Priority=\"68\" SemiHidden=\"false\"\r\nUnhideWhenUsed=\"false\" Name=\"Medium Grid 2 Accent 6\" />\r\n<w:LsdException Locked=\"false\" Priority=\"69\" SemiHidden=\"false\"\r\nUnhideWhenUsed=\"false\" Name=\"Medium Grid 3 Accent 6\" />\r\n<w:LsdException Locked=\"false\" Priority=\"70\" SemiHidden=\"false\"\r\nUnhideWhenUsed=\"false\" Name=\"Dark List Accent 6\" />\r\n<w:LsdException Locked=\"false\" Priority=\"71\" SemiHidden=\"false\"\r\nUnhideWhenUsed=\"false\" Name=\"Colorful Shading Accent 6\" />\r\n<w:LsdException Locked=\"false\" Priority=\"72\" SemiHidden=\"false\"\r\nUnhideWhenUsed=\"false\" Name=\"Colorful List Accent 6\" />\r\n<w:LsdException Locked=\"false\" Priority=\"73\" SemiHidden=\"false\"\r\nUnhideWhenUsed=\"false\" Name=\"Colorful Grid Accent 6\" />\r\n<w:LsdException Locked=\"false\" Priority=\"19\" SemiHidden=\"false\"\r\nUnhideWhenUsed=\"false\" QFormat=\"true\" Name=\"Subtle Emphasis\" />\r\n<w:LsdException Locked=\"false\" Priority=\"21\" SemiHidden=\"false\"\r\nUnhideWhenUsed=\"false\" QFormat=\"true\" Name=\"Intense Emphasis\" />\r\n<w:LsdException Locked=\"false\" Priority=\"31\" SemiHidden=\"false\"\r\nUnhideWhenUsed=\"false\" QFormat=\"true\" Name=\"Subtle Reference\" />\r\n<w:LsdException Locked=\"false\" Priority=\"32\" SemiHidden=\"false\"\r\nUnhideWhenUsed=\"false\" QFormat=\"true\" Name=\"Intense Reference\" />\r\n<w:LsdException Locked=\"false\" Priority=\"33\" SemiHidden=\"false\"\r\nUnhideWhenUsed=\"false\" QFormat=\"true\" Name=\"Book Title\" />\r\n<w:LsdException Locked=\"false\" Priority=\"37\" Name=\"Bibliography\" />\r\n<w:LsdException Locked=\"false\" Priority=\"39\" QFormat=\"true\" Name=\"TOC Heading\" />\r\n</w:LatentStyles>\r\n</xml><![endif]--><!--[if gte mso 10]>\r\n<style>\r\n/* Style Definitions */\r\ntable.MsoNormalTable\r\n{mso-style-name:\"Table Normal\";\r\nmso-tstyle-rowband-size:0;\r\nmso-tstyle-colband-size:0;\r\nmso-style-noshow:yes;\r\nmso-style-priority:99;\r\nmso-style-qformat:yes;\r\nmso-style-parent:\"\";\r\nmso-padding-alt:0cm 5.4pt 0cm 5.4pt;\r\nmso-para-margin-top:0cm;\r\nmso-para-margin-right:0cm;\r\nmso-para-margin-bottom:10.0pt;\r\nmso-para-margin-left:0cm;\r\nline-height:115%;\r\nmso-pagination:widow-orphan;\r\nfont-size:11.0pt;\r\nmso-bidi-font-size:14.0pt;\r\nfont-family:\"Calibri\",\"sans-serif\";\r\nmso-ascii-font-family:Calibri;\r\nmso-ascii-theme-font:minor-latin;\r\nmso-fareast-font-family:\"Times New Roman\";\r\nmso-fareast-theme-font:minor-fareast;\r\nmso-hansi-font-family:Calibri;\r\nmso-hansi-theme-font:minor-latin;}\r\n</style>\r\n<![endif]--></p>\r\n<p class=\"MsoNormal\"><strong>Measurement Function</strong></p>\r\n<p class=\"MsoNormal\">Distance between 2 Points</p>\r\n<p class=\"MsoNormal\">Distance of an Arc</p>\r\n<p class=\"MsoNormal\">Distance from Circle to Circle</p>\r\n<p class=\"MsoNormal\">Distances of Perpendicular</p>\r\n<p class=\"MsoNormal\">Lines from a Standard Line</p>\r\n<p class=\"MsoNormal\">Distance of a Broken Line</p>\r\n<p class=\"MsoNormal\">Distances between Parallel Line</p>\r\n<p class=\"MsoNormal\">Area of Polygon</p>\r\n<p class=\"MsoNormal\">Area, Radius and circumference of a circle</p>\r\n<p class=\"MsoNormal\">Degree of an Included Angle between 3 Point</p>\r\n<p class=\"MsoNormal\">Degree of an Include Angle between 2 Lines</p>\r\n<p class=\"MsoNormal\">Degree of an External Angle between 3 Point</p>\r\n<p class=\"MsoNormal\">Drawing Standard Lines and parallel lines</p>\r\n<p class=\"MsoNormal\">Text Input</p>\r\n<p class=\"MsoNormal\"><strong>Data Saving</strong></p>\r\n<p class=\"MsoNormal\">Exporting data to CSV Saving an image with labels as JPG or BMP</p>\r\n<p class=\"MsoNormal\"><strong>Making Report</strong></p>\r\n<p class=\"MsoNormal\">Making a report with an image and measured results in Microsoft Excel worksheet with&nbsp; just one click</p>', 'MICRO MEASURE', '23', '', '', ''),
(108, 1, 108, 'DIGITAL COMPOUND MICROSCOPES CSD-DL SERIES', '<p>This is the high performance compound microscope with built-in digital camera as well as the excellent optics and reliable mechanisms designed for those who are engaged in the fields of medical, veterinary and scientific research.&nbsp; It is no more an option but a standard feature to take pictures, save images and transmit images to TV monitor and PC.&nbsp; The CSD-DL series offers three ways of observation, through eyepieces, on built-in LCD screen and on external monitors.&nbsp;</p>\r\n<p>&nbsp;</p>\r\n<p><strong>Features</strong></p>\r\n<p>? Built-in digital camera with flip-up LCD screen&nbsp;</p>\r\n<p>? Siedentopf binocular head &nbsp;&nbsp;&nbsp;</p>\r\n<p>? Extra wide field 10x eyepieces</p>\r\n<p>? DIN&nbsp; Plan&nbsp; objectives</p>\r\n<p>? Coaxial fine and coarse focusing&nbsp; adjustment</p>\r\n<p>? Built-in mechanical stage with coaxial drive control</p>\r\n<p>? Powerful 3W LED illuminator with light intensity control</p>', 'CSD-DL-P', NULL, NULL, NULL, NULL);
INSERT INTO `web_product_message` (`article_message_id`, `web_lang_id`, `article_id`, `title`, `message`, `extra_field1`, `extra_field2`, `extra_field3`, `extra_field4`, `extra_field5`) VALUES
(109, 1, 109, 'LED STAND', '<p>&nbsp;</p>\r\n<table cellspacing=\"0\" cellpadding=\"0\" border=\"0\" style=\"width: 444px; height: 200px;\">\r\n    <tbody>\r\n        <tr height=\"19\" style=\"height:14.25pt\">\r\n            <td width=\"153\" height=\"19\" align=\"left\" style=\"height: 14.25pt;\"><strong>Input   voltage<span style=\"mso-spacerun:yes\">&nbsp;</span></strong></td>\r\n            <td width=\"285\" align=\"left\" style=\"\"><strong>: 100-240VAC 50/60Hz</strong></td>\r\n        </tr>\r\n        <tr height=\"19\" style=\"height:14.25pt\">\r\n            <td width=\"153\" height=\"19\" align=\"left\" style=\"height: 14.25pt;\"><strong>Consume power<span style=\"mso-spacerun:yes\">&nbsp;</span></strong></td>\r\n            <td width=\"285\" align=\"left\"><strong>: 6W/60LEDs</strong></td>\r\n        </tr>\r\n        <tr height=\"19\" style=\"height:14.25pt\">\r\n            <td width=\"153\" height=\"19\" align=\"left\" style=\"height: 14.25pt;\"><strong>Color temperature</strong></td>\r\n            <td width=\"285\" align=\"left\"><strong>: 6400K</strong></td>\r\n        </tr>\r\n        <tr height=\"19\" style=\"height:14.25pt\">\r\n            <td width=\"153\" height=\"19\" align=\"left\" style=\"height: 14.25pt;\"><strong>Lamp life<span style=\"mso-spacerun:yes\">&nbsp;</span></strong></td>\r\n            <td width=\"285\" align=\"left\"><strong>: Greater than 20,000 hours</strong></td>\r\n        </tr>\r\n        <tr height=\"19\" style=\"height:14.25pt\">\r\n            <td width=\"153\" height=\"19\" align=\"left\" style=\"height: 14.25pt;\"><strong>Operating temperature</strong></td>\r\n            <td width=\"285\" align=\"left\"><strong>: 32 to 104 F (0 to 40 C)</strong></td>\r\n        </tr>\r\n        <tr height=\"19\" style=\"height:14.25pt\">\r\n            <td width=\"153\" height=\"19\" align=\"left\" style=\"height: 14.25pt;\"><strong>Humidity range</strong></td>\r\n            <td width=\"285\" align=\"left\"><strong>: 0 to 80% non-condensing</strong></td>\r\n        </tr>\r\n        <tr height=\"19\" style=\"height:14.25pt\">\r\n            <td width=\"153\" height=\"19\" align=\"left\" style=\"height: 14.25pt;\"><strong>Brighness</strong></td>\r\n            <td width=\"285\" align=\"left\"><strong>: &gt;23000?Lux (Distance 100mm)</strong></td>\r\n        </tr>\r\n    </tbody>\r\n</table>\r\n<p><strong><br type=\"_moz\" />\r\n</strong></p>', 'SCW-PFM-LED', '23', '', '', ''),
(110, 1, 110, 'LED ILLUMINATOR', '<p>&nbsp;</p>\r\n<table width=\"455\" cellspacing=\"0\" cellpadding=\"0\" border=\"0\">\r\n    <col width=\"180\" style=\"mso-width-source:userset;mso-width-alt:5760;width:135pt\" />  <col width=\"275\" style=\"mso-width-source:userset;mso-width-alt:8800;width:206pt\" />\r\n    <tbody>\r\n        <tr height=\"19\" style=\"height:14.25pt\">\r\n            <td width=\"180\" height=\"19\" align=\"left\" style=\"height:14.25pt;width:135pt\"><strong>Input   voltage<span style=\"mso-spacerun:yes\">&nbsp;</span></strong></td>\r\n            <td width=\"275\" align=\"left\" style=\"width:206pt\"><strong>: 100-240VAC 50/60Hz</strong></td>\r\n        </tr>\r\n        <tr height=\"19\" style=\"height:14.25pt\">\r\n            <td height=\"19\" align=\"left\" style=\"height:14.25pt\"><strong>Consume power<span style=\"mso-spacerun:yes\">&nbsp;</span></strong></td>\r\n            <td align=\"left\"><strong>: 6W/60LEDs</strong></td>\r\n        </tr>\r\n        <tr height=\"19\" style=\"height:14.25pt\">\r\n            <td height=\"19\" align=\"left\" style=\"height:14.25pt\"><strong>color temperature</strong></td>\r\n            <td align=\"left\"><strong>: 6400K</strong></td>\r\n        </tr>\r\n        <tr height=\"19\" style=\"height:14.25pt\">\r\n            <td height=\"19\" align=\"left\" style=\"height:14.25pt\"><strong>Lamp life<span style=\"mso-spacerun:yes\">&nbsp;</span></strong></td>\r\n            <td align=\"left\"><strong>: Greater than 20,000 hours</strong></td>\r\n        </tr>\r\n        <tr height=\"19\" style=\"height:14.25pt\">\r\n            <td height=\"19\" align=\"left\" style=\"height:14.25pt\"><strong>Operating temperature</strong></td>\r\n            <td align=\"left\"><strong>: 32 to 104 F (0 to 40 C)</strong></td>\r\n        </tr>\r\n        <tr height=\"19\" style=\"height:14.25pt\">\r\n            <td height=\"19\" align=\"left\" style=\"height:14.25pt\"><strong>Brightness</strong></td>\r\n            <td align=\"left\"><strong>: &gt;23,000 Lux (Distance 100mm)</strong></td>\r\n        </tr>\r\n        <tr height=\"19\" style=\"height:14.25pt\">\r\n            <td height=\"19\" align=\"left\" style=\"height:14.25pt\"><strong>humidity range</strong></td>\r\n            <td align=\"left\"><strong>: 0 to 80% non-condensing</strong></td>\r\n        </tr>\r\n        <tr height=\"19\" style=\"height:14.25pt\">\r\n            <td height=\"19\" align=\"left\" style=\"height:14.25pt\"><strong>Mounting diameter</strong></td>\r\n            <td align=\"left\"><strong>: 70mm.</strong></td>\r\n        </tr>\r\n        <tr height=\"19\" style=\"height:14.25pt\">\r\n            <td height=\"19\" align=\"left\" style=\"height:14.25pt\"><strong>Adapter Dimensions</strong></td>\r\n            <td align=\"left\"><strong>: 124x96x45mm.</strong></td>\r\n        </tr>\r\n        <tr height=\"19\" style=\"height:14.25pt\">\r\n            <td height=\"19\" align=\"left\" style=\"height:14.25pt\"><strong>Adapter shell Material</strong></td>\r\n            <td align=\"left\"><strong>: ABS Plastic</strong></td>\r\n        </tr>\r\n    </tbody>\r\n</table>\r\n<p><strong><br type=\"_moz\" />\r\n</strong></p>', 'LED60D70', '', '', '', ''),
(111, 1, 111, 'DSZV-44 is trinocular body designed to see the screen & eye at the same time and a ball lock system for accurate reference magnification. Compatible with a CCTV  C & CS Mount without the adapter. For TV microscopy and photomicrography.', '<p>Magnification : 10x to 44x (field of view : 23mm to 5.2mm)<br />\r\nObjective Lenses : 1.0x to 4.4x (zoom ratio : 4.4:1)<br />\r\nEyepieces : Wide Field 10x (DSW10x) (field number : 23)<br />\r\nOptical Body : 360 rotatable trinocular type, 45 inclined eyepiece tube <br />\r\n<strong>Vertible tube : Live View &amp; CS Mount </strong><br />\r\n<strong>Zoom Type : Click stop </strong><br />\r\nWorking Distance : 90mm<br />\r\nInterpupillary Distance : 52mm to 75mm<br />\r\nDiopter Adjustment :&nbsp; 7.2D on both eyepiece tubes &amp;&nbsp; 8D on verticle tube<br />\r\n<strong>Stand Type : Pole type (303mm)</strong><br />\r\nI<strong>ncident Light : LED 6w With dimmer</strong><br />\r\nBase : 220mm x 284mm<br />\r\nHeight : 327mm<br />\r\nNet Weight : 5.6kg<br />\r\nAccessories : Rubber eyeguards, Tension control pin, Dust cover</p>', 'DSZV-44CT-PFM-LED', '23', '', '', ''),
(112, 1, 112, 'BH series features a dual magnification of 10x&20x, 10x&30x or 20x&40x, and a fixed \r\nmagnification of 10x or 20x, with standard eyepieces 10x. A wide variety of stand and illuminators \r\nare available to suit many different applications.', '<p><strong>Large stage is equipped for convenience of work.<br />\r\nA long life and low temperature 9W fluorescent lamp is used for the built-in incident light.</strong></p>', 'NSW-12, 13, 24  PFM-IFH220', '25', '', '', ''),
(113, 1, 113, 'BH series features a dual magnification 10x&20x, 10x&30x or 20x&40x, and a fixed \r\nmagnification of 10x or 20x, with standard eyepieces 10x. A wide variety of stand and illuminators \r\nare available to suit many different applications.', '<p><strong>Large stage is equipped for convenience of work.<br />\r\nA long life and low temperature 6W LED lamp is used for the built-in incident light.</strong></p>', 'BH-12, 13, 24 PFM-LED', '25', '', '', ''),
(114, 1, 114, 'BH series features a dual magnification of 10x&20x, 10x&30x or 20x&40x, and a fixed magnification of 10x or 20x, with standard eyepieces 10x. A wide variety of stand and illuminators are available to suit many different applications.', '<p><strong>Transmitted &amp; incident lights are built in the stand.</strong></p>\r\n<p><strong><br />\r\n&nbsp;Incident light is 9W fluorescent lamp</strong></p>\r\n<p><strong>Transmitted light is 5W fluorescent lamp</strong></p>', 'BH-12, 13, 24 BRF-IFH220', '25', '', '', ''),
(115, 1, 115, 'INVERTED METALLURGICAL MICROSCOPE', '<p><strong>Metallurgical Microscope is widely used for PCB board, LCD display and metal structure observation and <br />\r\n<br />\r\ninspection. With ingenioud stand and convenient operation, it will be your best choice.<br />\r\n&nbsp; <br />\r\n&nbsp;&nbsp;&nbsp;&nbsp; With infinitive Optical System,Providing Excellent Optical Functions.<br />\r\n&nbsp;&nbsp;&nbsp;&nbsp; With the Features of Table Stand Structure, Advanced Stage Design and Comfortable Operation, it is <br />\r\n<br />\r\n&nbsp;&nbsp;&nbsp;&nbsp; Widely Used in Institute and Laboratory to Observe and Identify the structure of Various Metal and Alloy.<br />\r\n<br />\r\n<br />\r\nSpecifiation</strong><br />\r\n<br />\r\nViewing Head &nbsp;&nbsp;&nbsp; &nbsp;&nbsp;&nbsp; : &nbsp;&nbsp;&nbsp; Trinocular Head Inclined 30, Interpupillary 48-75 mm<br />\r\n&nbsp;<br />\r\nEyepiece&nbsp;&nbsp;&nbsp; &nbsp;&nbsp;&nbsp; &nbsp;&nbsp;&nbsp; :&nbsp;&nbsp;&nbsp; EW10x/20 High-point, Extra wide Field Eyepiece EW10x/20<br />\r\n<br />\r\nObjective&nbsp;&nbsp;&nbsp; &nbsp;&nbsp;&nbsp; &nbsp;&nbsp;&nbsp; :&nbsp;&nbsp;&nbsp; Infinitive Plan Achromatic Objectives<br />\r\n&nbsp;&nbsp;&nbsp; &nbsp;&nbsp;&nbsp; &nbsp;&nbsp;&nbsp; &nbsp;&nbsp;&nbsp; &nbsp;&nbsp;&nbsp; 5x/0.12/Inf/-&nbsp; &nbsp;&nbsp;&nbsp; &nbsp;&nbsp;&nbsp; WD15.5mm<br />\r\n&nbsp;&nbsp;&nbsp; &nbsp;&nbsp;&nbsp; &nbsp;&nbsp;&nbsp; &nbsp;&nbsp;&nbsp; &nbsp;&nbsp;&nbsp; 10x/0.25/Inf/-&nbsp; &nbsp;&nbsp;&nbsp; WD11.0mm<br />\r\n&nbsp;&nbsp;&nbsp; &nbsp;&nbsp;&nbsp; &nbsp;&nbsp;&nbsp; &nbsp;&nbsp;&nbsp; &nbsp;&nbsp;&nbsp; 20x/0.40/Inf/-&nbsp; &nbsp;&nbsp;&nbsp; WD6.0mm<br />\r\n&nbsp;&nbsp;&nbsp; &nbsp;&nbsp;&nbsp; &nbsp;&nbsp;&nbsp; &nbsp;&nbsp;&nbsp; &nbsp;&nbsp;&nbsp; 50x/0.75/Inf/-&nbsp; &nbsp;&nbsp;&nbsp; WD0.32mm<br />\r\n<br />\r\nNosepiece&nbsp;&nbsp;&nbsp; &nbsp;&nbsp;&nbsp; &nbsp;&nbsp;&nbsp; :&nbsp;&nbsp;&nbsp; Quintuple Nosepiece<br />\r\n<br />\r\nStage&nbsp;&nbsp;&nbsp; &nbsp;&nbsp;&nbsp; &nbsp;&nbsp;&nbsp; &nbsp;&nbsp;&nbsp; :&nbsp;&nbsp;&nbsp; Plain stage, Size 160x250mm<br />\r\n&nbsp;&nbsp;&nbsp; &nbsp;&nbsp;&nbsp; &nbsp;&nbsp;&nbsp; &nbsp;&nbsp;&nbsp; &nbsp;&nbsp;&nbsp; <br />\r\nFocusing &nbsp;&nbsp;&nbsp; &nbsp;&nbsp;&nbsp; &nbsp;&nbsp;&nbsp; : &nbsp;&nbsp;&nbsp; Coaxial Coarse and Fine Adjustment , Vertical Objective Movement<br />\r\n&nbsp;&nbsp;&nbsp; &nbsp;&nbsp;&nbsp; &nbsp;&nbsp;&nbsp; &nbsp;&nbsp;&nbsp; &nbsp;&nbsp;&nbsp; Coarse Stroke 37.7mm per Rotation, Fine Stroke 0.2mm per Rotation<br />\r\n&nbsp;&nbsp;&nbsp; &nbsp;&nbsp;&nbsp; &nbsp;&nbsp;&nbsp; &nbsp;&nbsp;&nbsp; <br />\r\nKohler Illumination&nbsp;&nbsp;&nbsp; &nbsp;&nbsp;&nbsp; :&nbsp;&nbsp;&nbsp; Halogen Lamp 6V30W<br />\r\n<br />\r\nFilter&nbsp;&nbsp;&nbsp; &nbsp;&nbsp;&nbsp; &nbsp;&nbsp;&nbsp; :&nbsp;&nbsp;&nbsp; Blue, Green, Yellow, Ground Glass</p>', 'INVERTED METALLURGICAL MICROSCOPE', '27', '', '', ''),
(118, 1, 118, 'METALLURGICAL MICROSCOPE', '<p>&nbsp;</p>\r\n<table cellspacing=\"0\" cellpadding=\"0\" border=\"0\" style=\"width: 727px; height: 496px;\">\r\n    <tbody>\r\n        <tr height=\"19\" style=\"height:14.25pt\">\r\n            <td width=\"144\" height=\"19\" align=\"left\" style=\"height: 14.25pt;\" class=\"xl65\"><strong>Model</strong></td>\r\n            <td width=\"577\" align=\"left\" style=\"\" class=\"xl65\"><strong>CSD-MS-T5</strong></td>\r\n        </tr>\r\n        <tr height=\"19\" style=\"height:14.25pt\">\r\n            <td width=\"144\" height=\"19\" align=\"left\" style=\"height: 14.25pt;\">Body</td>\r\n            <td width=\"577\" align=\"left\">Trinocular</td>\r\n        </tr>\r\n        <tr height=\"19\" style=\"height:14.25pt\">\r\n            <td width=\"144\" height=\"19\" align=\"left\" style=\"height: 14.25pt;\">Eyepiece</td>\r\n            <td width=\"577\" align=\"left\">WF10x, FN. 20</td>\r\n        </tr>\r\n        <tr height=\"19\" style=\"height:14.25pt\">\r\n            <td width=\"144\" height=\"19\" align=\"left\" style=\"height: 14.25pt;\">Objectives</td>\r\n            <td width=\"577\" align=\"left\">Infinity Plan Achromat</td>\r\n        </tr>\r\n        <tr height=\"19\" style=\"height:14.25pt\">\r\n            <td width=\"144\" height=\"19\" style=\"height: 14.25pt;\">&nbsp;</td>\r\n            <td width=\"577\" align=\"left\">5x, WD15.5mm</td>\r\n        </tr>\r\n        <tr height=\"19\" style=\"height:14.25pt\">\r\n            <td width=\"144\" height=\"19\" style=\"height: 14.25pt;\">&nbsp;</td>\r\n            <td width=\"577\" align=\"left\">10x, WD10.0mm</td>\r\n        </tr>\r\n        <tr height=\"19\" style=\"height:14.25pt\">\r\n            <td width=\"144\" height=\"19\" style=\"height: 14.25pt;\">&nbsp;</td>\r\n            <td width=\"577\" align=\"left\">20x, WD5.1mm</td>\r\n        </tr>\r\n        <tr height=\"19\" style=\"height:14.25pt\">\r\n            <td width=\"144\" height=\"19\" style=\"height: 14.25pt;\">&nbsp;</td>\r\n            <td width=\"577\" align=\"left\">50x, WD0.32mm</td>\r\n        </tr>\r\n        <tr height=\"19\" style=\"height:14.25pt\">\r\n            <td width=\"144\" height=\"19\" align=\"left\" style=\"height: 14.25pt;\">Nosepiece</td>\r\n            <td width=\"577\" align=\"left\">Quintuple</td>\r\n        </tr>\r\n        <tr height=\"19\" style=\"height:14.25pt\">\r\n            <td width=\"144\" height=\"19\" align=\"left\" style=\"height: 14.25pt;\">Stage</td>\r\n            <td width=\"577\" align=\"left\">Double layer mechanical stage 150x140mm/75x50mm, slide clips</td>\r\n        </tr>\r\n        <tr height=\"19\" style=\"height:14.25pt\">\r\n            <td width=\"144\" height=\"19\" align=\"left\" style=\"height: 14.25pt;\">Focusing</td>\r\n            <td width=\"577\" align=\"left\">Coaxial Fine &amp; Coarse Adjustment</td>\r\n        </tr>\r\n        <tr height=\"19\" style=\"height:14.25pt\">\r\n            <td width=\"144\" height=\"19\" align=\"left\" style=\"height: 14.25pt;\">Epi-Illumination</td>\r\n            <td width=\"577\" align=\"left\">6V/20W Halogen lamp, Koehler illuminator with iris aperture   diaphragm and iris field diaphragm, brightness and center adjustable</td>\r\n        </tr>\r\n        <tr height=\"19\" style=\"height:14.25pt\">\r\n            <td width=\"144\" height=\"19\" align=\"left\" style=\"height: 14.25pt;\">Filters</td>\r\n            <td width=\"577\" align=\"left\">Blue, Green, Yellow &amp; Ground Glass</td>\r\n        </tr>\r\n        <tr height=\"19\" style=\"height:14.25pt\">\r\n            <td width=\"144\" height=\"19\" align=\"left\" style=\"height: 14.25pt;\">Optional Eyepieces</td>\r\n            <td width=\"577\" align=\"left\">WF8x/18, WF10x/18 w/0.1mm scale and cross line, WF12.5x/15</td>\r\n        </tr>\r\n        <tr height=\"19\" style=\"height:14.25pt\">\r\n            <td width=\"144\" height=\"19\" align=\"left\" style=\"height: 14.25pt;\">Optional Objectives</td>\r\n            <td width=\"577\" align=\"left\">4x/25.4mm, 40x/3.7mm, 80x/0.2mm, 100x/0.7mm/0</td>\r\n        </tr>\r\n    </tbody>\r\n</table>', 'CSD-MS-T5', '27', '', '', ''),
(119, 1, 119, 'METALLURGICAL MICROSCOPE', '<p>&nbsp;</p>\r\n<table cellspacing=\"0\" cellpadding=\"0\" border=\"0\" style=\"width: 723px; height: 530px;\">\r\n    <tbody>\r\n        <tr height=\"19\" style=\"height:14.25pt\">\r\n            <td width=\"174\" height=\"19\" align=\"left\" style=\"height: 14.25pt;\"><strong>Model</strong></td>\r\n            <td width=\"543\" align=\"left\" style=\"\"><strong>CSD-MG-T5</strong></td>\r\n        </tr>\r\n        <tr height=\"19\" style=\"height:14.25pt\">\r\n            <td width=\"174\" height=\"19\" align=\"left\" style=\"height: 14.25pt;\">Body</td>\r\n            <td width=\"543\" align=\"left\">Trinocular</td>\r\n        </tr>\r\n        <tr height=\"19\" style=\"height:14.25pt\">\r\n            <td width=\"174\" height=\"19\" align=\"left\" style=\"height: 14.25pt;\">Eyepiece</td>\r\n            <td width=\"543\" align=\"left\">WF10x, FN. 20</td>\r\n        </tr>\r\n        <tr height=\"19\" style=\"height:14.25pt\">\r\n            <td width=\"174\" height=\"19\" align=\"left\" style=\"height: 14.25pt;\">Objectives</td>\r\n            <td width=\"543\" align=\"left\">Infinity Plan Achromat</td>\r\n        </tr>\r\n        <tr height=\"19\" style=\"height:14.25pt\">\r\n            <td width=\"174\" height=\"19\" style=\"height: 14.25pt;\">&nbsp;</td>\r\n            <td width=\"543\" align=\"left\">5x, WD15.5mm</td>\r\n        </tr>\r\n        <tr height=\"19\" style=\"height:14.25pt\">\r\n            <td width=\"174\" height=\"19\" style=\"height: 14.25pt;\">&nbsp;</td>\r\n            <td width=\"543\" align=\"left\">10x, WD10.0mm</td>\r\n        </tr>\r\n        <tr height=\"19\" style=\"height:14.25pt\">\r\n            <td width=\"174\" height=\"19\" style=\"height: 14.25pt;\">&nbsp;</td>\r\n            <td width=\"543\" align=\"left\">20x, WD5.1mm</td>\r\n        </tr>\r\n        <tr height=\"19\" style=\"height:14.25pt\">\r\n            <td width=\"174\" height=\"19\" style=\"height: 14.25pt;\">&nbsp;</td>\r\n            <td width=\"543\" align=\"left\">50x, WD0.32mm</td>\r\n        </tr>\r\n        <tr height=\"19\" style=\"height:14.25pt\">\r\n            <td width=\"174\" height=\"19\" align=\"left\" style=\"height: 14.25pt;\">Nosepiece</td>\r\n            <td width=\"543\" align=\"left\">Quintuple</td>\r\n        </tr>\r\n        <tr height=\"19\" style=\"height:14.25pt\">\r\n            <td width=\"174\" height=\"19\" align=\"left\" style=\"height: 14.25pt;\">Stage</td>\r\n            <td width=\"543\" align=\"left\">Double layer mechanical stage 142x133mm/75x50mm, slide holder,   Anti-scratch coating</td>\r\n        </tr>\r\n        <tr height=\"19\" style=\"height:14.25pt\">\r\n            <td width=\"174\" height=\"19\" align=\"left\" style=\"height: 14.25pt;\">Focusing</td>\r\n            <td width=\"543\" align=\"left\">Coaxial Fine &amp; Coarse Adjustment</td>\r\n        </tr>\r\n        <tr height=\"19\" style=\"height:14.25pt\">\r\n            <td width=\"174\" height=\"19\" align=\"left\" style=\"height: 14.25pt;\">Epi-Illumination</td>\r\n            <td width=\"543\" align=\"left\">6V/20W Halogen lamp, Koehler illuminator with iris aperture   diaphragm and iris field diaphragm, brightness and center adjustable</td>\r\n        </tr>\r\n        <tr height=\"19\" style=\"height:14.25pt\">\r\n            <td width=\"174\" height=\"19\" align=\"left\" style=\"height: 14.25pt;\">Transmitted Illumination</td>\r\n            <td width=\"543\" align=\"left\">6V/20w Halogen Lamp</td>\r\n        </tr>\r\n        <tr height=\"19\" style=\"height:14.25pt\">\r\n            <td width=\"174\" height=\"19\" align=\"left\" style=\"height: 14.25pt;\">Filters</td>\r\n            <td width=\"543\" align=\"left\">Blue, Green, Yellow &amp; Ground Glass</td>\r\n        </tr>\r\n        <tr height=\"19\" style=\"height:14.25pt\">\r\n            <td width=\"174\" height=\"19\" align=\"left\" style=\"height: 14.25pt;\">Optional Eyepieces</td>\r\n            <td width=\"543\" align=\"left\">WF8x/18, WF10x/18 w/0.1mm scale and cross line, WF12.5x/15</td>\r\n        </tr>\r\n        <tr height=\"19\" style=\"height:14.25pt\">\r\n            <td width=\"174\" height=\"19\" align=\"left\" style=\"height: 14.25pt;\">Optional Objectives</td>\r\n            <td width=\"543\" align=\"left\">4x/25.4mm, 40x/3.7mm, 80x/0.2mm, 100x/0.7mm/0</td>\r\n        </tr>\r\n    </tbody>\r\n</table>', 'CSD-MG-T5', '27', '', '', '');

-- --------------------------------------------------------

--
-- Table structure for table `web_product_message_seq`
--

CREATE TABLE `web_product_message_seq` (
  `id` int(10) UNSIGNED NOT NULL
) ENGINE=MyISAM DEFAULT CHARSET=utf8;

--
-- Dumping data for table `web_product_message_seq`
--

INSERT INTO `web_product_message_seq` (`id`) VALUES
(125);

-- --------------------------------------------------------

--
-- Table structure for table `web_product_property`
--

CREATE TABLE `web_product_property` (
  `article_id` int(11) NOT NULL DEFAULT '0',
  `property1` smallint(1) NOT NULL DEFAULT '0',
  `property2` smallint(1) NOT NULL DEFAULT '0',
  `property3` smallint(1) NOT NULL DEFAULT '0',
  `property4` smallint(1) NOT NULL DEFAULT '0',
  `property5` smallint(1) NOT NULL DEFAULT '0',
  `property6` smallint(1) NOT NULL DEFAULT '0'
) ENGINE=MyISAM DEFAULT CHARSET=utf8;

--
-- Dumping data for table `web_product_property`
--

INSERT INTO `web_product_property` (`article_id`, `property1`, `property2`, `property3`, `property4`, `property5`, `property6`) VALUES
(1, 0, 0, 0, 0, 0, 0),
(38, 0, 0, 1, 0, 0, 1),
(22, 0, 0, 0, 0, 0, 0),
(36, 0, 0, 0, 0, 0, 0),
(23, 0, 0, 0, 1, 0, 0),
(34, 0, 0, 0, 1, 0, 0),
(37, 0, 0, 1, 1, 0, 0),
(35, 0, 0, 0, 1, 1, 0),
(32, 0, 0, 0, 1, 0, 0),
(31, 0, 0, 0, 0, 0, 0),
(16, 0, 0, 0, 0, 0, 0),
(17, 0, 0, 0, 1, 0, 0),
(18, 1, 0, 0, 1, 0, 0),
(19, 1, 1, 0, 0, 0, 0),
(20, 0, 0, 1, 1, 0, 0),
(21, 0, 0, 1, 0, 0, 1),
(24, 1, 0, 0, 1, 0, 0),
(25, 0, 0, 0, 1, 1, 0),
(26, 0, 0, 0, 0, 0, 1),
(27, 0, 0, 0, 1, 0, 0),
(28, 0, 0, 1, 0, 0, 0),
(39, 0, 0, 1, 1, 0, 0),
(40, 0, 0, 1, 1, 0, 0),
(41, 0, 0, 1, 1, 0, 0),
(42, 1, 0, 1, 1, 0, 0),
(43, 0, 0, 1, 1, 1, 0),
(44, 0, 0, 0, 0, 0, 0),
(45, 0, 0, 0, 1, 0, 0),
(46, 1, 0, 0, 1, 0, 0),
(47, 0, 0, 0, 1, 0, 0),
(48, 0, 0, 0, 0, 0, 1),
(49, 0, 0, 1, 0, 0, 0),
(50, 0, 0, 1, 1, 0, 0),
(51, 1, 0, 1, 1, 0, 0),
(52, 0, 0, 1, 1, 0, 0),
(107, 0, 0, 1, 0, 0, 0),
(106, 0, 0, 0, 0, 0, 0),
(55, 0, 0, 0, 0, 0, 0),
(59, 0, 0, 1, 0, 0, 0),
(61, 0, 0, 0, 0, 0, 0),
(125, 0, 1, 1, 0, 0, 0),
(63, 0, 0, 0, 0, 0, 0),
(124, 1, 1, 1, 0, 0, 0),
(65, 0, 0, 0, 0, 0, 0),
(66, 1, 0, 0, 1, 0, 0),
(67, 0, 0, 0, 0, 0, 0),
(68, 0, 0, 0, 0, 0, 0),
(69, 0, 0, 0, 0, 0, 0),
(70, 0, 0, 0, 0, 0, 0),
(71, 0, 0, 0, 0, 0, 0),
(72, 0, 0, 0, 0, 0, 0),
(73, 0, 0, 0, 0, 0, 0),
(74, 0, 0, 0, 0, 0, 0),
(75, 0, 0, 0, 0, 0, 0),
(76, 0, 0, 0, 0, 0, 0),
(101, 0, 0, 1, 0, 0, 0),
(78, 0, 0, 0, 0, 0, 0),
(79, 0, 0, 0, 0, 0, 0),
(80, 0, 0, 0, 0, 0, 0),
(81, 0, 0, 0, 0, 0, 0),
(82, 0, 0, 0, 0, 0, 0),
(83, 0, 0, 0, 0, 0, 0),
(84, 0, 0, 0, 0, 0, 0),
(85, 0, 0, 0, 0, 0, 0),
(99, 0, 0, 1, 1, 0, 0),
(98, 0, 0, 1, 0, 0, 1),
(89, 1, 0, 0, 1, 0, 0),
(90, 0, 0, 0, 0, 0, 0),
(91, 0, 0, 0, 0, 0, 0),
(92, 0, 0, 0, 0, 0, 0),
(93, 0, 0, 0, 1, 0, 0),
(94, 0, 0, 0, 1, 0, 0),
(95, 0, 0, 0, 1, 0, 0),
(96, 0, 0, 0, 1, 0, 0),
(97, 0, 0, 1, 0, 0, 0),
(102, 0, 0, 1, 0, 0, 1),
(103, 0, 0, 0, 0, 0, 0),
(121, 0, 0, 1, 0, 0, 0),
(120, 0, 0, 0, 1, 0, 0),
(108, 1, 0, 1, 0, 0, 0),
(109, 0, 0, 0, 0, 0, 0),
(110, 0, 0, 0, 0, 0, 0),
(111, 0, 0, 1, 0, 0, 0),
(112, 0, 0, 0, 1, 0, 0),
(113, 0, 0, 0, 0, 0, 0),
(114, 0, 0, 0, 1, 1, 0),
(115, 1, 0, 0, 0, 0, 0),
(118, 0, 1, 1, 0, 0, 0),
(119, 1, 1, 1, 0, 0, 0),
(122, 0, 0, 0, 0, 0, 0),
(123, 0, 0, 0, 0, 0, 0);

-- --------------------------------------------------------

--
-- Table structure for table `web_product_property_seq`
--

CREATE TABLE `web_product_property_seq` (
  `id` int(10) UNSIGNED NOT NULL
) ENGINE=MyISAM DEFAULT CHARSET=utf8;

--
-- Dumping data for table `web_product_property_seq`
--

INSERT INTO `web_product_property_seq` (`id`) VALUES
(77);

-- --------------------------------------------------------

--
-- Table structure for table `web_product_role`
--

CREATE TABLE `web_product_role` (
  `article_id` int(11) NOT NULL DEFAULT '0',
  `role_id` int(11) NOT NULL DEFAULT '0'
) ENGINE=MyISAM DEFAULT CHARSET=utf8;

--
-- Dumping data for table `web_product_role`
--

INSERT INTO `web_product_role` (`article_id`, `role_id`) VALUES
(2, 2),
(2, 1),
(2, 0),
(38, 2),
(38, 1),
(38, 0),
(22, 2),
(22, 1),
(22, 0),
(36, 2),
(36, 1),
(36, 0),
(23, 2),
(23, 1),
(23, 0),
(34, 2),
(34, 1),
(34, 0),
(37, 2),
(37, 1),
(37, 0),
(35, 2),
(35, 1),
(35, 0),
(32, 2),
(32, 1),
(32, 0),
(31, 2),
(31, 1),
(31, 0),
(16, 2),
(16, 1),
(16, 0),
(17, 2),
(17, 1),
(17, 0),
(18, 2),
(18, 1),
(18, 0),
(19, 2),
(19, 1),
(19, 0),
(20, 2),
(20, 1),
(20, 0),
(21, 2),
(21, 1),
(21, 0),
(24, 0),
(24, 1),
(24, 2),
(25, 0),
(25, 1),
(25, 2),
(26, 0),
(26, 1),
(26, 2),
(27, 2),
(27, 1),
(27, 0),
(28, 2),
(28, 1),
(28, 0),
(40, 2),
(40, 1),
(40, 0),
(39, 2),
(39, 1),
(39, 0),
(41, 0),
(41, 1),
(41, 2),
(42, 2),
(42, 1),
(42, 0),
(43, 0),
(43, 1),
(43, 2),
(44, 2),
(44, 1),
(44, 0),
(45, 0),
(45, 1),
(45, 2),
(46, 0),
(46, 1),
(46, 2),
(47, 0),
(47, 1),
(47, 2),
(48, 0),
(48, 1),
(48, 2),
(49, 0),
(49, 1),
(49, 2),
(50, 0),
(50, 1),
(50, 2),
(51, 0),
(51, 1),
(51, 2),
(52, 2),
(52, 1),
(52, 0),
(107, 2),
(107, 1),
(107, 0),
(106, 2),
(106, 1),
(106, 0),
(55, 0),
(55, 1),
(55, 2),
(59, 2),
(59, 1),
(59, 0),
(61, 2),
(61, 1),
(61, 0),
(125, 2),
(125, 1),
(125, 0),
(63, 2),
(63, 1),
(63, 0),
(124, 2),
(124, 1),
(124, 0),
(65, 2),
(65, 1),
(65, 0),
(66, 2),
(66, 1),
(66, 0),
(67, 0),
(67, 1),
(67, 2),
(68, 0),
(68, 1),
(68, 2),
(69, 2),
(69, 1),
(69, 0),
(70, 2),
(70, 1),
(70, 0),
(71, 2),
(71, 1),
(71, 0),
(72, 0),
(72, 1),
(72, 2),
(73, 2),
(73, 1),
(73, 0),
(74, 2),
(74, 1),
(74, 0),
(75, 2),
(75, 1),
(75, 0),
(76, 0),
(76, 1),
(76, 2),
(101, 2),
(101, 1),
(101, 0),
(78, 0),
(78, 1),
(78, 2),
(79, 2),
(79, 1),
(79, 0),
(80, 0),
(80, 1),
(80, 2),
(81, 0),
(81, 1),
(81, 2),
(82, 0),
(82, 1),
(82, 2),
(83, 0),
(83, 1),
(83, 2),
(84, 0),
(84, 1),
(84, 2),
(85, 0),
(85, 1),
(85, 2),
(99, 2),
(99, 1),
(99, 0),
(98, 2),
(98, 1),
(98, 0),
(89, 2),
(89, 1),
(89, 0),
(90, 2),
(90, 1),
(90, 0),
(91, 2),
(91, 1),
(91, 0),
(92, 2),
(92, 1),
(92, 0),
(93, 2),
(93, 1),
(93, 0),
(94, 2),
(94, 1),
(94, 0),
(95, 0),
(95, 1),
(95, 2),
(96, 0),
(96, 1),
(96, 2),
(97, 0),
(97, 1),
(97, 2),
(102, 2),
(102, 1),
(102, 0),
(103, 2),
(103, 1),
(103, 0),
(121, 2),
(121, 1),
(121, 0),
(120, 2),
(120, 1),
(120, 0),
(108, 2),
(108, 1),
(108, 0),
(109, 0),
(109, 1),
(109, 2),
(110, 0),
(110, 1),
(110, 2),
(111, 2),
(111, 1),
(111, 0),
(112, 0),
(112, 1),
(112, 2),
(113, 0),
(113, 1),
(113, 2),
(114, 2),
(114, 1),
(114, 0),
(115, 2),
(115, 1),
(115, 0),
(118, 2),
(118, 1),
(118, 0),
(119, 2),
(119, 1),
(119, 0),
(122, 0),
(122, 1),
(122, 2),
(123, 0),
(123, 1),
(123, 2);

-- --------------------------------------------------------

--
-- Table structure for table `web_product_seq`
--

CREATE TABLE `web_product_seq` (
  `id` int(10) UNSIGNED NOT NULL
) ENGINE=MyISAM DEFAULT CHARSET=utf8;

--
-- Dumping data for table `web_product_seq`
--

INSERT INTO `web_product_seq` (`id`) VALUES
(125);

-- --------------------------------------------------------

--
-- Table structure for table `web_product_series`
--

CREATE TABLE `web_product_series` (
  `series_id` int(11) NOT NULL DEFAULT '0',
  `article_type_id` int(11) NOT NULL DEFAULT '0',
  `series_name` varchar(255) NOT NULL DEFAULT '',
  `status` smallint(1) NOT NULL DEFAULT '0',
  `date_create` int(11) NOT NULL DEFAULT '0'
) ENGINE=MyISAM DEFAULT CHARSET=utf8;

--
-- Dumping data for table `web_product_series`
--

INSERT INTO `web_product_series` (`series_id`, `article_type_id`, `series_name`, `status`, `date_create`) VALUES
(10, 6, 'DSZ - 44', 1, 1227757046),
(19, 6, 'SPZ - 50', 1, 1227757062),
(20, 6, 'DSZ - 70', 1, 1227757073),
(17, 5, 'Binocular', 1, 1227685481),
(18, 5, 'Trinocular', 1, 1227685493),
(22, 17, 'ALL', 1, 1247541488),
(23, 18, 'ALL', 1, 1247541642),
(25, 20, 'Binocular', 1, 1305953294),
(27, 21, 'Trinocular', 1, 1305960281);

-- --------------------------------------------------------

--
-- Table structure for table `web_product_series_seq`
--

CREATE TABLE `web_product_series_seq` (
  `id` int(10) UNSIGNED NOT NULL
) ENGINE=MyISAM DEFAULT CHARSET=utf8;

--
-- Dumping data for table `web_product_series_seq`
--

INSERT INTO `web_product_series_seq` (`id`) VALUES
(27);

-- --------------------------------------------------------

--
-- Table structure for table `web_product_type`
--

CREATE TABLE `web_product_type` (
  `article_type_id` int(2) NOT NULL DEFAULT '0',
  `type_icon` varchar(255) NOT NULL DEFAULT ''
) ENGINE=MyISAM DEFAULT CHARSET=utf8;

--
-- Dumping data for table `web_product_type`
--

INSERT INTO `web_product_type` (`article_type_id`, `type_icon`) VALUES
(1, ''),
(2, ''),
(3, ''),
(4, ''),
(5, ''),
(6, ''),
(8, '1'),
(9, '1'),
(10, '1'),
(12, '1'),
(13, '1'),
(14, '1'),
(15, '1'),
(16, '1'),
(17, ''),
(18, ''),
(20, ''),
(21, '');

-- --------------------------------------------------------

--
-- Table structure for table `web_product_type_message`
--

CREATE TABLE `web_product_type_message` (
  `article_type_message_id` int(11) NOT NULL DEFAULT '0',
  `article_type_id` int(2) NOT NULL DEFAULT '0',
  `web_lang_id` int(2) NOT NULL DEFAULT '0',
  `type_name` varchar(128) NOT NULL DEFAULT '',
  `description` varchar(255) NOT NULL DEFAULT ''
) ENGINE=MyISAM DEFAULT CHARSET=utf8;

--
-- Dumping data for table `web_product_type_message`
--

INSERT INTO `web_product_type_message` (`article_type_message_id`, `article_type_id`, `web_lang_id`, `type_name`, `description`) VALUES
(1, 1, 1, 'Gem Microscope', ''),
(2, 2, 1, 'Biological', ''),
(3, 3, 1, 'Import Microscope', ''),
(4, 4, 1, 'Accessories', ''),
(5, 5, 1, 'NSW', ''),
(6, 6, 1, 'ZOOM', ''),
(8, 8, 1, 'MILLING (การเซาะ/กัด/ตัด/เฉือน)', 'subcontractor'),
(9, 9, 1, 'DRILLING/TAPPING (การเจาะ/ตีเกลียว)', 'subcontractor'),
(10, 10, 1, 'BUFFER / SANDING (การลบมุม/ปรับผิว)', 'subcontractor'),
(12, 12, 1, 'NC/CNC/HMC/LATHE (การกลึง)', 'subcontractor'),
(13, 13, 1, 'PAINTING / OVEN (การพ่นสี/อบชิ้นงาน)', 'subcontractor'),
(14, 14, 1, 'MOLDING (การอัดผงพลาสติก)', 'subcontractor'),
(15, 15, 1, 'ASSEMBLING (การประกอบชิ้นงาน)', 'subcontractor'),
(16, 16, 1, 'LENS POLISHING (การขัดเลนส์)', 'subcontractor'),
(17, 17, 1, 'MICROSCOPE SYSTEMS', ''),
(18, 18, 1, 'NEW PRODUCTS', ''),
(20, 20, 1, 'BH', ''),
(21, 21, 1, 'METALLURGICAL', '');

-- --------------------------------------------------------

--
-- Table structure for table `web_product_type_message_seq`
--

CREATE TABLE `web_product_type_message_seq` (
  `id` int(10) UNSIGNED NOT NULL
) ENGINE=MyISAM DEFAULT CHARSET=utf8;

--
-- Dumping data for table `web_product_type_message_seq`
--

INSERT INTO `web_product_type_message_seq` (`id`) VALUES
(21);

-- --------------------------------------------------------

--
-- Table structure for table `web_product_type_role`
--

CREATE TABLE `web_product_type_role` (
  `article_type_id` int(2) NOT NULL DEFAULT '0',
  `role_id` int(11) NOT NULL DEFAULT '0'
) ENGINE=MyISAM DEFAULT CHARSET=utf8;

--
-- Dumping data for table `web_product_type_role`
--

INSERT INTO `web_product_type_role` (`article_type_id`, `role_id`) VALUES
(1, 0),
(1, 1),
(1, 2),
(2, 0),
(2, 1),
(2, 2),
(3, 0),
(3, 1),
(3, 2),
(4, 0),
(4, 1),
(4, 2),
(5, 2),
(5, 1),
(5, 0),
(6, 0),
(6, 1),
(6, 2),
(8, 2),
(8, 1),
(8, 0),
(9, 0),
(9, 1),
(9, 2),
(10, 0),
(10, 1),
(10, 2),
(12, 2),
(12, 1),
(12, 0),
(13, 0),
(13, 1),
(13, 2),
(14, 0),
(14, 1),
(14, 2),
(15, 0),
(15, 1),
(15, 2),
(16, 0),
(16, 1),
(16, 2),
(17, 2),
(17, 1),
(17, 0),
(18, 2),
(18, 1),
(18, 0),
(20, 2),
(20, 1),
(20, 0),
(21, 0),
(21, 1),
(21, 2);

-- --------------------------------------------------------

--
-- Table structure for table `web_product_type_seq`
--

CREATE TABLE `web_product_type_seq` (
  `id` int(10) UNSIGNED NOT NULL
) ENGINE=MyISAM DEFAULT CHARSET=utf8;

--
-- Dumping data for table `web_product_type_seq`
--

INSERT INTO `web_product_type_seq` (`id`) VALUES
(21);

-- --------------------------------------------------------

--
-- Table structure for table `web_role`
--

CREATE TABLE `web_role` (
  `role_id` int(11) NOT NULL DEFAULT '-1',
  `name` varchar(255) DEFAULT NULL,
  `description` text,
  `date_created` datetime DEFAULT NULL,
  `created_by` int(11) DEFAULT NULL,
  `last_updated` datetime DEFAULT NULL,
  `updated_by` int(11) DEFAULT NULL
) ENGINE=MyISAM DEFAULT CHARSET=utf8;

--
-- Dumping data for table `web_role`
--

INSERT INTO `web_role` (`role_id`, `name`, `description`, `date_created`, `created_by`, `last_updated`, `updated_by`) VALUES
(-1, 'unassigned', 'not assigned a role', NULL, NULL, NULL, NULL),
(0, 'guest', 'public user', NULL, NULL, NULL, NULL),
(1, 'root', 'super user', NULL, NULL, NULL, NULL),
(2, 'member', 'has a limited set of privileges', NULL, NULL, NULL, NULL);

-- --------------------------------------------------------

--
-- Table structure for table `web_role_permission`
--

CREATE TABLE `web_role_permission` (
  `role_permission_id` int(11) NOT NULL DEFAULT '0',
  `role_id` int(11) NOT NULL DEFAULT '0',
  `permission_id` int(11) NOT NULL DEFAULT '0'
) ENGINE=MyISAM DEFAULT CHARSET=utf8;

--
-- Dumping data for table `web_role_permission`
--

INSERT INTO `web_role_permission` (`role_permission_id`, `role_id`, `permission_id`) VALUES
(1, 2, 22),
(2, 2, 21),
(3, 2, 95),
(4, 2, 43),
(5, 2, 46),
(6, 2, 44),
(7, 2, 45),
(8, 2, 96),
(9, 2, 48),
(10, 2, 47),
(11, 2, 97),
(12, 2, 58),
(13, 2, 59),
(14, 2, 68),
(15, 2, 69),
(16, 2, 72),
(17, 2, 73),
(18, 2, 74),
(19, 2, 93),
(20, 2, 94);

-- --------------------------------------------------------

--
-- Table structure for table `web_role_permission_seq`
--

CREATE TABLE `web_role_permission_seq` (
  `id` int(10) UNSIGNED NOT NULL
) ENGINE=MyISAM DEFAULT CHARSET=utf8;

--
-- Dumping data for table `web_role_permission_seq`
--

INSERT INTO `web_role_permission_seq` (`id`) VALUES
(20);

-- --------------------------------------------------------

--
-- Table structure for table `web_role_seq`
--

CREATE TABLE `web_role_seq` (
  `id` int(10) UNSIGNED NOT NULL
) ENGINE=MyISAM DEFAULT CHARSET=utf8;

--
-- Dumping data for table `web_role_seq`
--

INSERT INTO `web_role_seq` (`id`) VALUES
(2);

-- --------------------------------------------------------

--
-- Table structure for table `web_section`
--

CREATE TABLE `web_section` (
  `section_id` int(11) NOT NULL DEFAULT '0',
  `title` varchar(32) DEFAULT NULL,
  `resource_uri` varchar(128) DEFAULT NULL,
  `perms` varchar(32) DEFAULT NULL,
  `trans_id` int(11) DEFAULT NULL,
  `parent_id` int(11) DEFAULT NULL,
  `root_id` int(11) DEFAULT NULL,
  `left_id` int(11) DEFAULT NULL,
  `right_id` int(11) DEFAULT NULL,
  `order_id` int(11) DEFAULT NULL,
  `level_id` int(11) DEFAULT NULL,
  `is_enabled` smallint(6) DEFAULT NULL,
  `is_static` smallint(6) DEFAULT NULL,
  `access_key` char(1) DEFAULT NULL,
  `rel` varchar(16) DEFAULT NULL
) ENGINE=MyISAM DEFAULT CHARSET=utf8;

--
-- Dumping data for table `web_section`
--

INSERT INTO `web_section` (`section_id`, `title`, `resource_uri`, `perms`, `trans_id`, `parent_id`, `root_id`, `left_id`, `right_id`, `order_id`, `level_id`, `is_enabled`, `is_static`, `access_key`, `rel`) VALUES
(1, 'root', 'uriEmpty:', '1', 1, 0, 0, 0, 0, 0, 0, 0, 0, '', ''),
(2, 'User menu', 'uriEmpty:', '-2', 2, 0, 2, 1, 12, 1, 1, 1, 0, '', ''),
(4, 'Admin menu', 'uriEmpty:', '1', 4, 0, 4, 1, 80, 2, 1, 1, 0, '', ''),
(5, 'Blocks', 'block/block', '1', 5, 4, 4, 2, 5, 1, 2, 0, NULL, NULL, NULL),
(7, 'Manage Blocks', 'block/block', '1', 7, 5, 4, 3, 4, 1, 3, 0, NULL, NULL, NULL),
(9, 'General', 'default/module', '1', 9, 4, 4, 6, 15, 2, 2, 0, 0, '', ''),
(11, 'Manage Modules', 'default/module', '1', 11, 9, 4, 7, 8, 1, 3, 0, NULL, NULL, NULL),
(13, 'Configuration', 'default/config', '1', 13, 9, 4, 9, 10, 2, 3, 0, NULL, NULL, NULL),
(15, 'Maintenance', 'default/maintenance', '1', 15, 9, 4, 11, 12, 3, 3, 0, NULL, NULL, NULL),
(17, 'Module Generator', 'default/modulegeneration', '1', 17, 9, 4, 13, 14, 4, 3, 0, NULL, NULL, NULL),
(19, 'Home', 'default/default', '0', 19, 2, 2, 2, 3, 1, 2, 0, NULL, NULL, NULL),
(21, 'Admin Home', 'default/default', '1', 21, 2, 2, 4, 5, 2, 2, 1, NULL, NULL, NULL),
(23, 'Admin', 'default/module', '1', 23, 2, 2, 6, 7, 3, 2, 0, NULL, NULL, NULL),
(25, 'Users and security', 'user/user', '1', 25, 4, 4, 16, 25, 3, 2, 1, NULL, NULL, NULL),
(27, 'Manage users', 'user/user', '1', 27, 25, 4, 17, 18, 1, 3, 1, NULL, NULL, NULL),
(29, 'Manage permissions', 'user/permission', '1', 29, 25, 4, 19, 20, 2, 3, 0, 0, '', ''),
(31, 'Manage roles', 'user/role', '1', 31, 25, 4, 21, 22, 3, 3, 0, 0, '', ''),
(33, 'Manage preferences', 'user/preference', '1', 33, 25, 4, 23, 24, 4, 3, 0, 0, '', ''),
(35, 'My Account', 'user/account', '1', 35, 4, 4, 26, 33, 4, 2, 1, NULL, NULL, NULL),
(37, 'Summary', 'user/account', '1', 37, 35, 4, 27, 28, 1, 3, 1, NULL, NULL, NULL),
(39, 'View Profile', 'user/account/action/viewProfile', '1', 39, 35, 4, 29, 30, 2, 3, 1, NULL, NULL, NULL),
(41, 'Edit Preferences', 'user/userpreference', '1', 41, 35, 4, 31, 32, 3, 3, 0, 0, '', ''),
(43, 'My Account', 'user/account', '2', 43, 2, 2, 8, 9, 4, 2, 1, NULL, NULL, NULL),
(45, 'Navigation', 'navigation/section', '1', 45, 4, 4, 34, 37, 5, 2, 0, NULL, NULL, NULL),
(47, 'Manage Navigation', 'navigation/section', '1', 47, 45, 4, 35, 36, 1, 3, 0, NULL, NULL, NULL),
(49, 'Webformmail', 'main/adminwebform', '1', 49, 4, 4, 38, 39, 6, 2, 1, NULL, NULL, NULL),
(51, 'Article', 'articleweb/adminarticleweb', '1', 51, 4, 4, 40, 45, 7, 2, 0, NULL, NULL, NULL),
(53, 'Manage Type', 'articleweb/adminarticletypeweb', '1', 53, 51, 4, 41, 42, 1, 3, 0, NULL, NULL, NULL),
(55, 'Manage Article', 'articleweb/adminarticleweb', '1', 55, 51, 4, 43, 44, 2, 3, 0, NULL, NULL, NULL),
(57, 'Article', 'articleweb/articleviewweb/action/viewArticleAllType', '0,2,1', 57, 2, 2, 10, 11, 5, 2, 0, NULL, NULL, NULL),
(59, 'News and Event', 'newsevent/adminnewsevent', '1', 59, 4, 4, 46, 47, 8, 2, 0, NULL, NULL, NULL),
(61, 'Tips Management', 'tips/admintips', '1', 61, 4, 4, 48, 49, 9, 2, 0, NULL, NULL, NULL),
(63, 'Stereo Microscope', 'productweb/adminstereomicroscope', '1', 63, 4, 4, 50, 57, 10, 2, 0, NULL, NULL, NULL),
(65, 'Add Group', 'productweb/adminstereomicroscopetype/action/addview', '1', 65, 63, 4, 51, 52, 1, 3, 0, NULL, NULL, NULL),
(67, 'Add Series', 'productweb/adminstereomicroscope', '1', 67, 63, 4, 53, 54, 2, 3, 0, NULL, NULL, NULL),
(69, 'Add Product', 'productweb/adminstereomicroscope', '1', 69, 63, 4, 55, 56, 3, 3, 0, NULL, NULL, NULL),
(71, 'Gem Microscope', 'productweb/adminstereomicroscope', '1', 71, 4, 4, 58, 61, 11, 2, 0, NULL, NULL, NULL),
(73, 'Add Product', 'productweb/adminarticleweb', '1', 73, 71, 4, 59, 60, 1, 3, 0, NULL, NULL, NULL),
(75, 'Biological Microscope', 'productweb/adminstereomicroscope', '1', 75, 4, 4, 62, 65, 12, 2, 0, NULL, NULL, NULL),
(77, 'Add Product', 'productweb/adminarticleweb', '1', 77, 75, 4, 63, 64, 1, 3, 0, NULL, NULL, NULL),
(79, 'Import Product', 'productweb/adminstereomicroscope', '1', 79, 4, 4, 66, 69, 13, 2, 0, NULL, NULL, NULL),
(81, 'Add Product', 'productweb/adminarticleweb', '1', 81, 79, 4, 67, 68, 1, 3, 0, NULL, NULL, NULL),
(83, 'Accessories', 'productweb/adminstereomicroscope', '1', 83, 4, 4, 70, 73, 14, 2, 0, NULL, NULL, NULL),
(85, 'Add Product', 'productweb/adminarticleweb', '1', 85, 83, 4, 71, 72, 1, 3, 0, NULL, NULL, NULL),
(87, 'Subcontractor', 'productweb/adminsubcontractor', '1', 87, 4, 4, 74, 79, 15, 2, 0, NULL, NULL, NULL),
(89, 'Add group', 'productweb/adminarticletypeweb', '1', 89, 87, 4, 75, 76, 1, 3, 0, NULL, NULL, NULL),
(91, 'Add Product', 'productweb/adminarticletypeweb', '1', 91, 87, 4, 77, 78, 2, 3, 0, NULL, NULL, NULL);

-- --------------------------------------------------------

--
-- Table structure for table `web_section_seq`
--

CREATE TABLE `web_section_seq` (
  `id` int(10) UNSIGNED NOT NULL
) ENGINE=MyISAM DEFAULT CHARSET=utf8;

--
-- Dumping data for table `web_section_seq`
--

INSERT INTO `web_section_seq` (`id`) VALUES
(91);

-- --------------------------------------------------------

--
-- Table structure for table `web_table_lock`
--

CREATE TABLE `web_table_lock` (
  `lockID` char(32) NOT NULL DEFAULT '',
  `lockTable` char(32) NOT NULL DEFAULT '',
  `lockStamp` int(11) DEFAULT NULL
) ENGINE=MyISAM DEFAULT CHARSET=utf8;

-- --------------------------------------------------------

--
-- Table structure for table `web_uri_alias`
--

CREATE TABLE `web_uri_alias` (
  `uri_alias_id` int(11) UNSIGNED NOT NULL DEFAULT '0',
  `uri_alias` varchar(255) DEFAULT NULL,
  `section_id` int(11) DEFAULT NULL,
  `title` varchar(255) DEFAULT NULL,
  `keywords` text,
  `description` text
) ENGINE=MyISAM DEFAULT CHARSET=utf8;

-- --------------------------------------------------------

--
-- Table structure for table `web_user_cookie`
--

CREATE TABLE `web_user_cookie` (
  `usr_id` int(11) NOT NULL DEFAULT '0',
  `cookie_name` varchar(32) NOT NULL DEFAULT '',
  `login_time` datetime NOT NULL DEFAULT '0000-00-00 00:00:00'
) ENGINE=MyISAM DEFAULT CHARSET=utf8;

--
-- Dumping data for table `web_user_cookie`
--

INSERT INTO `web_user_cookie` (`usr_id`, `cookie_name`, `login_time`) VALUES
(1, '8dd63295b861b26fdb48a5c8b7398a20', '2008-11-18 10:46:18'),
(1, 'df5f4f9e0e5476e6ba4ac88c237f47bf', '2008-11-20 16:33:43'),
(1, 'df0e57fe733a81a3f28799008fde93a9', '2009-04-01 15:15:57'),
(1, '159941799ada9a7a803045b33ddc361e', '2009-07-14 10:05:20'),
(1, '59101705738d9c613fa04a1d366e8ac9', '2009-07-14 10:15:46'),
(1, '1075b985a04bc9c2b1e2aaf9f5b4eb81', '2009-07-14 10:59:01'),
(1, '300e97ad12178b32356b16d56921a83e', '2009-07-15 15:46:36'),
(1, '24a2961ea78e7ea51ff91c438ae03d4e', '2009-07-21 09:57:10'),
(1, 'b72cfb5302617f76951cac3ffceb627e', '2010-06-14 16:23:05'),
(1, '2b7a24b239a510164fed8af51d4b3d0d', '2010-06-14 16:34:50'),
(1, 'b936eaea3af8d223b1d81d9afb4255d6', '2011-01-05 14:36:57'),
(1, 'b18cf7bde2e4dfec2df8c66fdb564f50', '2011-05-21 09:15:38'),
(1, 'ee8107c0e66e9dcf85ebeb9992f7b571', '2012-09-27 08:58:44'),
(1, '463d83ea17019d9d9fc352044fe72f29', '2016-08-05 11:33:26'),
(1, '45c21517977be38c7e8ee908f45513ac', '2016-08-05 11:37:35'),
(1, 'f593a2aaa57791313d84b785f0296a5c', '2016-08-06 08:15:54'),
(1, '4f49a3454d31f078b032c3137d7504e2', '2016-08-06 08:26:02');

-- --------------------------------------------------------

--
-- Table structure for table `web_user_hash`
--

CREATE TABLE `web_user_hash` (
  `user_hash_id` int(11) NOT NULL DEFAULT '0',
  `usr_id` int(11) NOT NULL DEFAULT '0',
  `hash` varchar(64) NOT NULL DEFAULT '',
  `ctime` int(11) NOT NULL DEFAULT '0'
) ENGINE=MyISAM DEFAULT CHARSET=utf8;

-- --------------------------------------------------------

--
-- Table structure for table `web_user_permission`
--

CREATE TABLE `web_user_permission` (
  `user_permission_id` int(11) NOT NULL DEFAULT '0',
  `usr_id` int(11) NOT NULL DEFAULT '0',
  `permission_id` int(11) NOT NULL DEFAULT '0'
) ENGINE=MyISAM DEFAULT CHARSET=utf8;

--
-- Dumping data for table `web_user_permission`
--

INSERT INTO `web_user_permission` (`user_permission_id`, `usr_id`, `permission_id`) VALUES
(1, 2, 22),
(2, 2, 21),
(3, 2, 95),
(4, 2, 43),
(5, 2, 46),
(6, 2, 44),
(7, 2, 45),
(8, 2, 96),
(9, 2, 48),
(10, 2, 47),
(11, 2, 97),
(12, 2, 58),
(13, 2, 59),
(14, 2, 68),
(15, 2, 69),
(16, 2, 72),
(17, 2, 73),
(18, 2, 74),
(19, 2, 93),
(20, 2, 94);

-- --------------------------------------------------------

--
-- Table structure for table `web_user_permission_seq`
--

CREATE TABLE `web_user_permission_seq` (
  `id` int(10) UNSIGNED NOT NULL
) ENGINE=MyISAM DEFAULT CHARSET=utf8;

--
-- Dumping data for table `web_user_permission_seq`
--

INSERT INTO `web_user_permission_seq` (`id`) VALUES
(20);

-- --------------------------------------------------------

--
-- Table structure for table `web_user_preference`
--

CREATE TABLE `web_user_preference` (
  `user_preference_id` int(11) NOT NULL DEFAULT '0',
  `usr_id` int(11) NOT NULL DEFAULT '0',
  `preference_id` int(11) NOT NULL DEFAULT '0',
  `value` varchar(128) DEFAULT NULL
) ENGINE=MyISAM DEFAULT CHARSET=utf8;

--
-- Dumping data for table `web_user_preference`
--

INSERT INTO `web_user_preference` (`user_preference_id`, `usr_id`, `preference_id`, `value`) VALUES
(1, 1, 1, '1800'),
(2, 1, 2, 'Asia/Bangkok'),
(3, 1, 3, 'rvtheme'),
(4, 1, 4, 'UK'),
(5, 1, 5, 'en-utf-8'),
(6, 1, 6, '30'),
(7, 1, 7, '0'),
(8, 1, 8, 'th_TH.utf8'),
(9, 2, 1, '1800'),
(10, 2, 2, 'Asia/Bangkok'),
(11, 2, 3, 'rvtheme'),
(12, 2, 4, 'UK'),
(13, 2, 5, 'en-utf-8'),
(14, 2, 6, '30'),
(15, 2, 7, '0'),
(16, 2, 8, 'th_TH.utf8');

-- --------------------------------------------------------

--
-- Table structure for table `web_user_preference_seq`
--

CREATE TABLE `web_user_preference_seq` (
  `id` int(10) UNSIGNED NOT NULL
) ENGINE=MyISAM DEFAULT CHARSET=utf8;

--
-- Dumping data for table `web_user_preference_seq`
--

INSERT INTO `web_user_preference_seq` (`id`) VALUES
(16);

-- --------------------------------------------------------

--
-- Table structure for table `web_user_session`
--

CREATE TABLE `web_user_session` (
  `session_id` varchar(255) NOT NULL DEFAULT '',
  `last_updated` datetime DEFAULT NULL,
  `data_value` text,
  `usr_id` int(11) NOT NULL DEFAULT '0',
  `username` varchar(64) DEFAULT NULL,
  `expiry` int(11) NOT NULL DEFAULT '0'
) ENGINE=MyISAM DEFAULT CHARSET=utf8;

-- --------------------------------------------------------

--
-- Table structure for table `web_usr`
--

CREATE TABLE `web_usr` (
  `usr_id` int(11) NOT NULL DEFAULT '0',
  `organisation_id` int(11) DEFAULT '0',
  `role_id` int(11) NOT NULL DEFAULT '0',
  `username` varchar(64) DEFAULT NULL,
  `passwd` varchar(32) DEFAULT NULL,
  `first_name` varchar(128) DEFAULT NULL,
  `last_name` varchar(128) DEFAULT NULL,
  `telephone` varchar(16) DEFAULT NULL,
  `mobile` varchar(16) DEFAULT NULL,
  `email` varchar(128) DEFAULT NULL,
  `addr_1` varchar(128) DEFAULT NULL,
  `addr_2` varchar(128) DEFAULT NULL,
  `addr_3` varchar(128) DEFAULT NULL,
  `city` varchar(64) DEFAULT NULL,
  `region` varchar(32) DEFAULT NULL,
  `country` varchar(2) DEFAULT NULL,
  `post_code` varchar(16) DEFAULT NULL,
  `is_email_public` smallint(6) DEFAULT NULL,
  `is_acct_active` smallint(6) DEFAULT NULL,
  `security_question` smallint(6) DEFAULT NULL,
  `security_answer` varchar(128) DEFAULT NULL,
  `date_created` datetime DEFAULT NULL,
  `created_by` int(11) DEFAULT NULL,
  `last_updated` datetime DEFAULT NULL,
  `updated_by` int(11) DEFAULT NULL
) ENGINE=MyISAM DEFAULT CHARSET=utf8;

--
-- Dumping data for table `web_usr`
--

INSERT INTO `web_usr` (`usr_id`, `organisation_id`, `role_id`, `username`, `passwd`, `first_name`, `last_name`, `telephone`, `mobile`, `email`, `addr_1`, `addr_2`, `addr_3`, `city`, `region`, `country`, `post_code`, `is_email_public`, `is_acct_active`, `security_question`, `security_answer`, `date_created`, `created_by`, `last_updated`, `updated_by`) VALUES
(0, 1, 0, 'nobody', '21232f297a57a5a743894a0e4a801fc3', 'Nobody', 'Nobody', '', '', 'none@none.com', 'none', '', '', 'None', '', 'GB', '55555', 0, 0, 1, 'rover', '2003-12-09 18:02:44', 1, '2004-06-10 11:07:27', 1),
(1, 1, 1, 'admin', '133f0f1b3f99471fa621b80f386d0c5e', 'Carton', 'Trading', '02909-5931-40', '081-371-1392', 'account@cartonmicroscope.com', '145/85 หมู่ที่ 3 ถนนรามอินทรา', 'แขวงท่าแร้ง ?เขตบางเขน', '', 'กรุงเทพมหานคร', '', 'TH', '10220', 0, 1, 2, '14/11/2008', '2008-11-14 12:08:48', 1, '2008-11-14 14:22:49', 1),
(2, 1, 2, 'Damon', '5d96214cae9df57a1fa8001069e31c28', 'Damon', 'Damon', '0681 716 78 21', '', 'gotovo@serphawk.com', 'Stollenstrasse 62', 'Stollenstrasse 62', 'Stollenstrasse 62', 'Oberwolbling', 'TX', 'AT', '3124', NULL, 1, 4, 'UL', '2013-10-11 16:12:37', NULL, '2013-10-11 16:12:37', NULL),
(3, 1, 1, 'chin', '5fd46d934946deb68ab0a2ce52fa4ed7', 'Damon', 'Damon', '0681 716 78 21', '', 'chinnapat@netway.co.th', 'Stollenstrasse 62', 'Stollenstrasse 62', 'Stollenstrasse 62', 'Oberwolbling', 'TX', 'AT', '3124', NULL, 1, 4, 'UL', '2013-10-11 16:12:37', NULL, '2013-10-11 16:12:37', NULL);

-- --------------------------------------------------------

--
-- Table structure for table `web_usr_seq`
--

CREATE TABLE `web_usr_seq` (
  `id` int(10) UNSIGNED NOT NULL
) ENGINE=MyISAM DEFAULT CHARSET=utf8;

--
-- Dumping data for table `web_usr_seq`
--

INSERT INTO `web_usr_seq` (`id`) VALUES
(2);

-- --------------------------------------------------------

--
-- Table structure for table `web_web_lang`
--

CREATE TABLE `web_web_lang` (
  `web_lang_id` int(2) NOT NULL DEFAULT '0',
  `lang_key` varchar(32) NOT NULL DEFAULT ''
) ENGINE=MyISAM DEFAULT CHARSET=utf8;

--
-- Dumping data for table `web_web_lang`
--

INSERT INTO `web_web_lang` (`web_lang_id`, `lang_key`) VALUES
(1, 'en-utf-8');

-- --------------------------------------------------------

--
-- Table structure for table `web_web_lang_seq`
--

CREATE TABLE `web_web_lang_seq` (
  `id` int(10) UNSIGNED NOT NULL
) ENGINE=MyISAM DEFAULT CHARSET=utf8;

--
-- Dumping data for table `web_web_lang_seq`
--

INSERT INTO `web_web_lang_seq` (`id`) VALUES
(1);

--
-- Indexes for dumped tables
--

--
-- Indexes for table `web_article`
--
ALTER TABLE `web_article`
  ADD PRIMARY KEY (`article_id`);

--
-- Indexes for table `web_article_images`
--
ALTER TABLE `web_article_images`
  ADD PRIMARY KEY (`image_id`);

--
-- Indexes for table `web_article_images_seq`
--
ALTER TABLE `web_article_images_seq`
  ADD PRIMARY KEY (`id`);

--
-- Indexes for table `web_article_message`
--
ALTER TABLE `web_article_message`
  ADD PRIMARY KEY (`article_message_id`);

--
-- Indexes for table `web_article_message_seq`
--
ALTER TABLE `web_article_message_seq`
  ADD PRIMARY KEY (`id`);

--
-- Indexes for table `web_article_seq`
--
ALTER TABLE `web_article_seq`
  ADD PRIMARY KEY (`id`);

--
-- Indexes for table `web_article_type`
--
ALTER TABLE `web_article_type`
  ADD PRIMARY KEY (`article_type_id`);

--
-- Indexes for table `web_article_type_message`
--
ALTER TABLE `web_article_type_message`
  ADD PRIMARY KEY (`article_type_message_id`);

--
-- Indexes for table `web_article_type_message_seq`
--
ALTER TABLE `web_article_type_message_seq`
  ADD PRIMARY KEY (`id`);

--
-- Indexes for table `web_article_type_seq`
--
ALTER TABLE `web_article_type_seq`
  ADD PRIMARY KEY (`id`);

--
-- Indexes for table `web_block`
--
ALTER TABLE `web_block`
  ADD PRIMARY KEY (`block_id`);

--
-- Indexes for table `web_block_assignment`
--
ALTER TABLE `web_block_assignment`
  ADD PRIMARY KEY (`block_id`,`section_id`),
  ADD KEY `web_block_assignment_fk` (`block_id`),
  ADD KEY `web_block_assignment_fk2` (`section_id`);

--
-- Indexes for table `web_block_assignment_seq`
--
ALTER TABLE `web_block_assignment_seq`
  ADD PRIMARY KEY (`id`);

--
-- Indexes for table `web_block_seq`
--
ALTER TABLE `web_block_seq`
  ADD PRIMARY KEY (`id`);

--
-- Indexes for table `web_example`
--
ALTER TABLE `web_example`
  ADD PRIMARY KEY (`usr_id`);

--
-- Indexes for table `web_formmail_log`
--
ALTER TABLE `web_formmail_log`
  ADD PRIMARY KEY (`mail_id`);

--
-- Indexes for table `web_formmail_log_seq`
--
ALTER TABLE `web_formmail_log_seq`
  ADD PRIMARY KEY (`id`);

--
-- Indexes for table `web_login`
--
ALTER TABLE `web_login`
  ADD PRIMARY KEY (`login_id`),
  ADD KEY `web_usr_login_fk` (`usr_id`);

--
-- Indexes for table `web_login_seq`
--
ALTER TABLE `web_login_seq`
  ADD PRIMARY KEY (`id`);

--
-- Indexes for table `web_log_table`
--
ALTER TABLE `web_log_table`
  ADD PRIMARY KEY (`id`);

--
-- Indexes for table `web_module`
--
ALTER TABLE `web_module`
  ADD PRIMARY KEY (`module_id`);

--
-- Indexes for table `web_module_seq`
--
ALTER TABLE `web_module_seq`
  ADD PRIMARY KEY (`id`);

--
-- Indexes for table `web_organisation`
--
ALTER TABLE `web_organisation`
  ADD PRIMARY KEY (`organisation_id`);

--
-- Indexes for table `web_organisation_type`
--
ALTER TABLE `web_organisation_type`
  ADD PRIMARY KEY (`organisation_type_id`);

--
-- Indexes for table `web_org_preference`
--
ALTER TABLE `web_org_preference`
  ADD PRIMARY KEY (`org_preference_id`),
  ADD KEY `web_organisation_org_preference_fk` (`organisation_id`),
  ADD KEY `web_preference_org_preference_fk` (`preference_id`);

--
-- Indexes for table `web_permission`
--
ALTER TABLE `web_permission`
  ADD PRIMARY KEY (`permission_id`),
  ADD UNIQUE KEY `name` (`name`);

--
-- Indexes for table `web_permission_seq`
--
ALTER TABLE `web_permission_seq`
  ADD PRIMARY KEY (`id`);

--
-- Indexes for table `web_preference`
--
ALTER TABLE `web_preference`
  ADD PRIMARY KEY (`preference_id`);

--
-- Indexes for table `web_preference_seq`
--
ALTER TABLE `web_preference_seq`
  ADD PRIMARY KEY (`id`);

--
-- Indexes for table `web_product`
--
ALTER TABLE `web_product`
  ADD PRIMARY KEY (`article_id`);

--
-- Indexes for table `web_product_images`
--
ALTER TABLE `web_product_images`
  ADD PRIMARY KEY (`image_id`);

--
-- Indexes for table `web_product_images_seq`
--
ALTER TABLE `web_product_images_seq`
  ADD PRIMARY KEY (`id`);

--
-- Indexes for table `web_product_message`
--
ALTER TABLE `web_product_message`
  ADD PRIMARY KEY (`article_message_id`);

--
-- Indexes for table `web_product_message_seq`
--
ALTER TABLE `web_product_message_seq`
  ADD PRIMARY KEY (`id`);

--
-- Indexes for table `web_product_property`
--
ALTER TABLE `web_product_property`
  ADD PRIMARY KEY (`article_id`);

--
-- Indexes for table `web_product_property_seq`
--
ALTER TABLE `web_product_property_seq`
  ADD PRIMARY KEY (`id`);

--
-- Indexes for table `web_product_seq`
--
ALTER TABLE `web_product_seq`
  ADD PRIMARY KEY (`id`);

--
-- Indexes for table `web_product_series`
--
ALTER TABLE `web_product_series`
  ADD PRIMARY KEY (`series_id`);

--
-- Indexes for table `web_product_series_seq`
--
ALTER TABLE `web_product_series_seq`
  ADD PRIMARY KEY (`id`);

--
-- Indexes for table `web_product_type`
--
ALTER TABLE `web_product_type`
  ADD PRIMARY KEY (`article_type_id`);

--
-- Indexes for table `web_product_type_message`
--
ALTER TABLE `web_product_type_message`
  ADD PRIMARY KEY (`article_type_message_id`);

--
-- Indexes for table `web_product_type_message_seq`
--
ALTER TABLE `web_product_type_message_seq`
  ADD PRIMARY KEY (`id`);

--
-- Indexes for table `web_product_type_seq`
--
ALTER TABLE `web_product_type_seq`
  ADD PRIMARY KEY (`id`);

--
-- Indexes for table `web_role`
--
ALTER TABLE `web_role`
  ADD PRIMARY KEY (`role_id`);

--
-- Indexes for table `web_role_permission`
--
ALTER TABLE `web_role_permission`
  ADD PRIMARY KEY (`role_permission_id`),
  ADD KEY `permission_id` (`permission_id`),
  ADD KEY `role_id` (`role_id`);

--
-- Indexes for table `web_role_permission_seq`
--
ALTER TABLE `web_role_permission_seq`
  ADD PRIMARY KEY (`id`);

--
-- Indexes for table `web_role_seq`
--
ALTER TABLE `web_role_seq`
  ADD PRIMARY KEY (`id`);

--
-- Indexes for table `web_section`
--
ALTER TABLE `web_section`
  ADD PRIMARY KEY (`section_id`),
  ADD KEY `AK_key_root_id` (`root_id`),
  ADD KEY `AK_key_order_id` (`order_id`),
  ADD KEY `AK_key_left_id` (`left_id`),
  ADD KEY `AK_key_right_id` (`right_id`),
  ADD KEY `AK_id_root_l_r` (`section_id`,`root_id`,`left_id`,`right_id`),
  ADD KEY `AK_key_level_id` (`level_id`);

--
-- Indexes for table `web_section_seq`
--
ALTER TABLE `web_section_seq`
  ADD PRIMARY KEY (`id`);

--
-- Indexes for table `web_table_lock`
--
ALTER TABLE `web_table_lock`
  ADD PRIMARY KEY (`lockID`,`lockTable`);

--
-- Indexes for table `web_uri_alias`
--
ALTER TABLE `web_uri_alias`
  ADD PRIMARY KEY (`uri_alias_id`),
  ADD UNIQUE KEY `uri_alias` (`uri_alias`);

--
-- Indexes for table `web_user_cookie`
--
ALTER TABLE `web_user_cookie`
  ADD KEY `usr_id` (`usr_id`),
  ADD KEY `cookie_name` (`cookie_name`);

--
-- Indexes for table `web_user_hash`
--
ALTER TABLE `web_user_hash`
  ADD PRIMARY KEY (`user_hash_id`),
  ADD KEY `usr_id` (`usr_id`);

--
-- Indexes for table `web_user_permission`
--
ALTER TABLE `web_user_permission`
  ADD PRIMARY KEY (`user_permission_id`),
  ADD KEY `usr_id` (`usr_id`),
  ADD KEY `permission_id` (`permission_id`);

--
-- Indexes for table `web_user_permission_seq`
--
ALTER TABLE `web_user_permission_seq`
  ADD PRIMARY KEY (`id`);

--
-- Indexes for table `web_user_preference`
--
ALTER TABLE `web_user_preference`
  ADD PRIMARY KEY (`user_preference_id`),
  ADD KEY `web_usr_user_preference_fk` (`usr_id`),
  ADD KEY `web_preference_user_preference_fk` (`preference_id`);

--
-- Indexes for table `web_user_preference_seq`
--
ALTER TABLE `web_user_preference_seq`
  ADD PRIMARY KEY (`id`);

--
-- Indexes for table `web_user_session`
--
ALTER TABLE `web_user_session`
  ADD PRIMARY KEY (`session_id`),
  ADD KEY `last_updated` (`last_updated`),
  ADD KEY `usr_id` (`usr_id`),
  ADD KEY `username` (`username`);

--
-- Indexes for table `web_usr`
--
ALTER TABLE `web_usr`
  ADD PRIMARY KEY (`usr_id`);

--
-- Indexes for table `web_usr_seq`
--
ALTER TABLE `web_usr_seq`
  ADD PRIMARY KEY (`id`);

--
-- Indexes for table `web_web_lang`
--
ALTER TABLE `web_web_lang`
  ADD PRIMARY KEY (`web_lang_id`);

--
-- Indexes for table `web_web_lang_seq`
--
ALTER TABLE `web_web_lang_seq`
  ADD PRIMARY KEY (`id`);

--
-- AUTO_INCREMENT for dumped tables
--

--
-- AUTO_INCREMENT for table `web_article_images_seq`
--
ALTER TABLE `web_article_images_seq`
  MODIFY `id` int(10) UNSIGNED NOT NULL AUTO_INCREMENT, AUTO_INCREMENT=33;
--
-- AUTO_INCREMENT for table `web_article_message_seq`
--
ALTER TABLE `web_article_message_seq`
  MODIFY `id` int(10) UNSIGNED NOT NULL AUTO_INCREMENT, AUTO_INCREMENT=11;
--
-- AUTO_INCREMENT for table `web_article_seq`
--
ALTER TABLE `web_article_seq`
  MODIFY `id` int(10) UNSIGNED NOT NULL AUTO_INCREMENT, AUTO_INCREMENT=11;
--
-- AUTO_INCREMENT for table `web_article_type_message_seq`
--
ALTER TABLE `web_article_type_message_seq`
  MODIFY `id` int(10) UNSIGNED NOT NULL AUTO_INCREMENT, AUTO_INCREMENT=4;
--
-- AUTO_INCREMENT for table `web_article_type_seq`
--
ALTER TABLE `web_article_type_seq`
  MODIFY `id` int(10) UNSIGNED NOT NULL AUTO_INCREMENT, AUTO_INCREMENT=4;
--
-- AUTO_INCREMENT for table `web_block_assignment_seq`
--
ALTER TABLE `web_block_assignment_seq`
  MODIFY `id` int(10) UNSIGNED NOT NULL AUTO_INCREMENT, AUTO_INCREMENT=6;
--
-- AUTO_INCREMENT for table `web_block_seq`
--
ALTER TABLE `web_block_seq`
  MODIFY `id` int(10) UNSIGNED NOT NULL AUTO_INCREMENT, AUTO_INCREMENT=6;
--
-- AUTO_INCREMENT for table `web_formmail_log_seq`
--
ALTER TABLE `web_formmail_log_seq`
  MODIFY `id` int(10) UNSIGNED NOT NULL AUTO_INCREMENT, AUTO_INCREMENT=767;
--
-- AUTO_INCREMENT for table `web_login_seq`
--
ALTER TABLE `web_login_seq`
  MODIFY `id` int(10) UNSIGNED NOT NULL AUTO_INCREMENT, AUTO_INCREMENT=213;
--
-- AUTO_INCREMENT for table `web_module_seq`
--
ALTER TABLE `web_module_seq`
  MODIFY `id` int(10) UNSIGNED NOT NULL AUTO_INCREMENT, AUTO_INCREMENT=13;
--
-- AUTO_INCREMENT for table `web_permission_seq`
--
ALTER TABLE `web_permission_seq`
  MODIFY `id` int(10) UNSIGNED NOT NULL AUTO_INCREMENT, AUTO_INCREMENT=252;
--
-- AUTO_INCREMENT for table `web_preference_seq`
--
ALTER TABLE `web_preference_seq`
  MODIFY `id` int(10) UNSIGNED NOT NULL AUTO_INCREMENT, AUTO_INCREMENT=10;
--
-- AUTO_INCREMENT for table `web_product_images_seq`
--
ALTER TABLE `web_product_images_seq`
  MODIFY `id` int(10) UNSIGNED NOT NULL AUTO_INCREMENT, AUTO_INCREMENT=176;
--
-- AUTO_INCREMENT for table `web_product_message_seq`
--
ALTER TABLE `web_product_message_seq`
  MODIFY `id` int(10) UNSIGNED NOT NULL AUTO_INCREMENT, AUTO_INCREMENT=126;
--
-- AUTO_INCREMENT for table `web_product_property_seq`
--
ALTER TABLE `web_product_property_seq`
  MODIFY `id` int(10) UNSIGNED NOT NULL AUTO_INCREMENT, AUTO_INCREMENT=79;
--
-- AUTO_INCREMENT for table `web_product_seq`
--
ALTER TABLE `web_product_seq`
  MODIFY `id` int(10) UNSIGNED NOT NULL AUTO_INCREMENT, AUTO_INCREMENT=126;
--
-- AUTO_INCREMENT for table `web_product_series_seq`
--
ALTER TABLE `web_product_series_seq`
  MODIFY `id` int(10) UNSIGNED NOT NULL AUTO_INCREMENT, AUTO_INCREMENT=28;
--
-- AUTO_INCREMENT for table `web_product_type_message_seq`
--
ALTER TABLE `web_product_type_message_seq`
  MODIFY `id` int(10) UNSIGNED NOT NULL AUTO_INCREMENT, AUTO_INCREMENT=22;
--
-- AUTO_INCREMENT for table `web_product_type_seq`
--
ALTER TABLE `web_product_type_seq`
  MODIFY `id` int(10) UNSIGNED NOT NULL AUTO_INCREMENT, AUTO_INCREMENT=22;
--
-- AUTO_INCREMENT for table `web_role_permission_seq`
--
ALTER TABLE `web_role_permission_seq`
  MODIFY `id` int(10) UNSIGNED NOT NULL AUTO_INCREMENT, AUTO_INCREMENT=22;
--
-- AUTO_INCREMENT for table `web_role_seq`
--
ALTER TABLE `web_role_seq`
  MODIFY `id` int(10) UNSIGNED NOT NULL AUTO_INCREMENT, AUTO_INCREMENT=4;
--
-- AUTO_INCREMENT for table `web_section_seq`
--
ALTER TABLE `web_section_seq`
  MODIFY `id` int(10) UNSIGNED NOT NULL AUTO_INCREMENT, AUTO_INCREMENT=94;
--
-- AUTO_INCREMENT for table `web_user_permission_seq`
--
ALTER TABLE `web_user_permission_seq`
  MODIFY `id` int(10) UNSIGNED NOT NULL AUTO_INCREMENT, AUTO_INCREMENT=21;
--
-- AUTO_INCREMENT for table `web_user_preference_seq`
--
ALTER TABLE `web_user_preference_seq`
  MODIFY `id` int(10) UNSIGNED NOT NULL AUTO_INCREMENT, AUTO_INCREMENT=17;
--
-- AUTO_INCREMENT for table `web_usr_seq`
--
ALTER TABLE `web_usr_seq`
  MODIFY `id` int(10) UNSIGNED NOT NULL AUTO_INCREMENT, AUTO_INCREMENT=3;
--
-- AUTO_INCREMENT for table `web_web_lang_seq`
--
ALTER TABLE `web_web_lang_seq`
  MODIFY `id` int(10) UNSIGNED NOT NULL AUTO_INCREMENT, AUTO_INCREMENT=3;COMMIT;

